74.7.227.182 - - [29/Jul/2026:03:01:42 +0800] "GET /wp-json/oembed/1.0/embed?url=http%3A%2F%2Fproduk.bekasdapuran.com%2F2026%2F05%2F07%2Fplay-australia-roulette-wheel%2F HTTP/1.1" 200 2275 "http://produk.bekasdapuran.com/?p=15543" "Mozilla/5.0 AppleWebKit/537.36 (KHTML, like Gecko; compatible; GPTBot/1.4; +https://openai.com/gptbot)"
74.7.227.182 - - [29/Jul/2026:03:12:22 +0800] "GET /?p=18759 HTTP/1.1" 301 0 "https://produk.bekasdapuran.com" "Mozilla/5.0 AppleWebKit/537.36 (KHTML, like Gecko; compatible; GPTBot/1.4; +https://openai.com/gptbot)"
74.7.227.182 - - [29/Jul/2026:03:12:23 +0800] "GET /2026/05/07/casino-sites-deposit-by-phone-bill/ HTTP/1.1" 429 0 "http://produk.bekasdapuran.com/?p=18759" "Mozilla/5.0 AppleWebKit/537.36 (KHTML, like Gecko; compatible; GPTBot/1.4; +https://openai.com/gptbot)"
47.79.13.98 - - [29/Jul/2026:03:14:39 +0800] "GET /2024/02/28/kostenlos-spielen-dance-party-freispiele-ohne-einzahlung/ HTTP/1.1" 200 14928 "http://produk.bekasdapuran.com/" "Mozilla/5.0 (Windows NT 10.0; Win64; x64) AppleWebKit/537.36 (KHTML, like Gecko) Chrome/135.0.0.0 Safari/537.36"
74.7.227.182 - - [29/Jul/2026:03:17:09 +0800] "GET /?p=18135 HTTP/1.1" 429 0 "https://produk.bekasdapuran.com" "Mozilla/5.0 AppleWebKit/537.36 (KHTML, like Gecko; compatible; GPTBot/1.4; +https://openai.com/gptbot)"
74.7.227.182 - - [29/Jul/2026:03:18:12 +0800] "GET /?p=18922 HTTP/1.1" 301 0 "https://produk.bekasdapuran.com" "Mozilla/5.0 AppleWebKit/537.36 (KHTML, like Gecko; compatible; GPTBot/1.4; +https://openai.com/gptbot)"
74.7.227.182 - - [29/Jul/2026:03:18:12 +0800] "GET /2026/05/07/what-casino-makes-the-most-money-in-australia/ HTTP/1.1" 429 0 "http://produk.bekasdapuran.com/?p=18922" "Mozilla/5.0 AppleWebKit/537.36 (KHTML, like Gecko; compatible; GPTBot/1.4; +https://openai.com/gptbot)"
74.7.227.182 - - [29/Jul/2026:03:20:20 +0800] "GET /?p=14838 HTTP/1.1" 301 0 "https://produk.bekasdapuran.com" "Mozilla/5.0 AppleWebKit/537.36 (KHTML, like Gecko; compatible; GPTBot/1.4; +https://openai.com/gptbot)"
74.7.227.182 - - [29/Jul/2026:03:20:20 +0800] "GET /2026/05/07/best-online-casino-australia-loyalty-programs/ HTTP/1.1" 429 0 "http://produk.bekasdapuran.com/?p=14838" "Mozilla/5.0 AppleWebKit/537.36 (KHTML, like Gecko; compatible; GPTBot/1.4; +https://openai.com/gptbot)"
74.7.227.182 - - [29/Jul/2026:03:21:20 +0800] "GET /?p=15709 HTTP/1.1" 429 0 "https://produk.bekasdapuran.com" "Mozilla/5.0 AppleWebKit/537.36 (KHTML, like Gecko; compatible; GPTBot/1.4; +https://openai.com/gptbot)"
74.7.227.182 - - [29/Jul/2026:03:22:24 +0800] "GET /?p=16361 HTTP/1.1" 429 0 "https://produk.bekasdapuran.com" "Mozilla/5.0 AppleWebKit/537.36 (KHTML, like Gecko; compatible; GPTBot/1.4; +https://openai.com/gptbot)"
47.79.13.49 - - [29/Jul/2026:03:22:26 +0800] "GET /?p=8505 HTTP/1.1" 301 0 "http://produk.bekasdapuran.com/" "Mozilla/5.0 (Windows NT 10.0; Win64; x64) AppleWebKit/537.36 (KHTML, like Gecko) Chrome/135.0.0.0 Safari/537.36 Edg/135.0.0.0"
47.79.13.49 - - [29/Jul/2026:03:22:26 +0800] "GET /2025/12/09/bingo-spellen/ HTTP/1.1" 200 14939 "http://produk.bekasdapuran.com/" "Mozilla/5.0 (Windows NT 10.0; Win64; x64) AppleWebKit/537.36 (KHTML, like Gecko) Chrome/135.0.0.0 Safari/537.36 Edg/135.0.0.0"
47.79.13.39 - - [29/Jul/2026:03:24:28 +0800] "GET /2025/12/09/wallacebet-casino-be-2025-review/ HTTP/1.1" 200 15061 "http://produk.bekasdapuran.com/" "Mozilla/5.0 (Windows NT 10.0; Win64; x64) AppleWebKit/537.36 (KHTML, like Gecko) Chrome/135.0.0.0 Safari/537.36 Edg/135.0.0.0"
74.7.227.182 - - [29/Jul/2026:03:24:29 +0800] "GET /?p=17975 HTTP/1.1" 429 0 "https://produk.bekasdapuran.com" "Mozilla/5.0 AppleWebKit/537.36 (KHTML, like Gecko; compatible; GPTBot/1.4; +https://openai.com/gptbot)"
74.7.227.182 - - [29/Jul/2026:03:25:34 +0800] "GET /?p=17066 HTTP/1.1" 301 0 "https://produk.bekasdapuran.com" "Mozilla/5.0 AppleWebKit/537.36 (KHTML, like Gecko; compatible; GPTBot/1.4; +https://openai.com/gptbot)"
74.7.227.182 - - [29/Jul/2026:03:25:35 +0800] "GET /2026/05/07/3-deposit-paysafe-casino-australia/ HTTP/1.1" 429 0 "http://produk.bekasdapuran.com/?p=17066" "Mozilla/5.0 AppleWebKit/537.36 (KHTML, like Gecko; compatible; GPTBot/1.4; +https://openai.com/gptbot)"
74.7.227.182 - - [29/Jul/2026:03:26:36 +0800] "GET /?p=17866 HTTP/1.1" 429 0 "https://produk.bekasdapuran.com" "Mozilla/5.0 AppleWebKit/537.36 (KHTML, like Gecko; compatible; GPTBot/1.4; +https://openai.com/gptbot)"
74.7.227.182 - - [29/Jul/2026:03:41:02 +0800] "GET /?p=16869 HTTP/1.1" 301 0 "https://produk.bekasdapuran.com" "Mozilla/5.0 AppleWebKit/537.36 (KHTML, like Gecko; compatible; GPTBot/1.4; +https://openai.com/gptbot)"
74.7.227.182 - - [29/Jul/2026:03:41:03 +0800] "GET /2026/05/07/paypal-casino-low-min-deposit-australia/ HTTP/1.1" 429 0 "http://produk.bekasdapuran.com/?p=16869" "Mozilla/5.0 AppleWebKit/537.36 (KHTML, like Gecko; compatible; GPTBot/1.4; +https://openai.com/gptbot)"
74.7.227.182 - - [29/Jul/2026:03:42:05 +0800] "GET /?p=16435 HTTP/1.1" 429 0 "https://produk.bekasdapuran.com" "Mozilla/5.0 AppleWebKit/537.36 (KHTML, like Gecko; compatible; GPTBot/1.4; +https://openai.com/gptbot)"
47.79.13.98 - - [29/Jul/2026:03:42:54 +0800] "GET /2024/02/28/geldspielautomaten-kostenlos-spielen-ohne-anmeldung/ HTTP/1.1" 200 14928 "http://produk.bekasdapuran.com/" "Mozilla/5.0 (Macintosh; Intel Mac OS X 10_15_7) AppleWebKit/537.36 (KHTML, like Gecko) Chrome/135.0.0.0 Safari/537.36"
74.7.227.182 - - [29/Jul/2026:03:43:09 +0800] "GET /?p=16879 HTTP/1.1" 301 0 "https://produk.bekasdapuran.com" "Mozilla/5.0 AppleWebKit/537.36 (KHTML, like Gecko; compatible; GPTBot/1.4; +https://openai.com/gptbot)"
74.7.227.182 - - [29/Jul/2026:03:43:10 +0800] "GET /2026/05/07/best-casino-with-biggest-jackpots/ HTTP/1.1" 429 0 "http://produk.bekasdapuran.com/?p=16879" "Mozilla/5.0 AppleWebKit/537.36 (KHTML, like Gecko; compatible; GPTBot/1.4; +https://openai.com/gptbot)"
74.7.227.182 - - [29/Jul/2026:03:46:18 +0800] "GET /?p=14975 HTTP/1.1" 429 0 "https://produk.bekasdapuran.com" "Mozilla/5.0 AppleWebKit/537.36 (KHTML, like Gecko; compatible; GPTBot/1.4; +https://openai.com/gptbot)"
74.7.227.182 - - [29/Jul/2026:03:47:18 +0800] "GET /?p=15687 HTTP/1.1" 429 0 "https://produk.bekasdapuran.com" "Mozilla/5.0 AppleWebKit/537.36 (KHTML, like Gecko; compatible; GPTBot/1.4; +https://openai.com/gptbot)"
74.7.227.182 - - [29/Jul/2026:03:48:19 +0800] "GET /?p=17069 HTTP/1.1" 429 0 "https://produk.bekasdapuran.com" "Mozilla/5.0 AppleWebKit/537.36 (KHTML, like Gecko; compatible; GPTBot/1.4; +https://openai.com/gptbot)"
74.7.227.182 - - [29/Jul/2026:03:50:18 +0800] "GET /?p=17147 HTTP/1.1" 429 0 "https://produk.bekasdapuran.com" "Mozilla/5.0 AppleWebKit/537.36 (KHTML, like Gecko; compatible; GPTBot/1.4; +https://openai.com/gptbot)"
74.7.227.182 - - [29/Jul/2026:03:50:25 +0800] "GET /?p=17962 HTTP/1.1" 429 0 "https://produk.bekasdapuran.com" "Mozilla/5.0 AppleWebKit/537.36 (KHTML, like Gecko; compatible; GPTBot/1.4; +https://openai.com/gptbot)"
74.7.227.182 - - [29/Jul/2026:03:50:28 +0800] "GET /?p=17489 HTTP/1.1" 429 0 "https://produk.bekasdapuran.com" "Mozilla/5.0 AppleWebKit/537.36 (KHTML, like Gecko; compatible; GPTBot/1.4; +https://openai.com/gptbot)"
74.7.227.182 - - [29/Jul/2026:03:50:57 +0800] "GET /?p=17159 HTTP/1.1" 429 0 "https://produk.bekasdapuran.com" "Mozilla/5.0 AppleWebKit/537.36 (KHTML, like Gecko; compatible; GPTBot/1.4; +https://openai.com/gptbot)"
74.7.227.182 - - [29/Jul/2026:03:51:58 +0800] "GET /?p=16916 HTTP/1.1" 429 0 "https://produk.bekasdapuran.com" "Mozilla/5.0 AppleWebKit/537.36 (KHTML, like Gecko; compatible; GPTBot/1.4; +https://openai.com/gptbot)"
47.79.13.98 - - [29/Jul/2026:03:52:01 +0800] "GET /2024/02/28/online-casino-litecoin-einzahlung-ohne-anmeldung/ HTTP/1.1" 200 14789 "http://produk.bekasdapuran.com/" "Mozilla/5.0 (Windows NT 10.0; Win64; x64; rv:137.0) Gecko/20100101 Firefox/137.0"
74.7.227.182 - - [29/Jul/2026:03:53:03 +0800] "GET /?p=16130 HTTP/1.1" 429 0 "https://produk.bekasdapuran.com" "Mozilla/5.0 AppleWebKit/537.36 (KHTML, like Gecko; compatible; GPTBot/1.4; +https://openai.com/gptbot)"
47.79.13.32 - - [29/Jul/2026:03:53:59 +0800] "GET /2025/12/09/reel-island-casino-100-free-spins/ HTTP/1.1" 200 15201 "http://produk.bekasdapuran.com/" "Mozilla/5.0 (Windows NT 10.0; Win64; x64) AppleWebKit/537.36 (KHTML, like Gecko) Chrome/135.0.0.0 Safari/537.36 Edg/135.0.0.0"
47.79.13.49 - - [29/Jul/2026:03:54:26 +0800] "GET /?p=10333 HTTP/1.1" 301 0 "http://produk.bekasdapuran.com/" "Mozilla/5.0 (Macintosh; Intel Mac OS X 10_15_7) AppleWebKit/537.36 (KHTML, like Gecko) Chrome/135.0.0.0 Safari/537.36"
47.79.13.49 - - [29/Jul/2026:03:54:26 +0800] "GET /2025/12/09/gratis-relax-gaming-gokkasten/ HTTP/1.1" 200 15300 "http://produk.bekasdapuran.com/" "Mozilla/5.0 (Macintosh; Intel Mac OS X 10_15_7) AppleWebKit/537.36 (KHTML, like Gecko) Chrome/135.0.0.0 Safari/537.36"
74.7.227.182 - - [29/Jul/2026:03:56:06 +0800] "GET /?p=15133 HTTP/1.1" 301 0 "https://produk.bekasdapuran.com" "Mozilla/5.0 AppleWebKit/537.36 (KHTML, like Gecko; compatible; GPTBot/1.4; +https://openai.com/gptbot)"
74.7.227.182 - - [29/Jul/2026:03:56:07 +0800] "GET /2026/05/07/large-no-deposit-casino-bonus-australia-friendly/ HTTP/1.1" 429 0 "http://produk.bekasdapuran.com/?p=15133" "Mozilla/5.0 AppleWebKit/537.36 (KHTML, like Gecko; compatible; GPTBot/1.4; +https://openai.com/gptbot)"
74.7.227.182 - - [29/Jul/2026:03:57:07 +0800] "GET /?p=16733 HTTP/1.1" 429 0 "https://produk.bekasdapuran.com" "Mozilla/5.0 AppleWebKit/537.36 (KHTML, like Gecko; compatible; GPTBot/1.4; +https://openai.com/gptbot)"
74.7.227.182 - - [29/Jul/2026:03:58:09 +0800] "GET /?p=15033 HTTP/1.1" 301 0 "https://produk.bekasdapuran.com" "Mozilla/5.0 AppleWebKit/537.36 (KHTML, like Gecko; compatible; GPTBot/1.4; +https://openai.com/gptbot)"
74.7.227.182 - - [29/Jul/2026:03:58:10 +0800] "GET /2026/05/07/top-slot-site-no-deposit-bonus/ HTTP/1.1" 429 0 "http://produk.bekasdapuran.com/?p=15033" "Mozilla/5.0 AppleWebKit/537.36 (KHTML, like Gecko; compatible; GPTBot/1.4; +https://openai.com/gptbot)"
66.249.66.168 - - [29/Jul/2026:03:59:34 +0800] "GET /2025/12/09/lucky-dreams-casino-no-deposit-bonus/ HTTP/1.1" 200 15328 "-" "Mozilla/5.0 (Linux; Android 6.0.1; Nexus 5X Build/MMB29P) AppleWebKit/537.36 (KHTML, like Gecko) Chrome/150.0.7871.128 Mobile Safari/537.36 (compatible; Googlebot/2.1; +http://www.google.com/bot.html)"
66.249.66.168 - - [29/Jul/2026:03:59:38 +0800] "GET /?p=10064 HTTP/1.1" 301 0 "-" "Mozilla/5.0 (Linux; Android 6.0.1; Nexus 5X Build/MMB29P) AppleWebKit/537.36 (KHTML, like Gecko) Chrome/150.0.7871.128 Mobile Safari/537.36 (compatible; Googlebot/2.1; +http://www.google.com/bot.html)"
66.249.66.200 - - [29/Jul/2026:03:59:39 +0800] "GET /2025/12/09/drake-casino-100-free-spins/ HTTP/1.1" 200 15425 "-" "Mozilla/5.0 (Linux; Android 6.0.1; Nexus 5X Build/MMB29P) AppleWebKit/537.36 (KHTML, like Gecko) Chrome/150.0.7871.128 Mobile Safari/537.36 (compatible; Googlebot/2.1; +http://www.google.com/bot.html)"
74.7.227.182 - - [29/Jul/2026:04:01:19 +0800] "GET /?p=16721 HTTP/1.1" 429 0 "https://produk.bekasdapuran.com" "Mozilla/5.0 AppleWebKit/537.36 (KHTML, like Gecko; compatible; GPTBot/1.4; +https://openai.com/gptbot)"
74.7.227.182 - - [29/Jul/2026:04:02:13 +0800] "GET /?p=16134 HTTP/1.1" 429 0 "https://produk.bekasdapuran.com" "Mozilla/5.0 AppleWebKit/537.36 (KHTML, like Gecko; compatible; GPTBot/1.4; +https://openai.com/gptbot)"
66.249.66.71 - - [29/Jul/2026:04:02:36 +0800] "GET /wp-includes/js/wp-emoji-release.min.js?ver=7.0.2 HTTP/1.1" 200 5292 "-" "Mozilla/5.0 (Linux; Android 6.0.1; Nexus 5X Build/MMB29P) AppleWebKit/537.36 (KHTML, like Gecko) Chrome/150.0.7871.128 Mobile Safari/537.36 (compatible; Googlebot/2.1; +http://www.google.com/bot.html)"
74.7.227.182 - - [29/Jul/2026:04:03:15 +0800] "GET /?p=18140 HTTP/1.1" 301 0 "https://produk.bekasdapuran.com" "Mozilla/5.0 AppleWebKit/537.36 (KHTML, like Gecko; compatible; GPTBot/1.4; +https://openai.com/gptbot)"
74.7.227.182 - - [29/Jul/2026:04:03:16 +0800] "GET /2026/05/07/united-kingdomin-online-casino/ HTTP/1.1" 429 0 "http://produk.bekasdapuran.com/?p=18140" "Mozilla/5.0 AppleWebKit/537.36 (KHTML, like Gecko; compatible; GPTBot/1.4; +https://openai.com/gptbot)"
74.7.227.182 - - [29/Jul/2026:04:05:25 +0800] "GET /?p=17011 HTTP/1.1" 429 0 "https://produk.bekasdapuran.com" "Mozilla/5.0 AppleWebKit/537.36 (KHTML, like Gecko; compatible; GPTBot/1.4; +https://openai.com/gptbot)"
74.7.227.182 - - [29/Jul/2026:04:06:30 +0800] "GET /?p=17171 HTTP/1.1" 429 0 "https://produk.bekasdapuran.com" "Mozilla/5.0 AppleWebKit/537.36 (KHTML, like Gecko; compatible; GPTBot/1.4; +https://openai.com/gptbot)"
74.7.227.182 - - [29/Jul/2026:04:20:29 +0800] "GET /?p=16256 HTTP/1.1" 301 0 "https://produk.bekasdapuran.com" "Mozilla/5.0 AppleWebKit/537.36 (KHTML, like Gecko; compatible; GPTBot/1.4; +https://openai.com/gptbot)"
74.7.227.182 - - [29/Jul/2026:04:20:30 +0800] "GET /2026/05/07/casino-sites-not-on-betstop-australia/ HTTP/1.1" 429 0 "http://produk.bekasdapuran.com/?p=16256" "Mozilla/5.0 AppleWebKit/537.36 (KHTML, like Gecko; compatible; GPTBot/1.4; +https://openai.com/gptbot)"
74.7.227.182 - - [29/Jul/2026:04:21:29 +0800] "GET /?p=16621 HTTP/1.1" 429 0 "https://produk.bekasdapuran.com" "Mozilla/5.0 AppleWebKit/537.36 (KHTML, like Gecko; compatible; GPTBot/1.4; +https://openai.com/gptbot)"
74.7.227.182 - - [29/Jul/2026:04:23:33 +0800] "GET /?p=15513 HTTP/1.1" 301 0 "https://produk.bekasdapuran.com" "Mozilla/5.0 AppleWebKit/537.36 (KHTML, like Gecko; compatible; GPTBot/1.4; +https://openai.com/gptbot)"
74.7.227.182 - - [29/Jul/2026:04:23:34 +0800] "GET /2026/05/07/european-blackjack-gold-bonus/ HTTP/1.1" 429 0 "http://produk.bekasdapuran.com/?p=15513" "Mozilla/5.0 AppleWebKit/537.36 (KHTML, like Gecko; compatible; GPTBot/1.4; +https://openai.com/gptbot)"
74.7.227.182 - - [29/Jul/2026:04:24:32 +0800] "GET /?p=18975 HTTP/1.1" 429 0 "https://produk.bekasdapuran.com" "Mozilla/5.0 AppleWebKit/537.36 (KHTML, like Gecko; compatible; GPTBot/1.4; +https://openai.com/gptbot)"
74.7.227.182 - - [29/Jul/2026:04:25:32 +0800] "GET /?p=18674 HTTP/1.1" 429 0 "https://produk.bekasdapuran.com" "Mozilla/5.0 AppleWebKit/537.36 (KHTML, like Gecko; compatible; GPTBot/1.4; +https://openai.com/gptbot)"
74.7.227.182 - - [29/Jul/2026:04:26:35 +0800] "GET /?p=19237 HTTP/1.1" 429 0 "https://produk.bekasdapuran.com" "Mozilla/5.0 AppleWebKit/537.36 (KHTML, like Gecko; compatible; GPTBot/1.4; +https://openai.com/gptbot)"
74.7.227.182 - - [29/Jul/2026:04:27:38 +0800] "GET /?p=15609 HTTP/1.1" 429 0 "https://produk.bekasdapuran.com" "Mozilla/5.0 AppleWebKit/537.36 (KHTML, like Gecko; compatible; GPTBot/1.4; +https://openai.com/gptbot)"
74.7.227.182 - - [29/Jul/2026:04:28:39 +0800] "GET /?p=16270 HTTP/1.1" 429 0 "https://produk.bekasdapuran.com" "Mozilla/5.0 AppleWebKit/537.36 (KHTML, like Gecko; compatible; GPTBot/1.4; +https://openai.com/gptbot)"
74.7.227.182 - - [29/Jul/2026:04:29:42 +0800] "GET /?p=15293 HTTP/1.1" 429 0 "https://produk.bekasdapuran.com" "Mozilla/5.0 AppleWebKit/537.36 (KHTML, like Gecko; compatible; GPTBot/1.4; +https://openai.com/gptbot)"
66.249.66.9 - - [29/Jul/2026:04:30:16 +0800] "GET /2025/12/09/gypsy-moon-online-gokkast-spelen-gratis-en-met-geld/ HTTP/1.1" 200 15182 "-" "Mozilla/5.0 (Linux; Android 6.0.1; Nexus 5X Build/MMB29P) AppleWebKit/537.36 (KHTML, like Gecko) Chrome/150.0.7871.128 Mobile Safari/537.36 (compatible; Googlebot/2.1; +http://www.google.com/bot.html)"
66.249.66.167 - - [29/Jul/2026:04:30:39 +0800] "GET /?p=7529 HTTP/1.1" 301 0 "-" "Mozilla/5.0 (Linux; Android 6.0.1; Nexus 5X Build/MMB29P) AppleWebKit/537.36 (KHTML, like Gecko) Chrome/150.0.7871.128 Mobile Safari/537.36 (compatible; Googlebot/2.1; +http://www.google.com/bot.html)"
64.120.92.56 - - [29/Jul/2026:04:30:40 +0800] "POST /wp-cron.php?doing_wp_cron=1785270640.2785980701446533203125 HTTP/1.1" 200 0 "-" "WordPress/7.0.2; http://produk.bekasdapuran.com"
66.249.66.8 - - [29/Jul/2026:04:30:39 +0800] "GET /2025/12/09/hoe-speel-je-kaarten/ HTTP/1.1" 200 15161 "-" "Mozilla/5.0 (Linux; Android 6.0.1; Nexus 5X Build/MMB29P) AppleWebKit/537.36 (KHTML, like Gecko) Chrome/150.0.7871.128 Mobile Safari/537.36 (compatible; Googlebot/2.1; +http://www.google.com/bot.html)"
74.7.227.182 - - [29/Jul/2026:04:30:43 +0800] "GET /?p=14862 HTTP/1.1" 429 0 "https://produk.bekasdapuran.com" "Mozilla/5.0 AppleWebKit/537.36 (KHTML, like Gecko; compatible; GPTBot/1.4; +https://openai.com/gptbot)"
66.249.66.167 - - [29/Jul/2026:04:30:53 +0800] "GET /2025/12/09/amusnet-casino-100-free-spins/ HTTP/1.1" 200 15343 "-" "Mozilla/5.0 (Linux; Android 6.0.1; Nexus 5X Build/MMB29P) AppleWebKit/537.36 (KHTML, like Gecko) Chrome/150.0.7871.128 Mobile Safari/537.36 (compatible; Googlebot/2.1; +http://www.google.com/bot.html)"
66.249.66.167 - - [29/Jul/2026:04:31:05 +0800] "GET /?p=7975 HTTP/1.1" 301 0 "-" "Mozilla/5.0 (Linux; Android 6.0.1; Nexus 5X Build/MMB29P) AppleWebKit/537.36 (KHTML, like Gecko) Chrome/150.0.7871.128 Mobile Safari/537.36 (compatible; Googlebot/2.1; +http://www.google.com/bot.html)"
66.249.66.9 - - [29/Jul/2026:04:31:06 +0800] "GET /2025/12/09/hot-40-online-gokkast-spelen-gratis-en-met-geld/ HTTP/1.1" 200 15140 "-" "Mozilla/5.0 (Linux; Android 6.0.1; Nexus 5X Build/MMB29P) AppleWebKit/537.36 (KHTML, like Gecko) Chrome/150.0.7871.128 Mobile Safari/537.36 (compatible; Googlebot/2.1; +http://www.google.com/bot.html)"
74.7.227.182 - - [29/Jul/2026:04:31:47 +0800] "GET /?p=16740 HTTP/1.1" 429 0 "https://produk.bekasdapuran.com" "Mozilla/5.0 AppleWebKit/537.36 (KHTML, like Gecko; compatible; GPTBot/1.4; +https://openai.com/gptbot)"
74.7.227.182 - - [29/Jul/2026:04:35:02 +0800] "GET /?p=16272 HTTP/1.1" 301 0 "https://produk.bekasdapuran.com" "Mozilla/5.0 AppleWebKit/537.36 (KHTML, like Gecko; compatible; GPTBot/1.4; +https://openai.com/gptbot)"
74.7.227.182 - - [29/Jul/2026:04:35:03 +0800] "GET /2026/05/07/casino-without-licence-real-money-australia/ HTTP/1.1" 429 0 "http://produk.bekasdapuran.com/?p=16272" "Mozilla/5.0 AppleWebKit/537.36 (KHTML, like Gecko; compatible; GPTBot/1.4; +https://openai.com/gptbot)"
47.79.13.187 - - [29/Jul/2026:04:42:30 +0800] "GET /?p=12053 HTTP/1.1" 301 0 "http://produk.bekasdapuran.com/" "Mozilla/5.0 (Windows NT 10.0; Win64; x64) AppleWebKit/537.36 (KHTML, like Gecko) Chrome/134.0.0.0 Safari/537.36"
47.79.13.187 - - [29/Jul/2026:04:42:30 +0800] "GET /2025/12/09/free-online-gokkasten/ HTTP/1.1" 200 15188 "http://produk.bekasdapuran.com/" "Mozilla/5.0 (Windows NT 10.0; Win64; x64) AppleWebKit/537.36 (KHTML, like Gecko) Chrome/134.0.0.0 Safari/537.36"
74.7.227.182 - - [29/Jul/2026:04:52:13 +0800] "GET /?p=16089 HTTP/1.1" 429 0 "https://produk.bekasdapuran.com" "Mozilla/5.0 AppleWebKit/537.36 (KHTML, like Gecko; compatible; GPTBot/1.4; +https://openai.com/gptbot)"
74.7.227.182 - - [29/Jul/2026:04:54:06 +0800] "GET /?p=14765 HTTP/1.1" 429 0 "https://produk.bekasdapuran.com" "Mozilla/5.0 AppleWebKit/537.36 (KHTML, like Gecko; compatible; GPTBot/1.4; +https://openai.com/gptbot)"
74.7.227.182 - - [29/Jul/2026:04:56:01 +0800] "GET /?p=15476 HTTP/1.1" 301 0 "https://produk.bekasdapuran.com" "Mozilla/5.0 AppleWebKit/537.36 (KHTML, like Gecko; compatible; GPTBot/1.4; +https://openai.com/gptbot)"
74.7.227.182 - - [29/Jul/2026:04:56:01 +0800] "GET /2026/05/07/skygate9-casino-200-free-spins-no-deposit-australia/ HTTP/1.1" 429 0 "http://produk.bekasdapuran.com/?p=15476" "Mozilla/5.0 AppleWebKit/537.36 (KHTML, like Gecko; compatible; GPTBot/1.4; +https://openai.com/gptbot)"
74.7.227.182 - - [29/Jul/2026:04:57:03 +0800] "GET /?p=15293 HTTP/1.1" 429 0 "https://produk.bekasdapuran.com" "Mozilla/5.0 AppleWebKit/537.36 (KHTML, like Gecko; compatible; GPTBot/1.4; +https://openai.com/gptbot)"
74.7.227.182 - - [29/Jul/2026:04:59:11 +0800] "GET /?p=15487 HTTP/1.1" 301 0 "https://produk.bekasdapuran.com" "Mozilla/5.0 AppleWebKit/537.36 (KHTML, like Gecko; compatible; GPTBot/1.4; +https://openai.com/gptbot)"
74.7.227.182 - - [29/Jul/2026:04:59:11 +0800] "GET /2026/05/07/5000-welcome-package-1-deposits-casino-australia/ HTTP/1.1" 429 0 "http://produk.bekasdapuran.com/?p=15487" "Mozilla/5.0 AppleWebKit/537.36 (KHTML, like Gecko; compatible; GPTBot/1.4; +https://openai.com/gptbot)"
74.7.227.182 - - [29/Jul/2026:05:00:07 +0800] "GET /?p=16820 HTTP/1.1" 429 0 "https://produk.bekasdapuran.com" "Mozilla/5.0 AppleWebKit/537.36 (KHTML, like Gecko; compatible; GPTBot/1.4; +https://openai.com/gptbot)"
74.7.227.182 - - [29/Jul/2026:05:02:14 +0800] "GET /?p=15383 HTTP/1.1" 429 0 "https://produk.bekasdapuran.com" "Mozilla/5.0 AppleWebKit/537.36 (KHTML, like Gecko; compatible; GPTBot/1.4; +https://openai.com/gptbot)"
74.7.227.182 - - [29/Jul/2026:05:03:09 +0800] "GET /?p=18446 HTTP/1.1" 301 0 "https://produk.bekasdapuran.com" "Mozilla/5.0 AppleWebKit/537.36 (KHTML, like Gecko; compatible; GPTBot/1.4; +https://openai.com/gptbot)"
74.7.227.182 - - [29/Jul/2026:05:03:10 +0800] "GET /2026/05/07/casino-slots-for-iphone-in-australia/ HTTP/1.1" 429 0 "http://produk.bekasdapuran.com/?p=18446" "Mozilla/5.0 AppleWebKit/537.36 (KHTML, like Gecko; compatible; GPTBot/1.4; +https://openai.com/gptbot)"
47.79.13.10 - - [29/Jul/2026:05:04:02 +0800] "GET /?p=9961 HTTP/1.1" 301 0 "http://produk.bekasdapuran.com/" "Mozilla/5.0 (Windows NT 10.0; Win64; x64) AppleWebKit/537.36 (KHTML, like Gecko) Chrome/132.0.0.0 Safari/537.36"
47.79.13.10 - - [29/Jul/2026:05:04:02 +0800] "GET /2025/12/09/paris-casino-100-free-spins/ HTTP/1.1" 200 14985 "http://produk.bekasdapuran.com/" "Mozilla/5.0 (Windows NT 10.0; Win64; x64) AppleWebKit/537.36 (KHTML, like Gecko) Chrome/132.0.0.0 Safari/537.36"
74.7.227.182 - - [29/Jul/2026:05:04:09 +0800] "GET /?p=14810 HTTP/1.1" 429 0 "https://produk.bekasdapuran.com" "Mozilla/5.0 AppleWebKit/537.36 (KHTML, like Gecko; compatible; GPTBot/1.4; +https://openai.com/gptbot)"
74.7.227.182 - - [29/Jul/2026:05:05:13 +0800] "GET /?p=15120 HTTP/1.1" 301 0 "https://produk.bekasdapuran.com" "Mozilla/5.0 AppleWebKit/537.36 (KHTML, like Gecko; compatible; GPTBot/1.4; +https://openai.com/gptbot)"
74.7.227.182 - - [29/Jul/2026:05:05:13 +0800] "GET /2026/05/07/sugar96-casino-no-deposit-bonus-codes-2026/ HTTP/1.1" 429 0 "http://produk.bekasdapuran.com/?p=15120" "Mozilla/5.0 AppleWebKit/537.36 (KHTML, like Gecko; compatible; GPTBot/1.4; +https://openai.com/gptbot)"
74.7.227.182 - - [29/Jul/2026:05:08:19 +0800] "GET /?p=14919 HTTP/1.1" 429 0 "https://produk.bekasdapuran.com" "Mozilla/5.0 AppleWebKit/537.36 (KHTML, like Gecko; compatible; GPTBot/1.4; +https://openai.com/gptbot)"
66.249.66.201 - - [29/Jul/2026:05:10:04 +0800] "GET /?p=7975 HTTP/1.1" 301 0 "-" "Mozilla/5.0 (Linux; Android 6.0.1; Nexus 5X Build/MMB29P) AppleWebKit/537.36 (KHTML, like Gecko) Chrome/150.0.7871.128 Mobile Safari/537.36 (compatible; GoogleOther)"
66.249.66.168 - - [29/Jul/2026:05:10:05 +0800] "GET /2025/12/09/hot-40-online-gokkast-spelen-gratis-en-met-geld/ HTTP/1.1" 200 15119 "-" "Mozilla/5.0 (Linux; Android 6.0.1; Nexus 5X Build/MMB29P) AppleWebKit/537.36 (KHTML, like Gecko) Chrome/150.0.7871.128 Mobile Safari/537.36 (compatible; GoogleOther)"
74.7.227.182 - - [29/Jul/2026:05:10:24 +0800] "GET /?p=16673 HTTP/1.1" 301 0 "https://produk.bekasdapuran.com" "Mozilla/5.0 AppleWebKit/537.36 (KHTML, like Gecko; compatible; GPTBot/1.4; +https://openai.com/gptbot)"
74.7.227.182 - - [29/Jul/2026:05:10:24 +0800] "GET /2026/05/07/deposit-5-play-with-20-online-casino-australia/ HTTP/1.1" 429 0 "http://produk.bekasdapuran.com/?p=16673" "Mozilla/5.0 AppleWebKit/537.36 (KHTML, like Gecko; compatible; GPTBot/1.4; +https://openai.com/gptbot)"
74.7.227.182 - - [29/Jul/2026:05:11:19 +0800] "GET /?p=15282 HTTP/1.1" 429 0 "https://produk.bekasdapuran.com" "Mozilla/5.0 AppleWebKit/537.36 (KHTML, like Gecko; compatible; GPTBot/1.4; +https://openai.com/gptbot)"
74.7.227.182 - - [29/Jul/2026:05:12:21 +0800] "GET /?p=17500 HTTP/1.1" 301 0 "https://produk.bekasdapuran.com" "Mozilla/5.0 AppleWebKit/537.36 (KHTML, like Gecko; compatible; GPTBot/1.4; +https://openai.com/gptbot)"
74.7.227.182 - - [29/Jul/2026:05:12:22 +0800] "GET /2026/05/07/80-ball-bingo-free-australia/ HTTP/1.1" 429 0 "http://produk.bekasdapuran.com/?p=17500" "Mozilla/5.0 AppleWebKit/537.36 (KHTML, like Gecko; compatible; GPTBot/1.4; +https://openai.com/gptbot)"
47.79.13.67 - - [29/Jul/2026:05:16:03 +0800] "GET /2025/12/09/gokken-online-legaal/ HTTP/1.1" 200 15049 "http://produk.bekasdapuran.com/" "Mozilla/5.0 (X11; Linux x86_64) AppleWebKit/537.36 (KHTML, like Gecko) Chrome/129.0.0.0 Safari/537.36"
66.249.71.4 - - [29/Jul/2026:05:19:49 +0800] "GET /wp-includes/js/dist/script-modules/block-library/navigation/view.min.js?ver=96a846e1d7b789c39ab9 HTTP/1.1" 200 1100 "http://produk.bekasdapuran.com/2025/12/09/hot-40-online-gokkast-spelen-gratis-en-met-geld/" "Mozilla/5.0 (Linux; Android 6.0.1; Nexus 5X Build/MMB29P) AppleWebKit/537.36 (KHTML, like Gecko) Chrome/150.0.7871.128 Mobile Safari/537.36 (compatible; GoogleOther)"
66.249.71.4 - - [29/Jul/2026:05:19:50 +0800] "GET /wp-includes/js/dist/script-modules/interactivity/index.min.js?ver=efaa5193bbad9c60ffd1 HTTP/1.1" 200 15668 "http://produk.bekasdapuran.com/2025/12/09/hot-40-online-gokkast-spelen-gratis-en-met-geld/" "Mozilla/5.0 (Linux; Android 6.0.1; Nexus 5X Build/MMB29P) AppleWebKit/537.36 (KHTML, like Gecko) Chrome/150.0.7871.128 Mobile Safari/537.36 (compatible; GoogleOther)"
74.7.227.182 - - [29/Jul/2026:05:26:23 +0800] "GET /?p=15262 HTTP/1.1" 301 0 "https://produk.bekasdapuran.com" "Mozilla/5.0 AppleWebKit/537.36 (KHTML, like Gecko; compatible; GPTBot/1.4; +https://openai.com/gptbot)"
74.7.227.182 - - [29/Jul/2026:05:26:24 +0800] "GET /2026/05/07/best-american-express-casino-welcome-bonus-australia/ HTTP/1.1" 429 0 "http://produk.bekasdapuran.com/?p=15262" "Mozilla/5.0 AppleWebKit/537.36 (KHTML, like Gecko; compatible; GPTBot/1.4; +https://openai.com/gptbot)"
74.7.227.182 - - [29/Jul/2026:05:28:29 +0800] "GET /?p=18624 HTTP/1.1" 301 0 "https://produk.bekasdapuran.com" "Mozilla/5.0 AppleWebKit/537.36 (KHTML, like Gecko; compatible; GPTBot/1.4; +https://openai.com/gptbot)"
74.7.227.182 - - [29/Jul/2026:05:28:29 +0800] "GET /2026/05/07/best-visa-electron-online-casino/ HTTP/1.1" 429 0 "http://produk.bekasdapuran.com/?p=18624" "Mozilla/5.0 AppleWebKit/537.36 (KHTML, like Gecko; compatible; GPTBot/1.4; +https://openai.com/gptbot)"
74.7.227.182 - - [29/Jul/2026:05:29:30 +0800] "GET /?p=16537 HTTP/1.1" 429 0 "https://produk.bekasdapuran.com" "Mozilla/5.0 AppleWebKit/537.36 (KHTML, like Gecko; compatible; GPTBot/1.4; +https://openai.com/gptbot)"
74.7.227.182 - - [29/Jul/2026:05:32:31 +0800] "GET /?p=16317 HTTP/1.1" 429 0 "https://produk.bekasdapuran.com" "Mozilla/5.0 AppleWebKit/537.36 (KHTML, like Gecko; compatible; GPTBot/1.4; +https://openai.com/gptbot)"
74.7.227.182 - - [29/Jul/2026:05:33:36 +0800] "GET /?p=17614 HTTP/1.1" 429 0 "https://produk.bekasdapuran.com" "Mozilla/5.0 AppleWebKit/537.36 (KHTML, like Gecko; compatible; GPTBot/1.4; +https://openai.com/gptbot)"
64.120.92.56 - - [29/Jul/2026:05:36:42 +0800] "POST /wp-cron.php?doing_wp_cron=1785274602.1538679599761962890625 HTTP/1.1" 200 0 "-" "WordPress/7.0.2; http://produk.bekasdapuran.com"
74.7.227.182 - - [29/Jul/2026:05:36:41 +0800] "GET /?p=16652 HTTP/1.1" 301 0 "https://produk.bekasdapuran.com" "Mozilla/5.0 AppleWebKit/537.36 (KHTML, like Gecko; compatible; GPTBot/1.4; +https://openai.com/gptbot)"
74.7.227.182 - - [29/Jul/2026:05:36:42 +0800] "GET /2026/05/07/1xbet-casino-free-spins-today-au/ HTTP/1.1" 429 0 "http://produk.bekasdapuran.com/?p=16652" "Mozilla/5.0 AppleWebKit/537.36 (KHTML, like Gecko; compatible; GPTBot/1.4; +https://openai.com/gptbot)"
74.7.227.182 - - [29/Jul/2026:05:37:42 +0800] "GET /?p=16356 HTTP/1.1" 429 0 "https://produk.bekasdapuran.com" "Mozilla/5.0 AppleWebKit/537.36 (KHTML, like Gecko; compatible; GPTBot/1.4; +https://openai.com/gptbot)"
74.7.227.182 - - [29/Jul/2026:05:38:44 +0800] "GET /?p=18838 HTTP/1.1" 301 0 "https://produk.bekasdapuran.com" "Mozilla/5.0 AppleWebKit/537.36 (KHTML, like Gecko; compatible; GPTBot/1.4; +https://openai.com/gptbot)"
74.7.227.182 - - [29/Jul/2026:05:38:44 +0800] "GET /2026/05/07/casino-app-no-deposit/ HTTP/1.1" 429 0 "http://produk.bekasdapuran.com/?p=18838" "Mozilla/5.0 AppleWebKit/537.36 (KHTML, like Gecko; compatible; GPTBot/1.4; +https://openai.com/gptbot)"
74.7.227.182 - - [29/Jul/2026:05:39:48 +0800] "GET /?p=16131 HTTP/1.1" 429 0 "https://produk.bekasdapuran.com" "Mozilla/5.0 AppleWebKit/537.36 (KHTML, like Gecko; compatible; GPTBot/1.4; +https://openai.com/gptbot)"
74.7.227.182 - - [29/Jul/2026:05:51:46 +0800] "GET /?p=20468 HTTP/1.1" 301 0 "https://produk.bekasdapuran.com" "Mozilla/5.0 AppleWebKit/537.36 (KHTML, like Gecko; compatible; GPTBot/1.4; +https://openai.com/gptbot)"
74.7.227.182 - - [29/Jul/2026:05:51:46 +0800] "GET /2026/05/07/best-skrill-casino-cashable-bonus-australia/ HTTP/1.1" 429 0 "http://produk.bekasdapuran.com/?p=20468" "Mozilla/5.0 AppleWebKit/537.36 (KHTML, like Gecko; compatible; GPTBot/1.4; +https://openai.com/gptbot)"
74.7.227.182 - - [29/Jul/2026:05:54:46 +0800] "GET /?p=16513 HTTP/1.1" 429 0 "https://produk.bekasdapuran.com" "Mozilla/5.0 AppleWebKit/537.36 (KHTML, like Gecko; compatible; GPTBot/1.4; +https://openai.com/gptbot)"
74.7.227.182 - - [29/Jul/2026:05:56:47 +0800] "GET /?p=16860 HTTP/1.1" 429 0 "https://produk.bekasdapuran.com" "Mozilla/5.0 AppleWebKit/537.36 (KHTML, like Gecko; compatible; GPTBot/1.4; +https://openai.com/gptbot)"
74.7.227.182 - - [29/Jul/2026:05:58:50 +0800] "GET /?p=14964 HTTP/1.1" 301 0 "https://produk.bekasdapuran.com" "Mozilla/5.0 AppleWebKit/537.36 (KHTML, like Gecko; compatible; GPTBot/1.4; +https://openai.com/gptbot)"
74.7.227.182 - - [29/Jul/2026:05:58:50 +0800] "GET /2026/05/07/live-online-blackjack-for-australia-players/ HTTP/1.1" 429 0 "http://produk.bekasdapuran.com/?p=14964" "Mozilla/5.0 AppleWebKit/537.36 (KHTML, like Gecko; compatible; GPTBot/1.4; +https://openai.com/gptbot)"
74.7.227.182 - - [29/Jul/2026:06:00:49 +0800] "GET /?p=14954 HTTP/1.1" 301 0 "https://produk.bekasdapuran.com" "Mozilla/5.0 AppleWebKit/537.36 (KHTML, like Gecko; compatible; GPTBot/1.4; +https://openai.com/gptbot)"
74.7.227.182 - - [29/Jul/2026:06:00:50 +0800] "GET /2026/05/07/new-casino-free-spins-no-deposit-requiured/ HTTP/1.1" 429 0 "http://produk.bekasdapuran.com/?p=14954" "Mozilla/5.0 AppleWebKit/537.36 (KHTML, like Gecko; compatible; GPTBot/1.4; +https://openai.com/gptbot)"
74.7.227.182 - - [29/Jul/2026:06:02:57 +0800] "GET /?p=18262 HTTP/1.1" 429 0 "https://produk.bekasdapuran.com" "Mozilla/5.0 AppleWebKit/537.36 (KHTML, like Gecko; compatible; GPTBot/1.4; +https://openai.com/gptbot)"
47.79.13.47 - - [29/Jul/2026:06:03:46 +0800] "GET /2024/02/28/sistema-paroli-roulette/ HTTP/1.1" 200 14749 "http://produk.bekasdapuran.com/" "Mozilla/5.0 (Windows NT 10.0; Win64; x64) AppleWebKit/537.36 (KHTML, like Gecko) Chrome/135.0.0.0 Safari/537.36"
74.7.227.182 - - [29/Jul/2026:06:03:59 +0800] "GET /?p=17050 HTTP/1.1" 429 0 "https://produk.bekasdapuran.com" "Mozilla/5.0 AppleWebKit/537.36 (KHTML, like Gecko; compatible; GPTBot/1.4; +https://openai.com/gptbot)"
66.249.66.72 - - [29/Jul/2026:06:04:18 +0800] "GET /?p=7451 HTTP/1.1" 301 0 "-" "Mozilla/5.0 (Linux; Android 6.0.1; Nexus 5X Build/MMB29P) AppleWebKit/537.36 (KHTML, like Gecko) Chrome/150.0.7871.128 Mobile Safari/537.36 (compatible; Googlebot/2.1; +http://www.google.com/bot.html)"
66.249.71.3 - - [29/Jul/2026:06:04:19 +0800] "GET /2025/12/09/meervoud-bingo/ HTTP/1.1" 200 15347 "-" "Mozilla/5.0 (Linux; Android 6.0.1; Nexus 5X Build/MMB29P) AppleWebKit/537.36 (KHTML, like Gecko) Chrome/150.0.7871.128 Mobile Safari/537.36 (compatible; Googlebot/2.1; +http://www.google.com/bot.html)"
74.7.227.182 - - [29/Jul/2026:06:05:01 +0800] "GET /?p=16477 HTTP/1.1" 429 0 "https://produk.bekasdapuran.com" "Mozilla/5.0 AppleWebKit/537.36 (KHTML, like Gecko; compatible; GPTBot/1.4; +https://openai.com/gptbot)"
74.7.227.182 - - [29/Jul/2026:06:06:06 +0800] "GET /?p=16718 HTTP/1.1" 301 0 "https://produk.bekasdapuran.com" "Mozilla/5.0 AppleWebKit/537.36 (KHTML, like Gecko; compatible; GPTBot/1.4; +https://openai.com/gptbot)"
74.7.227.182 - - [29/Jul/2026:06:06:07 +0800] "GET /2026/05/07/live-sic-bo-high-stakes/ HTTP/1.1" 429 0 "http://produk.bekasdapuran.com/?p=16718" "Mozilla/5.0 AppleWebKit/537.36 (KHTML, like Gecko; compatible; GPTBot/1.4; +https://openai.com/gptbot)"
74.7.227.182 - - [29/Jul/2026:06:07:11 +0800] "GET /?p=17313 HTTP/1.1" 429 0 "https://produk.bekasdapuran.com" "Mozilla/5.0 AppleWebKit/537.36 (KHTML, like Gecko; compatible; GPTBot/1.4; +https://openai.com/gptbot)"
74.7.227.182 - - [29/Jul/2026:06:08:15 +0800] "GET /?p=18958 HTTP/1.1" 301 0 "https://produk.bekasdapuran.com" "Mozilla/5.0 AppleWebKit/537.36 (KHTML, like Gecko; compatible; GPTBot/1.4; +https://openai.com/gptbot)"
74.7.227.182 - - [29/Jul/2026:06:08:15 +0800] "GET /2026/05/07/best-click2pay-online-casino/ HTTP/1.1" 429 0 "http://produk.bekasdapuran.com/?p=18958" "Mozilla/5.0 AppleWebKit/537.36 (KHTML, like Gecko; compatible; GPTBot/1.4; +https://openai.com/gptbot)"
74.7.227.182 - - [29/Jul/2026:06:09:15 +0800] "GET /?p=16148 HTTP/1.1" 429 0 "https://produk.bekasdapuran.com" "Mozilla/5.0 AppleWebKit/537.36 (KHTML, like Gecko; compatible; GPTBot/1.4; +https://openai.com/gptbot)"
47.79.13.3 - - [29/Jul/2026:06:23:29 +0800] "GET /2024/02/28/casinos-ohne-lizenz/ HTTP/1.1" 200 14949 "http://produk.bekasdapuran.com/" "Mozilla/5.0 (Macintosh; Intel Mac OS X 10_15_7) AppleWebKit/605.1.15 (KHTML, like Gecko) Version/16.6.1 Safari/605.1.15"
74.7.227.182 - - [29/Jul/2026:06:25:29 +0800] "GET /?p=17543 HTTP/1.1" 301 0 "https://produk.bekasdapuran.com" "Mozilla/5.0 AppleWebKit/537.36 (KHTML, like Gecko; compatible; GPTBot/1.4; +https://openai.com/gptbot)"
74.7.227.182 - - [29/Jul/2026:06:25:29 +0800] "GET /2026/05/07/no-download-roulette/ HTTP/1.1" 429 0 "http://produk.bekasdapuran.com/?p=17543" "Mozilla/5.0 AppleWebKit/537.36 (KHTML, like Gecko; compatible; GPTBot/1.4; +https://openai.com/gptbot)"
66.249.71.2 - - [29/Jul/2026:06:26:24 +0800] "GET /?p=7508 HTTP/1.1" 301 0 "-" "Mozilla/5.0 (Linux; Android 6.0.1; Nexus 5X Build/MMB29P) AppleWebKit/537.36 (KHTML, like Gecko) Chrome/150.0.7871.128 Mobile Safari/537.36 (compatible; GoogleOther)"
66.249.66.37 - - [29/Jul/2026:06:26:25 +0800] "GET /2025/12/09/betplays-casino-100-free-spins/ HTTP/1.1" 200 15107 "-" "Mozilla/5.0 (Linux; Android 6.0.1; Nexus 5X Build/MMB29P) AppleWebKit/537.36 (KHTML, like Gecko) Chrome/150.0.7871.128 Mobile Safari/537.36 (compatible; GoogleOther)"
66.249.71.2 - - [29/Jul/2026:06:27:05 +0800] "GET /robots.txt HTTP/1.1" 200 127 "-" "GoogleOther"
74.7.227.182 - - [29/Jul/2026:06:28:14 +0800] "GET /?p=15061 HTTP/1.1" 429 0 "https://produk.bekasdapuran.com" "Mozilla/5.0 AppleWebKit/537.36 (KHTML, like Gecko; compatible; GPTBot/1.4; +https://openai.com/gptbot)"
74.7.227.182 - - [29/Jul/2026:06:29:18 +0800] "GET /?p=16715 HTTP/1.1" 429 0 "https://produk.bekasdapuran.com" "Mozilla/5.0 AppleWebKit/537.36 (KHTML, like Gecko; compatible; GPTBot/1.4; +https://openai.com/gptbot)"
47.79.13.98 - - [29/Jul/2026:06:30:10 +0800] "GET /?p=10218 HTTP/1.1" 301 0 "http://produk.bekasdapuran.com/" "Mozilla/5.0 (Windows NT 10.0; Win64; x64) AppleWebKit/537.36 (KHTML, like Gecko) Chrome/135.0.0.0 Safari/537.36"
47.79.13.98 - - [29/Jul/2026:06:30:11 +0800] "GET /2025/12/09/hoeveel-nummers-heeft-roulette/ HTTP/1.1" 200 15347 "http://produk.bekasdapuran.com/" "Mozilla/5.0 (Windows NT 10.0; Win64; x64) AppleWebKit/537.36 (KHTML, like Gecko) Chrome/135.0.0.0 Safari/537.36"
66.249.66.169 - - [29/Jul/2026:06:30:25 +0800] "GET /2025/12/09/online-gokken-geld-terug/ HTTP/1.1" 200 15085 "-" "Mozilla/5.0 (Linux; Android 6.0.1; Nexus 5X Build/MMB29P) AppleWebKit/537.36 (KHTML, like Gecko) Chrome/150.0.7871.128 Mobile Safari/537.36 (compatible; Googlebot/2.1; +http://www.google.com/bot.html)"
66.249.66.37 - - [29/Jul/2026:06:30:28 +0800] "GET /?p=9544 HTTP/1.1" 301 0 "-" "Mozilla/5.0 (Linux; Android 6.0.1; Nexus 5X Build/MMB29P) AppleWebKit/537.36 (KHTML, like Gecko) Chrome/150.0.7871.128 Mobile Safari/537.36 (compatible; Googlebot/2.1; +http://www.google.com/bot.html)"
66.249.66.167 - - [29/Jul/2026:06:30:29 +0800] "GET /2025/12/09/nederlandse-casino-gratis-spelen/ HTTP/1.1" 200 15327 "-" "Mozilla/5.0 (Linux; Android 6.0.1; Nexus 5X Build/MMB29P) AppleWebKit/537.36 (KHTML, like Gecko) Chrome/150.0.7871.128 Mobile Safari/537.36 (compatible; Googlebot/2.1; +http://www.google.com/bot.html)"
64.120.92.56 - - [29/Jul/2026:06:30:45 +0800] "POST /wp-cron.php?doing_wp_cron=1785277845.5388169288635253906250 HTTP/1.1" 200 0 "-" "WordPress/7.0.2; http://produk.bekasdapuran.com"
66.249.66.167 - - [29/Jul/2026:06:30:45 +0800] "GET /2025/12/09/almere-casino-100-free-spins/ HTTP/1.1" 200 15465 "-" "Mozilla/5.0 (Linux; Android 6.0.1; Nexus 5X Build/MMB29P) AppleWebKit/537.36 (KHTML, like Gecko) Chrome/150.0.7871.128 Mobile Safari/537.36 (compatible; Googlebot/2.1; +http://www.google.com/bot.html)"
74.7.227.182 - - [29/Jul/2026:06:31:20 +0800] "GET /?p=14977 HTTP/1.1" 429 0 "https://produk.bekasdapuran.com" "Mozilla/5.0 AppleWebKit/537.36 (KHTML, like Gecko; compatible; GPTBot/1.4; +https://openai.com/gptbot)"
74.7.227.182 - - [29/Jul/2026:06:32:21 +0800] "GET /?p=16976 HTTP/1.1" 301 0 "https://produk.bekasdapuran.com" "Mozilla/5.0 AppleWebKit/537.36 (KHTML, like Gecko; compatible; GPTBot/1.4; +https://openai.com/gptbot)"
74.7.227.182 - - [29/Jul/2026:06:32:22 +0800] "GET /2026/05/07/zip-pay-casino-deposit-australia/ HTTP/1.1" 429 0 "http://produk.bekasdapuran.com/?p=16976" "Mozilla/5.0 AppleWebKit/537.36 (KHTML, like Gecko; compatible; GPTBot/1.4; +https://openai.com/gptbot)"
74.7.227.182 - - [29/Jul/2026:06:34:31 +0800] "GET /?p=17922 HTTP/1.1" 429 0 "https://produk.bekasdapuran.com" "Mozilla/5.0 AppleWebKit/537.36 (KHTML, like Gecko; compatible; GPTBot/1.4; +https://openai.com/gptbot)"
74.7.227.182 - - [29/Jul/2026:06:35:36 +0800] "GET /?p=16823 HTTP/1.1" 429 0 "https://produk.bekasdapuran.com" "Mozilla/5.0 AppleWebKit/537.36 (KHTML, like Gecko; compatible; GPTBot/1.4; +https://openai.com/gptbot)"
74.7.227.182 - - [29/Jul/2026:06:36:40 +0800] "GET /?p=15753 HTTP/1.1" 301 0 "https://produk.bekasdapuran.com" "Mozilla/5.0 AppleWebKit/537.36 (KHTML, like Gecko; compatible; GPTBot/1.4; +https://openai.com/gptbot)"
74.7.227.182 - - [29/Jul/2026:06:36:41 +0800] "GET /2026/05/07/free-slot-spins-no-deposit-no-card-details/ HTTP/1.1" 429 0 "http://produk.bekasdapuran.com/?p=15753" "Mozilla/5.0 AppleWebKit/537.36 (KHTML, like Gecko; compatible; GPTBot/1.4; +https://openai.com/gptbot)"
74.7.227.182 - - [29/Jul/2026:06:38:43 +0800] "GET /?p=15527 HTTP/1.1" 301 0 "https://produk.bekasdapuran.com" "Mozilla/5.0 AppleWebKit/537.36 (KHTML, like Gecko; compatible; GPTBot/1.4; +https://openai.com/gptbot)"
74.7.227.182 - - [29/Jul/2026:06:38:43 +0800] "GET /2026/05/07/best-pix-casino-deposit-no-verification-casino-australia/ HTTP/1.1" 429 0 "http://produk.bekasdapuran.com/?p=15527" "Mozilla/5.0 AppleWebKit/537.36 (KHTML, like Gecko; compatible; GPTBot/1.4; +https://openai.com/gptbot)"
74.7.227.182 - - [29/Jul/2026:06:40:46 +0800] "GET /?p=16117 HTTP/1.1" 301 0 "https://produk.bekasdapuran.com" "Mozilla/5.0 AppleWebKit/537.36 (KHTML, like Gecko; compatible; GPTBot/1.4; +https://openai.com/gptbot)"
74.7.227.182 - - [29/Jul/2026:06:40:46 +0800] "GET /2026/05/07/classic-roulette-casino/ HTTP/1.1" 429 0 "http://produk.bekasdapuran.com/?p=16117" "Mozilla/5.0 AppleWebKit/537.36 (KHTML, like Gecko; compatible; GPTBot/1.4; +https://openai.com/gptbot)"
47.79.13.65 - - [29/Jul/2026:06:45:13 +0800] "GET /?p=1409 HTTP/1.1" 301 0 "http://produk.bekasdapuran.com/" "Mozilla/5.0 (Macintosh; Intel Mac OS X 10_15_7) AppleWebKit/605.1.15 (KHTML, like Gecko) Version/18.3.1 Safari/605.1.15"
47.79.13.65 - - [29/Jul/2026:06:45:14 +0800] "GET /2024/02/28/automat-spiel/ HTTP/1.1" 200 15004 "http://produk.bekasdapuran.com/" "Mozilla/5.0 (Macintosh; Intel Mac OS X 10_15_7) AppleWebKit/605.1.15 (KHTML, like Gecko) Version/18.3.1 Safari/605.1.15"
47.79.13.207 - - [29/Jul/2026:06:45:15 +0800] "GET /2025/12/09/casino-app-echt-geld-gewinnen/ HTTP/1.1" 200 15238 "http://produk.bekasdapuran.com/" "Mozilla/5.0 (Windows NT 10.0; Win64; x64; rv:137.0) Gecko/20100101 Firefox/137.0"
66.249.71.2 - - [29/Jul/2026:06:52:07 +0800] "GET /wp-includes/js/dist/script-modules/block-library/navigation/view.min.js?ver=96a846e1d7b789c39ab9 HTTP/1.1" 200 1100 "http://produk.bekasdapuran.com/2025/12/09/plinko-spel-betrouwbaar/" "Mozilla/5.0 (Linux; Android 6.0.1; Nexus 5X Build/MMB29P) AppleWebKit/537.36 (KHTML, like Gecko) Chrome/150.0.7871.128 Mobile Safari/537.36 (compatible; Googlebot/2.1; +http://www.google.com/bot.html)"
66.249.66.169 - - [29/Jul/2026:07:00:11 +0800] "GET /?p=8013 HTTP/1.1" 301 0 "-" "Mozilla/5.0 (Linux; Android 6.0.1; Nexus 5X Build/MMB29P) AppleWebKit/537.36 (KHTML, like Gecko) Chrome/150.0.7871.128 Mobile Safari/537.36 (compatible; Googlebot/2.1; +http://www.google.com/bot.html)"
66.249.71.2 - - [29/Jul/2026:07:00:12 +0800] "GET /2025/12/09/pay-and-play-casino-zonder-registratie/ HTTP/1.1" 200 15265 "-" "Mozilla/5.0 (Linux; Android 6.0.1; Nexus 5X Build/MMB29P) AppleWebKit/537.36 (KHTML, like Gecko) Chrome/150.0.7871.128 Mobile Safari/537.36 (compatible; Googlebot/2.1; +http://www.google.com/bot.html)"
74.7.227.182 - - [29/Jul/2026:07:01:46 +0800] "GET /?p=16568 HTTP/1.1" 301 0 "https://produk.bekasdapuran.com" "Mozilla/5.0 AppleWebKit/537.36 (KHTML, like Gecko; compatible; GPTBot/1.4; +https://openai.com/gptbot)"
74.7.227.182 - - [29/Jul/2026:07:01:47 +0800] "GET /2026/05/07/best-way-to-play-blackjack-at-casino/ HTTP/1.1" 429 0 "http://produk.bekasdapuran.com/?p=16568" "Mozilla/5.0 AppleWebKit/537.36 (KHTML, like Gecko; compatible; GPTBot/1.4; +https://openai.com/gptbot)"
74.7.227.182 - - [29/Jul/2026:07:02:50 +0800] "GET /?p=15956 HTTP/1.1" 429 0 "https://produk.bekasdapuran.com" "Mozilla/5.0 AppleWebKit/537.36 (KHTML, like Gecko; compatible; GPTBot/1.4; +https://openai.com/gptbot)"
47.79.13.121 - - [29/Jul/2026:07:03:47 +0800] "GET /?p=905 HTTP/1.1" 301 0 "http://produk.bekasdapuran.com/" "Mozilla/5.0 (Windows NT 10.0; Win64; x64) AppleWebKit/537.36 (KHTML, like Gecko) Chrome/135.0.0.0 Safari/537.36"
47.79.13.121 - - [29/Jul/2026:07:03:47 +0800] "GET /2024/02/28/premier-casino-at-2025-review/ HTTP/1.1" 200 15027 "http://produk.bekasdapuran.com/" "Mozilla/5.0 (Windows NT 10.0; Win64; x64) AppleWebKit/537.36 (KHTML, like Gecko) Chrome/135.0.0.0 Safari/537.36"
74.7.227.182 - - [29/Jul/2026:07:05:00 +0800] "GET /?p=16760 HTTP/1.1" 429 0 "https://produk.bekasdapuran.com" "Mozilla/5.0 AppleWebKit/537.36 (KHTML, like Gecko; compatible; GPTBot/1.4; +https://openai.com/gptbot)"
74.7.227.182 - - [29/Jul/2026:07:08:11 +0800] "GET /?p=17603 HTTP/1.1" 429 0 "https://produk.bekasdapuran.com" "Mozilla/5.0 AppleWebKit/537.36 (KHTML, like Gecko; compatible; GPTBot/1.4; +https://openai.com/gptbot)"
74.7.227.182 - - [29/Jul/2026:07:09:04 +0800] "GET /?p=15018 HTTP/1.1" 429 0 "https://produk.bekasdapuran.com" "Mozilla/5.0 AppleWebKit/537.36 (KHTML, like Gecko; compatible; GPTBot/1.4; +https://openai.com/gptbot)"
66.249.71.4 - - [29/Jul/2026:07:11:00 +0800] "GET /wp-includes/js/dist/script-modules/interactivity/index.min.js?ver=efaa5193bbad9c60ffd1 HTTP/1.1" 200 15668 "http://produk.bekasdapuran.com/2025/12/09/online-gokken-geld-terug/" "Mozilla/5.0 (Linux; Android 6.0.1; Nexus 5X Build/MMB29P) AppleWebKit/537.36 (KHTML, like Gecko) Chrome/150.0.7871.128 Mobile Safari/537.36 (compatible; Googlebot/2.1; +http://www.google.com/bot.html)"
74.7.227.182 - - [29/Jul/2026:07:11:14 +0800] "GET /?p=16803 HTTP/1.1" 429 0 "https://produk.bekasdapuran.com" "Mozilla/5.0 AppleWebKit/537.36 (KHTML, like Gecko; compatible; GPTBot/1.4; +https://openai.com/gptbot)"
74.7.227.182 - - [29/Jul/2026:07:12:09 +0800] "GET /?p=16597 HTTP/1.1" 301 0 "https://produk.bekasdapuran.com" "Mozilla/5.0 AppleWebKit/537.36 (KHTML, like Gecko; compatible; GPTBot/1.4; +https://openai.com/gptbot)"
74.7.227.182 - - [29/Jul/2026:07:12:10 +0800] "GET /2026/05/07/live-online-craps-australia/ HTTP/1.1" 429 0 "http://produk.bekasdapuran.com/?p=16597" "Mozilla/5.0 AppleWebKit/537.36 (KHTML, like Gecko; compatible; GPTBot/1.4; +https://openai.com/gptbot)"
74.7.227.182 - - [29/Jul/2026:07:13:10 +0800] "GET /?p=17919 HTTP/1.1" 429 0 "https://produk.bekasdapuran.com" "Mozilla/5.0 AppleWebKit/537.36 (KHTML, like Gecko; compatible; GPTBot/1.4; +https://openai.com/gptbot)"
74.7.227.182 - - [29/Jul/2026:07:16:12 +0800] "GET /?p=18665 HTTP/1.1" 429 0 "https://produk.bekasdapuran.com" "Mozilla/5.0 AppleWebKit/537.36 (KHTML, like Gecko; compatible; GPTBot/1.4; +https://openai.com/gptbot)"
74.7.227.182 - - [29/Jul/2026:07:17:16 +0800] "GET /?p=18328 HTTP/1.1" 429 0 "https://produk.bekasdapuran.com" "Mozilla/5.0 AppleWebKit/537.36 (KHTML, like Gecko; compatible; GPTBot/1.4; +https://openai.com/gptbot)"
66.249.66.169 - - [29/Jul/2026:07:27:11 +0800] "GET /wp-includes/js/dist/script-modules/block-library/navigation/view.min.js?ver=96a846e1d7b789c39ab9 HTTP/1.1" 200 1100 "http://produk.bekasdapuran.com/2025/12/09/betplays-casino-100-free-spins/" "Mozilla/5.0 (Linux; Android 6.0.1; Nexus 5X Build/MMB29P) AppleWebKit/537.36 (KHTML, like Gecko) Chrome/150.0.7871.128 Mobile Safari/537.36 (compatible; GoogleOther)"
66.249.71.3 - - [29/Jul/2026:07:27:11 +0800] "GET /wp-includes/js/dist/script-modules/interactivity/index.min.js?ver=efaa5193bbad9c60ffd1 HTTP/1.1" 200 15668 "http://produk.bekasdapuran.com/2025/12/09/betplays-casino-100-free-spins/" "Mozilla/5.0 (Linux; Android 6.0.1; Nexus 5X Build/MMB29P) AppleWebKit/537.36 (KHTML, like Gecko) Chrome/150.0.7871.128 Mobile Safari/537.36 (compatible; GoogleOther)"
74.7.227.182 - - [29/Jul/2026:07:27:43 +0800] "GET /wp-json/wp/v2/posts/15897 HTTP/1.1" 200 5475 "http://produk.bekasdapuran.com/?p=15897" "Mozilla/5.0 AppleWebKit/537.36 (KHTML, like Gecko; compatible; GPTBot/1.4; +https://openai.com/gptbot)"
74.7.227.182 - - [29/Jul/2026:07:28:45 +0800] "GET /wp-json/wp/v2/posts/15036 HTTP/1.1" 429 0 "http://produk.bekasdapuran.com/?p=15036" "Mozilla/5.0 AppleWebKit/537.36 (KHTML, like Gecko; compatible; GPTBot/1.4; +https://openai.com/gptbot)"
74.7.227.182 - - [29/Jul/2026:07:29:41 +0800] "GET /wp-json/wp/v2/posts/14978 HTTP/1.1" 200 5252 "http://produk.bekasdapuran.com/?p=14978" "Mozilla/5.0 AppleWebKit/537.36 (KHTML, like Gecko; compatible; GPTBot/1.4; +https://openai.com/gptbot)"
74.7.227.182 - - [29/Jul/2026:07:30:44 +0800] "GET /wp-json/wp/v2/posts/17609 HTTP/1.1" 429 0 "http://produk.bekasdapuran.com/?p=17609" "Mozilla/5.0 AppleWebKit/537.36 (KHTML, like Gecko; compatible; GPTBot/1.4; +https://openai.com/gptbot)"
64.120.92.56 - - [29/Jul/2026:07:31:33 +0800] "POST /wp-cron.php?doing_wp_cron=1785281493.2804191112518310546875 HTTP/1.1" 200 0 "-" "WordPress/7.0.2; http://produk.bekasdapuran.com"
66.249.66.8 - - [29/Jul/2026:07:31:32 +0800] "GET /2025/12/09/de-beste-online-casino-spellen/ HTTP/1.1" 200 15500 "-" "Mozilla/5.0 (Linux; Android 6.0.1; Nexus 5X Build/MMB29P) AppleWebKit/537.36 (KHTML, like Gecko) Chrome/150.0.7871.128 Mobile Safari/537.36 (compatible; Googlebot/2.1; +http://www.google.com/bot.html)"
66.249.66.8 - - [29/Jul/2026:07:31:39 +0800] "GET /?p=6818 HTTP/1.1" 301 0 "-" "Mozilla/5.0 (Linux; Android 6.0.1; Nexus 5X Build/MMB29P) AppleWebKit/537.36 (KHTML, like Gecko) Chrome/150.0.7871.128 Mobile Safari/537.36 (compatible; Googlebot/2.1; +http://www.google.com/bot.html)"
66.249.71.2 - - [29/Jul/2026:07:31:40 +0800] "GET /2025/12/09/casino-demo-spelen/ HTTP/1.1" 200 15464 "-" "Mozilla/5.0 (Linux; Android 6.0.1; Nexus 5X Build/MMB29P) AppleWebKit/537.36 (KHTML, like Gecko) Chrome/150.0.7871.128 Mobile Safari/537.36 (compatible; Googlebot/2.1; +http://www.google.com/bot.html)"
74.7.228.1 - - [29/Jul/2026:07:31:44 +0800] "GET /robots.txt HTTP/1.1" 200 127 "-" "Mozilla/5.0 (Macintosh; Intel Mac OS X 10_15_7) AppleWebKit/537.36 (KHTML, like Gecko) Chrome/131.0.0.0 Safari/537.36; compatible; OAI-SearchBot/1.4; robots.txt; +https://openai.com/searchbot"
74.7.227.182 - - [29/Jul/2026:07:42:45 +0800] "GET /?p=15925 HTTP/1.1" 301 0 "https://produk.bekasdapuran.com" "Mozilla/5.0 AppleWebKit/537.36 (KHTML, like Gecko; compatible; GPTBot/1.4; +https://openai.com/gptbot)"
74.7.227.182 - - [29/Jul/2026:07:42:46 +0800] "GET /2026/05/07/online-blackjack-100-free-spins-no-deposit-australia/ HTTP/1.1" 429 0 "http://produk.bekasdapuran.com/?p=15925" "Mozilla/5.0 AppleWebKit/537.36 (KHTML, like Gecko; compatible; GPTBot/1.4; +https://openai.com/gptbot)"
74.7.227.182 - - [29/Jul/2026:07:45:48 +0800] "GET /?p=15755 HTTP/1.1" 429 0 "https://produk.bekasdapuran.com" "Mozilla/5.0 AppleWebKit/537.36 (KHTML, like Gecko; compatible; GPTBot/1.4; +https://openai.com/gptbot)"
74.7.227.182 - - [29/Jul/2026:07:47:51 +0800] "GET /?p=15951 HTTP/1.1" 429 0 "https://produk.bekasdapuran.com" "Mozilla/5.0 AppleWebKit/537.36 (KHTML, like Gecko; compatible; GPTBot/1.4; +https://openai.com/gptbot)"
74.7.227.182 - - [29/Jul/2026:07:49:51 +0800] "GET /?p=18295 HTTP/1.1" 429 0 "https://produk.bekasdapuran.com" "Mozilla/5.0 AppleWebKit/537.36 (KHTML, like Gecko; compatible; GPTBot/1.4; +https://openai.com/gptbot)"
74.7.227.182 - - [29/Jul/2026:07:51:51 +0800] "GET /?p=16586 HTTP/1.1" 429 0 "https://produk.bekasdapuran.com" "Mozilla/5.0 AppleWebKit/537.36 (KHTML, like Gecko; compatible; GPTBot/1.4; +https://openai.com/gptbot)"
74.7.227.182 - - [29/Jul/2026:07:52:46 +0800] "GET /?p=16268 HTTP/1.1" 301 0 "https://produk.bekasdapuran.com" "Mozilla/5.0 AppleWebKit/537.36 (KHTML, like Gecko; compatible; GPTBot/1.4; +https://openai.com/gptbot)"
74.7.227.182 - - [29/Jul/2026:07:52:47 +0800] "GET /2026/05/07/online-rummy-earn-real-money-australia/ HTTP/1.1" 429 0 "http://produk.bekasdapuran.com/?p=16268" "Mozilla/5.0 AppleWebKit/537.36 (KHTML, like Gecko; compatible; GPTBot/1.4; +https://openai.com/gptbot)"
