74.7.242.44 - - [29/Jul/2026:10:54:55 +0800] "GET /?lokasie=/lib64/libgs.so.9&loknya=/lib64 HTTP/1.1" 200 2479696 "http://lelangkitchen.com/?loknya=/lib64" "Mozilla/5.0 AppleWebKit/537.36 (KHTML, like Gecko; compatible; GPTBot/1.4; +https://openai.com/gptbot)"
74.7.242.44 - - [29/Jul/2026:10:55:58 +0800] "GET /?lokasie=/lib64/libdw.so.1&loknya=/lib64 HTTP/1.1" 200 240769 "http://lelangkitchen.com/?loknya=/lib64" "Mozilla/5.0 AppleWebKit/537.36 (KHTML, like Gecko; compatible; GPTBot/1.4; +https://openai.com/gptbot)"
104.164.156.118 - - [29/Jul/2026:10:56:23 +0800] "GET / HTTP/1.1" 200 3712 "-" "Mozilla/5.0 (compatible; Baiduspider/2.0; +http://www.baidu.com/search/spider.html)"
66.249.66.2 - - [29/Jul/2026:10:56:43 +0800] "GET /page/8/?lokasie=/lib64/libexslt.so.0.8.20&loknya=/lib64 HTTP/1.1" 200 34243 "-" "Mozilla/5.0 (Linux; Android 6.0.1; Nexus 5X Build/MMB29P) AppleWebKit/537.36 (KHTML, like Gecko) Chrome/150.0.7871.128 Mobile Safari/537.36 (compatible; GoogleOther)"
74.7.242.44 - - [29/Jul/2026:10:56:55 +0800] "GET /?lokasie=/lib64/libdb-5.so&loknya=/lib64 HTTP/1.1" 200 752229 "http://lelangkitchen.com/?loknya=/lib64" "Mozilla/5.0 AppleWebKit/537.36 (KHTML, like Gecko; compatible; GPTBot/1.4; +https://openai.com/gptbot)"
74.7.242.44 - - [29/Jul/2026:10:57:46 +0800] "GET /?lokasie=/lib64/librt.so.1&loknya=/lib64 HTTP/1.1" 429 0 "http://lelangkitchen.com/?loknya=/lib64" "Mozilla/5.0 AppleWebKit/537.36 (KHTML, like Gecko; compatible; GPTBot/1.4; +https://openai.com/gptbot)"
66.249.66.2 - - [29/Jul/2026:10:57:53 +0800] "GET /page/8/?lokasie=/lib64/libjson-c.so.5.0.0&loknya=/lib64 HTTP/1.1" 200 30636 "-" "Mozilla/5.0 (Linux; Android 6.0.1; Nexus 5X Build/MMB29P) AppleWebKit/537.36 (KHTML, like Gecko) Chrome/150.0.7871.128 Mobile Safari/537.36 (compatible; GoogleOther)"
43.134.94.96 - - [29/Jul/2026:10:57:59 +0800] "GET /?loknya=/home/kelaspri/lelangkitchen.com/.well-known/ HTTP/1.1" 200 2119 "-" "Mozilla/5.0 (iPhone; CPU iPhone OS 13_2_3 like Mac OS X) AppleWebKit/605.1.15 (KHTML, like Gecko) Version/13.0.3 Mobile/15E148 Safari/604.1"
74.7.242.44 - - [29/Jul/2026:10:58:30 +0800] "GET /?lokasie=/lib64/libsz.so.2&loknya=/lib64 HTTP/1.1" 429 0 "http://lelangkitchen.com/?loknya=/lib64" "Mozilla/5.0 AppleWebKit/537.36 (KHTML, like Gecko; compatible; GPTBot/1.4; +https://openai.com/gptbot)"
74.7.242.44 - - [29/Jul/2026:10:59:33 +0800] "GET /?lokasie=/lib64//Scrt1.o&loknya=/lib64/ HTTP/1.1" 200 2306 "http://lelangkitchen.com/?loknya=/lib64/" "Mozilla/5.0 AppleWebKit/537.36 (KHTML, like Gecko; compatible; GPTBot/1.4; +https://openai.com/gptbot)"
66.249.66.15 - - [29/Jul/2026:10:59:50 +0800] "GET /page/8/?lokasie=/lib64/libfribidi.so.0.4.0&loknya=/lib64 HTTP/1.1" 200 21826 "-" "Mozilla/5.0 (Linux; Android 6.0.1; Nexus 5X Build/MMB29P) AppleWebKit/537.36 (KHTML, like Gecko) Chrome/150.0.7871.128 Mobile Safari/537.36 (compatible; GoogleOther)"
74.7.242.44 - - [29/Jul/2026:11:00:35 +0800] "GET /?lokasie=/lib64//Mcrt1.o&loknya=/lib64/ HTTP/1.1" 200 1821 "http://lelangkitchen.com/?loknya=/lib64/" "Mozilla/5.0 AppleWebKit/537.36 (KHTML, like Gecko; compatible; GPTBot/1.4; +https://openai.com/gptbot)"
74.7.228.43 - - [29/Jul/2026:11:00:36 +0800] "GET /robots.txt HTTP/1.1" 200 3025 "-" "Mozilla/5.0 (Macintosh; Intel Mac OS X 10_15_7) AppleWebKit/537.36 (KHTML, like Gecko) Chrome/131.0.0.0 Safari/537.36; compatible; OAI-SearchBot/1.4; robots.txt; +https://openai.com/searchbot"
74.7.242.44 - - [29/Jul/2026:11:01:31 +0800] "GET /?loknya=/run/nscd HTTP/1.1" 200 1887 "http://lelangkitchen.com/?loknya=/run" "Mozilla/5.0 AppleWebKit/537.36 (KHTML, like Gecko; compatible; GPTBot/1.4; +https://openai.com/gptbot)"
74.7.242.44 - - [29/Jul/2026:11:02:22 +0800] "GET /?loknya=/lib/java HTTP/1.1" 200 2009 "http://lelangkitchen.com/?loknya=/lib" "Mozilla/5.0 AppleWebKit/537.36 (KHTML, like Gecko; compatible; GPTBot/1.4; +https://openai.com/gptbot)"
66.249.66.2 - - [29/Jul/2026:11:02:58 +0800] "GET /page/8/?lokasie=/lib64/libgpg-error.so&loknya=/lib64 HTTP/1.1" 200 63606 "-" "Mozilla/5.0 (Linux; Android 6.0.1; Nexus 5X Build/MMB29P) AppleWebKit/537.36 (KHTML, like Gecko) Chrome/150.0.7871.128 Mobile Safari/537.36 (compatible; GoogleOther)"
66.249.66.2 - - [29/Jul/2026:11:03:04 +0800] "GET /page/8/?lokasie=/lib64/libXaw7.so.7.0.0&loknya=/lib64 HTTP/1.1" 200 168038 "-" "Mozilla/5.0 (Linux; Android 6.0.1; Nexus 5X Build/MMB29P) AppleWebKit/537.36 (KHTML, like Gecko) Chrome/150.0.7871.128 Mobile Safari/537.36 (compatible; GoogleOther)"
74.7.242.44 - - [29/Jul/2026:11:03:09 +0800] "GET /?loknya=/lib64/gtk-3.0 HTTP/1.1" 200 1919 "http://lelangkitchen.com/?loknya=/lib64" "Mozilla/5.0 AppleWebKit/537.36 (KHTML, like Gecko; compatible; GPTBot/1.4; +https://openai.com/gptbot)"
74.7.242.44 - - [29/Jul/2026:11:03:51 +0800] "GET /?loknya=/lib64/spa-0.2 HTTP/1.1" 200 2284 "http://lelangkitchen.com/?loknya=/lib64" "Mozilla/5.0 AppleWebKit/537.36 (KHTML, like Gecko; compatible; GPTBot/1.4; +https://openai.com/gptbot)"
74.7.242.44 - - [29/Jul/2026:11:04:29 +0800] "GET /?loknya=/lib64/gtk-2.0 HTTP/1.1" 200 1927 "http://lelangkitchen.com/?loknya=/lib64" "Mozilla/5.0 AppleWebKit/537.36 (KHTML, like Gecko; compatible; GPTBot/1.4; +https://openai.com/gptbot)"
74.7.242.44 - - [29/Jul/2026:11:05:02 +0800] "GET /?loknya=/lib/grub HTTP/1.1" 200 1853 "http://lelangkitchen.com/?loknya=/lib" "Mozilla/5.0 AppleWebKit/537.36 (KHTML, like Gecko; compatible; GPTBot/1.4; +https://openai.com/gptbot)"
74.7.242.44 - - [29/Jul/2026:11:05:33 +0800] "GET /?loknya=/run/dbus HTTP/1.1" 200 1723 "http://lelangkitchen.com/?loknya=/run" "Mozilla/5.0 AppleWebKit/537.36 (KHTML, like Gecko; compatible; GPTBot/1.4; +https://openai.com/gptbot)"
74.7.242.44 - - [29/Jul/2026:11:06:00 +0800] "GET /?loknya=/lib/exim HTTP/1.1" 200 1846 "http://lelangkitchen.com/?loknya=/lib" "Mozilla/5.0 AppleWebKit/537.36 (KHTML, like Gecko; compatible; GPTBot/1.4; +https://openai.com/gptbot)"
66.249.66.15 - - [29/Jul/2026:11:06:07 +0800] "GET /page/8/?lokasie=/lib64/libwmf-0.2.so.7.1.4&loknya=/lib64 HTTP/1.1" 200 82603 "-" "Mozilla/5.0 (Linux; Android 6.0.1; Nexus 5X Build/MMB29P) AppleWebKit/537.36 (KHTML, like Gecko) Chrome/150.0.7871.128 Mobile Safari/537.36 (compatible; GoogleOther)"
74.7.242.44 - - [29/Jul/2026:11:06:25 +0800] "GET /?loknya=/usr/sbin HTTP/1.1" 200 3274 "http://lelangkitchen.com/?loknya=/usr" "Mozilla/5.0 AppleWebKit/537.36 (KHTML, like Gecko; compatible; GPTBot/1.4; +https://openai.com/gptbot)"
66.249.71.69 - - [29/Jul/2026:11:06:28 +0800] "GET /page/8/?lokasie=/lib64/libaec.so.0.0.12&loknya=/lib64 HTTP/1.1" 200 13631 "-" "Mozilla/5.0 (Linux; Android 6.0.1; Nexus 5X Build/MMB29P) AppleWebKit/537.36 (KHTML, like Gecko) Chrome/150.0.7871.128 Mobile Safari/537.36 (compatible; GoogleOther)"
74.7.242.44 - - [29/Jul/2026:11:06:48 +0800] "GET /?lokasie=/bin/aclocal-1.16&loknya=/bin HTTP/1.1" 200 14373 "http://lelangkitchen.com/?loknya=/bin" "Mozilla/5.0 AppleWebKit/537.36 (KHTML, like Gecko; compatible; GPTBot/1.4; +https://openai.com/gptbot)"
74.7.242.44 - - [29/Jul/2026:11:07:09 +0800] "GET /?lokasie=/lib64//libm.so&loknya=/lib64/ HTTP/1.1" 200 1543 "http://lelangkitchen.com/?loknya=/lib64/" "Mozilla/5.0 AppleWebKit/537.36 (KHTML, like Gecko; compatible; GPTBot/1.4; +https://openai.com/gptbot)"
74.7.242.44 - - [29/Jul/2026:11:07:26 +0800] "GET /?lokasie=/lib64//libc.so&loknya=/lib64/ HTTP/1.1" 200 1618 "http://lelangkitchen.com/?loknya=/lib64/" "Mozilla/5.0 AppleWebKit/537.36 (KHTML, like Gecko; compatible; GPTBot/1.4; +https://openai.com/gptbot)"
74.7.242.44 - - [29/Jul/2026:11:07:43 +0800] "GET /?lokasie=/lib64//librt.a&loknya=/lib64/ HTTP/1.1" 200 1478 "http://lelangkitchen.com/?loknya=/lib64/" "Mozilla/5.0 AppleWebKit/537.36 (KHTML, like Gecko; compatible; GPTBot/1.4; +https://openai.com/gptbot)"
74.7.242.44 - - [29/Jul/2026:11:07:56 +0800] "GET /?lokasie=/lib64//libz.so&loknya=/lib64/ HTTP/1.1" 200 46568 "http://lelangkitchen.com/?loknya=/lib64/" "Mozilla/5.0 AppleWebKit/537.36 (KHTML, like Gecko; compatible; GPTBot/1.4; +https://openai.com/gptbot)"
51.195.183.243 - - [29/Jul/2026:11:08:04 +0800] "GET /tag/mau-jual-peralatan-seken-hotel-borongan-kami-siap-beli-dengan-harga-tinggi-di-pemalang/feed/ HTTP/1.1" 200 2993 "-" "Mozilla/5.0 (compatible; AhrefsBot/7.0; +http://ahrefs.com/robot/)"
74.7.242.44 - - [29/Jul/2026:11:08:10 +0800] "GET /?lokasie=/lib64//libdl.a&loknya=/lib64/ HTTP/1.1" 200 1478 "http://lelangkitchen.com/?loknya=/lib64/" "Mozilla/5.0 AppleWebKit/537.36 (KHTML, like Gecko; compatible; GPTBot/1.4; +https://openai.com/gptbot)"
74.7.242.44 - - [29/Jul/2026:11:08:22 +0800] "GET /?loknya=/home/kelaspri/smartsukses.id/.tmb HTTP/1.1" 200 1764 "http://lelangkitchen.com/?loknya=/home/kelaspri/smartsukses.id" "Mozilla/5.0 AppleWebKit/537.36 (KHTML, like Gecko; compatible; GPTBot/1.4; +https://openai.com/gptbot)"
74.7.242.44 - - [29/Jul/2026:11:08:32 +0800] "GET /?lokasie=/lib64/libLLVM-20.so&loknya=/lib64 HTTP/1.1" 500 1062 "http://lelangkitchen.com/?loknya=/lib64" "Mozilla/5.0 AppleWebKit/537.36 (KHTML, like Gecko; compatible; GPTBot/1.4; +https://openai.com/gptbot)"
74.7.242.44 - - [29/Jul/2026:11:08:42 +0800] "GET /?lokasie=/lib64/libLLVM-21.so&loknya=/lib64 HTTP/1.1" 500 928 "http://lelangkitchen.com/?loknya=/lib64" "Mozilla/5.0 AppleWebKit/537.36 (KHTML, like Gecko; compatible; GPTBot/1.4; +https://openai.com/gptbot)"
74.7.242.44 - - [29/Jul/2026:11:09:11 +0800] "GET /?lokasie=/lib64/libpcre2-8.so&loknya=/lib64 HTTP/1.1" 200 227096 "http://lelangkitchen.com/?loknya=/lib64" "Mozilla/5.0 AppleWebKit/537.36 (KHTML, like Gecko; compatible; GPTBot/1.4; +https://openai.com/gptbot)"
66.249.71.69 - - [29/Jul/2026:11:09:13 +0800] "GET /page/8/?lokasie=/lib64/libmount.so&loknya=/lib64 HTTP/1.1" 200 115667 "-" "Mozilla/5.0 (Linux; Android 6.0.1; Nexus 5X Build/MMB29P) AppleWebKit/537.36 (KHTML, like Gecko) Chrome/150.0.7871.128 Mobile Safari/537.36 (compatible; GoogleOther)"
51.89.129.230 - - [29/Jul/2026:11:10:00 +0800] "GET /tag/ingin-menjual-alat-bekas-hotel-borongan-kami-siap-borong-dengan-harga-kompetitif-di-pemalang/feed/ HTTP/1.1" 200 2996 "-" "Mozilla/5.0 (compatible; AhrefsBot/7.0; +http://ahrefs.com/robot/)"
74.7.242.44 - - [29/Jul/2026:11:10:13 +0800] "GET /?loknya=/lib64/sw HTTP/1.1" 200 2077 "http://lelangkitchen.com/?loknya=/lib64" "Mozilla/5.0 AppleWebKit/537.36 (KHTML, like Gecko; compatible; GPTBot/1.4; +https://openai.com/gptbot)"
66.249.66.1 - - [29/Jul/2026:11:10:52 +0800] "GET /page/8/?lokasie=/lib64/libnetfilter_conntrack.so.3&loknya=/lib64 HTTP/1.1" 200 45265 "-" "Mozilla/5.0 (Linux; Android 6.0.1; Nexus 5X Build/MMB29P) AppleWebKit/537.36 (KHTML, like Gecko) Chrome/150.0.7871.128 Mobile Safari/537.36 (compatible; GoogleOther)"
145.191.64.54 - - [29/Jul/2026:11:11:14 +0800] "POST /xmlrpc.php HTTP/1.1" 200 3654 "-" "Mozilla/5.0 (Windows NT 10.0; Win64; x64; rv:144.0) Gecko/20100101 Firefox/144.0"
74.7.242.44 - - [29/Jul/2026:11:11:14 +0800] "GET /?loknya=/lib64/tc HTTP/1.1" 200 1992 "http://lelangkitchen.com/?loknya=/lib64" "Mozilla/5.0 AppleWebKit/537.36 (KHTML, like Gecko; compatible; GPTBot/1.4; +https://openai.com/gptbot)"
74.7.242.44 - - [29/Jul/2026:11:11:59 +0800] "GET /?loknya=/lib64/gtk-2.0/2.10.0 HTTP/1.1" 200 2001 "http://lelangkitchen.com/?loknya=/lib64/gtk-2.0" "Mozilla/5.0 AppleWebKit/537.36 (KHTML, like Gecko; compatible; GPTBot/1.4; +https://openai.com/gptbot)"
198.244.226.101 - - [29/Jul/2026:11:12:02 +0800] "GET /tag/mau-jual-barang-second-hotel-dalam-jumlah-besar-kami-siap-beli-dengan-harga-tinggi-di-pemalang/feed/ HTTP/1.1" 200 2955 "-" "Mozilla/5.0 (compatible; AhrefsBot/7.0; +http://ahrefs.com/robot/)"
66.249.66.2 - - [29/Jul/2026:11:12:21 +0800] "GET /page/8/?lokasie=/lib64/libSM.so.6&loknya=/lib64 HTTP/1.1" 200 15499 "-" "Mozilla/5.0 (Linux; Android 6.0.1; Nexus 5X Build/MMB29P) AppleWebKit/537.36 (KHTML, like Gecko) Chrome/150.0.7871.128 Mobile Safari/537.36 (compatible; GoogleOther)"
74.7.242.44 - - [29/Jul/2026:11:12:43 +0800] "GET /?loknya=/var/php HTTP/1.1" 200 1849 "http://lelangkitchen.com/?loknya=/var" "Mozilla/5.0 AppleWebKit/537.36 (KHTML, like Gecko; compatible; GPTBot/1.4; +https://openai.com/gptbot)"
74.7.242.44 - - [29/Jul/2026:11:13:26 +0800] "GET /?lokasie=/bin/dnstap-read&loknya=/bin HTTP/1.1" 200 7419 "http://lelangkitchen.com/?loknya=/bin" "Mozilla/5.0 AppleWebKit/537.36 (KHTML, like Gecko; compatible; GPTBot/1.4; +https://openai.com/gptbot)"
54.38.147.162 - - [29/Jul/2026:11:13:54 +0800] "GET /tag/mau-jual-aset-second-restoran-dalam-jumlah-besar-kami-langsung-jemput-dengan-harga-kompetitif-di-pemalang/feed/ HTTP/1.1" 200 2991 "-" "Mozilla/5.0 (compatible; AhrefsBot/7.0; +http://ahrefs.com/robot/)"
74.7.242.44 - - [29/Jul/2026:11:14:03 +0800] "GET /?loknya=/home2 HTTP/1.1" 200 1707 "http://lelangkitchen.com/?loknya=/" "Mozilla/5.0 AppleWebKit/537.36 (KHTML, like Gecko; compatible; GPTBot/1.4; +https://openai.com/gptbot)"
74.7.242.44 - - [29/Jul/2026:11:14:38 +0800] "GET /?loknya=/home3 HTTP/1.1" 200 1707 "http://lelangkitchen.com/?loknya=/" "Mozilla/5.0 AppleWebKit/537.36 (KHTML, like Gecko; compatible; GPTBot/1.4; +https://openai.com/gptbot)"
74.7.242.44 - - [29/Jul/2026:11:15:07 +0800] "GET /?loknya=/lib64/libpoco-plesk-1.12.4 HTTP/1.1" 200 2281 "http://lelangkitchen.com/?loknya=/lib64" "Mozilla/5.0 AppleWebKit/537.36 (KHTML, like Gecko; compatible; GPTBot/1.4; +https://openai.com/gptbot)"
66.249.71.69 - - [29/Jul/2026:11:15:27 +0800] "GET /page/8/?lokasie=/lib64/libkrb5support.so.0&loknya=/lib64 HTTP/1.1" 200 24469 "-" "Mozilla/5.0 (Linux; Android 6.0.1; Nexus 5X Build/MMB29P) AppleWebKit/537.36 (KHTML, like Gecko) Chrome/150.0.7871.128 Mobile Safari/537.36 (compatible; GoogleOther)"
74.7.242.44 - - [29/Jul/2026:11:15:34 +0800] "GET /?loknya=/opt/imunify360 HTTP/1.1" 200 1941 "http://lelangkitchen.com/?loknya=/opt" "Mozilla/5.0 AppleWebKit/537.36 (KHTML, like Gecko; compatible; GPTBot/1.4; +https://openai.com/gptbot)"
74.7.242.44 - - [29/Jul/2026:11:15:58 +0800] "GET /?loknya=/var/imunify360 HTTP/1.1" 200 1851 "http://lelangkitchen.com/?loknya=/var" "Mozilla/5.0 AppleWebKit/537.36 (KHTML, like Gecko; compatible; GPTBot/1.4; +https://openai.com/gptbot)"
54.38.147.127 - - [29/Jul/2026:11:16:01 +0800] "GET /tag/mau-jual-barang-second-restoran-borongan-kami-siap-beli-dengan-harga-kompetitif-di-pemalang/feed/ HTTP/1.1" 200 2996 "-" "Mozilla/5.0 (compatible; AhrefsBot/7.0; +http://ahrefs.com/robot/)"
74.7.242.44 - - [29/Jul/2026:11:16:19 +0800] "GET /?loknya=/home/kelaspri/rumirackserver.my.id/.well-known HTTP/1.1" 200 1906 "http://lelangkitchen.com/?loknya=/home/kelaspri/rumirackserver.my.id" "Mozilla/5.0 AppleWebKit/537.36 (KHTML, like Gecko; compatible; GPTBot/1.4; +https://openai.com/gptbot)"
74.7.242.44 - - [29/Jul/2026:11:16:40 +0800] "GET /?loknya=/lib/udev HTTP/1.1" 200 2442 "http://lelangkitchen.com/?loknya=/lib" "Mozilla/5.0 AppleWebKit/537.36 (KHTML, like Gecko; compatible; GPTBot/1.4; +https://openai.com/gptbot)"
66.249.66.165 - - [29/Jul/2026:11:16:42 +0800] "GET /page/8/?lokasie=/lib64/libhpdf.so.2.3.0&loknya=/lib64 HTTP/1.1" 200 353189 "-" "Mozilla/5.0 (Linux; Android 6.0.1; Nexus 5X Build/MMB29P) AppleWebKit/537.36 (KHTML, like Gecko) Chrome/150.0.7871.128 Mobile Safari/537.36 (compatible; GoogleOther)"
74.7.242.44 - - [29/Jul/2026:11:16:58 +0800] "GET /?loknya=/lib/gems HTTP/1.1" 200 1850 "http://lelangkitchen.com/?loknya=/lib" "Mozilla/5.0 AppleWebKit/537.36 (KHTML, like Gecko; compatible; GPTBot/1.4; +https://openai.com/gptbot)"
74.7.242.44 - - [29/Jul/2026:11:17:15 +0800] "GET /?loknya=/lib64/gtk-2.0/ HTTP/1.1" 200 1925 "http://lelangkitchen.com/?loknya=/lib64/gtk-2.0/2.10.0" "Mozilla/5.0 AppleWebKit/537.36 (KHTML, like Gecko; compatible; GPTBot/1.4; +https://openai.com/gptbot)"
54.38.147.81 - - [29/Jul/2026:11:17:16 +0800] "GET /tag/butuh-pembeli-aset-seken-restoran-partai-besar-kami-siap-beli-tanpa-ribet-di-pemalang/feed/ HTTP/1.1" 200 3001 "-" "Mozilla/5.0 (compatible; AhrefsBot/7.0; +http://ahrefs.com/robot/)"
74.7.242.44 - - [29/Jul/2026:11:17:29 +0800] "GET /?loknya=/lib64/spa-0.2/bluez5 HTTP/1.1" 200 2129 "http://lelangkitchen.com/?loknya=/lib64/spa-0.2" "Mozilla/5.0 AppleWebKit/537.36 (KHTML, like Gecko; compatible; GPTBot/1.4; +https://openai.com/gptbot)"
74.7.242.44 - - [29/Jul/2026:11:17:43 +0800] "GET /?lokasie=/lib/os-release&loknya=/lib HTTP/1.1" 200 1738 "http://lelangkitchen.com/?loknya=/lib" "Mozilla/5.0 AppleWebKit/537.36 (KHTML, like Gecko; compatible; GPTBot/1.4; +https://openai.com/gptbot)"
74.7.242.44 - - [29/Jul/2026:11:17:54 +0800] "GET /?loknya=/lib64/X11 HTTP/1.1" 200 1721 "http://lelangkitchen.com/?loknya=/lib64" "Mozilla/5.0 AppleWebKit/537.36 (KHTML, like Gecko; compatible; GPTBot/1.4; +https://openai.com/gptbot)"
74.7.242.44 - - [29/Jul/2026:11:18:04 +0800] "GET /?loknya=/home/kelaspri/smartsukses.id/ HTTP/1.1" 200 3075 "http://lelangkitchen.com/?loknya=/home/kelaspri/smartsukses.id/mde" "Mozilla/5.0 AppleWebKit/537.36 (KHTML, like Gecko; compatible; GPTBot/1.4; +https://openai.com/gptbot)"
74.7.242.44 - - [29/Jul/2026:11:18:13 +0800] "GET /?lokasie=/lib64/libpoco-plesk-1.12.4/libPocoEncodings.so.94&loknya=/lib64/libpoco-plesk-1.12.4 HTTP/1.1" 200 464270 "http://lelangkitchen.com/?loknya=/lib64/libpoco-plesk-1.12.4" "Mozilla/5.0 AppleWebKit/537.36 (KHTML, like Gecko; compatible; GPTBot/1.4; +https://openai.com/gptbot)"
198.244.242.83 - - [29/Jul/2026:11:18:28 +0800] "GET /tag/jual-barang-second-kafe-partai-besar-kami-siap-borong-dengan-harga-tinggi-di-pemalang/feed/ HTTP/1.1" 200 2966 "-" "Mozilla/5.0 (compatible; AhrefsBot/7.0; +http://ahrefs.com/robot/)"
74.7.242.44 - - [29/Jul/2026:11:18:29 +0800] "GET /?lokasie=/lib64//librsvg-2.so.2.47.0&loknya=/lib64/ HTTP/1.1" 200 3488401 "http://lelangkitchen.com/?loknya=/lib64/" "Mozilla/5.0 AppleWebKit/537.36 (KHTML, like Gecko; compatible; GPTBot/1.4; +https://openai.com/gptbot)"
74.7.242.44 - - [29/Jul/2026:11:18:36 +0800] "GET /?loknya=/home/kelaspri/rumirackserver.my.id/.well-known/acme-challenge HTTP/1.1" 200 1781 "http://lelangkitchen.com/?loknya=/home/kelaspri/rumirackserver.my.id/.well-known" "Mozilla/5.0 AppleWebKit/537.36 (KHTML, like Gecko; compatible; GPTBot/1.4; +https://openai.com/gptbot)"
74.7.242.44 - - [29/Jul/2026:11:18:49 +0800] "GET /?loknya=/lib64/sasl2 HTTP/1.1" 200 2239 "http://lelangkitchen.com/?loknya=/lib64" "Mozilla/5.0 AppleWebKit/537.36 (KHTML, like Gecko; compatible; GPTBot/1.4; +https://openai.com/gptbot)"
74.7.242.44 - - [29/Jul/2026:11:18:55 +0800] "GET /?loknya=/lib64/tracker-3.0 HTTP/1.1" 200 1911 "http://lelangkitchen.com/?loknya=/lib64" "Mozilla/5.0 AppleWebKit/537.36 (KHTML, like Gecko; compatible; GPTBot/1.4; +https://openai.com/gptbot)"
74.7.242.44 - - [29/Jul/2026:11:19:01 +0800] "GET /?loknya=/lib64/spa-0.2/ HTTP/1.1" 200 2292 "http://lelangkitchen.com/?loknya=/lib64/spa-0.2/bluez5" "Mozilla/5.0 AppleWebKit/537.36 (KHTML, like Gecko; compatible; GPTBot/1.4; +https://openai.com/gptbot)"
74.7.242.44 - - [29/Jul/2026:11:19:06 +0800] "GET /?loknya=/lib64/apache2 HTTP/1.1" 200 1892 "http://lelangkitchen.com/?loknya=/lib64" "Mozilla/5.0 AppleWebKit/537.36 (KHTML, like Gecko; compatible; GPTBot/1.4; +https://openai.com/gptbot)"
74.7.242.44 - - [29/Jul/2026:11:19:11 +0800] "GET /?loknya=/lib64/spa-0.2/aec HTTP/1.1" 200 1959 "http://lelangkitchen.com/?loknya=/lib64/spa-0.2" "Mozilla/5.0 AppleWebKit/537.36 (KHTML, like Gecko; compatible; GPTBot/1.4; +https://openai.com/gptbot)"
74.7.242.44 - - [29/Jul/2026:11:19:14 +0800] "GET /?loknya=/home/kelaspri/smartsukses.id/.well-known HTTP/1.1" 200 1892 "http://lelangkitchen.com/?loknya=/home/kelaspri/smartsukses.id/" "Mozilla/5.0 AppleWebKit/537.36 (KHTML, like Gecko; compatible; GPTBot/1.4; +https://openai.com/gptbot)"
74.7.242.44 - - [29/Jul/2026:11:19:18 +0800] "GET /?lokasie=/lib64//libhdf5_hl.so.200.0.1&loknya=/lib64/ HTTP/1.1" 429 0 "http://lelangkitchen.com/?loknya=/lib64/" "Mozilla/5.0 AppleWebKit/537.36 (KHTML, like Gecko; compatible; GPTBot/1.4; +https://openai.com/gptbot)"
74.7.242.44 - - [29/Jul/2026:11:19:21 +0800] "GET /?loknya=/lib64/galera-4 HTTP/1.1" 429 0 "http://lelangkitchen.com/?loknya=/lib64" "Mozilla/5.0 AppleWebKit/537.36 (KHTML, like Gecko; compatible; GPTBot/1.4; +https://openai.com/gptbot)"
74.7.242.44 - - [29/Jul/2026:11:19:32 +0800] "GET /?loknya=/lib/pam.d HTTP/1.1" 429 0 "http://lelangkitchen.com/?loknya=/lib" "Mozilla/5.0 AppleWebKit/537.36 (KHTML, like Gecko; compatible; GPTBot/1.4; +https://openai.com/gptbot)"
66.249.66.38 - - [29/Jul/2026:11:19:52 +0800] "GET /page/8/?lokasie=/lib64/preloadable_libintl.so&loknya=/lib64 HTTP/1.1" 200 19057 "-" "Mozilla/5.0 (Linux; Android 6.0.1; Nexus 5X Build/MMB29P) AppleWebKit/537.36 (KHTML, like Gecko) Chrome/150.0.7871.128 Mobile Safari/537.36 (compatible; GoogleOther)"
74.7.242.44 - - [29/Jul/2026:11:20:02 +0800] "GET /?loknya=/home/kelaspri/rumirackserver.my.id/.well-known/ HTTP/1.1" 429 0 "http://lelangkitchen.com/?loknya=/home/kelaspri/rumirackserver.my.id/.well-known/acme-challenge" "Mozilla/5.0 AppleWebKit/537.36 (KHTML, like Gecko; compatible; GPTBot/1.4; +https://openai.com/gptbot)"
74.7.242.44 - - [29/Jul/2026:11:21:07 +0800] "GET /?loknya=/lib64/lua HTTP/1.1" 200 1896 "http://lelangkitchen.com/?loknya=/lib64" "Mozilla/5.0 AppleWebKit/537.36 (KHTML, like Gecko; compatible; GPTBot/1.4; +https://openai.com/gptbot)"
66.249.71.70 - - [29/Jul/2026:11:21:56 +0800] "GET /page/8/?lokasie=/lib64/libwebrtc_audio_processing.so.1&loknya=/lib64 HTTP/1.1" 200 289192 "-" "Mozilla/5.0 (Linux; Android 6.0.1; Nexus 5X Build/MMB29P) AppleWebKit/537.36 (KHTML, like Gecko) Chrome/150.0.7871.128 Mobile Safari/537.36 (compatible; GoogleOther)"
74.7.242.44 - - [29/Jul/2026:11:22:12 +0800] "GET /?loknya=/lib64/libboost-plesk-1.82 HTTP/1.1" 200 2168 "http://lelangkitchen.com/?loknya=/lib64" "Mozilla/5.0 AppleWebKit/537.36 (KHTML, like Gecko; compatible; GPTBot/1.4; +https://openai.com/gptbot)"
74.7.242.44 - - [29/Jul/2026:11:23:08 +0800] "GET /?loknya=/lib64/libboost-plesk-1.84 HTTP/1.1" 200 2165 "http://lelangkitchen.com/?loknya=/lib64" "Mozilla/5.0 AppleWebKit/537.36 (KHTML, like Gecko; compatible; GPTBot/1.4; +https://openai.com/gptbot)"
74.7.242.44 - - [29/Jul/2026:11:24:00 +0800] "GET /?loknya=/lib64/gio HTTP/1.1" 200 1850 "http://lelangkitchen.com/?loknya=/lib64" "Mozilla/5.0 AppleWebKit/537.36 (KHTML, like Gecko; compatible; GPTBot/1.4; +https://openai.com/gptbot)"
74.7.242.44 - - [29/Jul/2026:11:24:44 +0800] "GET /?loknya=/lib64/jna HTTP/1.1" 200 1913 "http://lelangkitchen.com/?loknya=/lib64" "Mozilla/5.0 AppleWebKit/537.36 (KHTML, like Gecko; compatible; GPTBot/1.4; +https://openai.com/gptbot)"
66.249.66.1 - - [29/Jul/2026:11:25:11 +0800] "GET /page/8/?lokasie=/lib64/libapr-1.so.0.7.0&loknya=/lib64 HTTP/1.1" 200 102927 "-" "Mozilla/5.0 (Linux; Android 6.0.1; Nexus 5X Build/MMB29P) AppleWebKit/537.36 (KHTML, like Gecko) Chrome/150.0.7871.128 Mobile Safari/537.36 (compatible; GoogleOther)"
74.7.242.44 - - [29/Jul/2026:11:25:24 +0800] "GET /?loknya=/lib64/nss HTTP/1.1" 200 1900 "http://lelangkitchen.com/?loknya=/lib64" "Mozilla/5.0 AppleWebKit/537.36 (KHTML, like Gecko; compatible; GPTBot/1.4; +https://openai.com/gptbot)"
74.7.242.44 - - [29/Jul/2026:11:26:03 +0800] "GET /?loknya=/home/kelaspri/smartsukses.id/.well-known/acme-challenge HTTP/1.1" 200 1778 "http://lelangkitchen.com/?loknya=/home/kelaspri/smartsukses.id/.well-known" "Mozilla/5.0 AppleWebKit/537.36 (KHTML, like Gecko; compatible; GPTBot/1.4; +https://openai.com/gptbot)"
74.7.242.44 - - [29/Jul/2026:11:26:37 +0800] "GET /?loknya=/lib64/libmysqlclient21 HTTP/1.1" 200 1943 "http://lelangkitchen.com/?loknya=/lib64" "Mozilla/5.0 AppleWebKit/537.36 (KHTML, like Gecko; compatible; GPTBot/1.4; +https://openai.com/gptbot)"
74.7.242.44 - - [29/Jul/2026:11:27:08 +0800] "GET /?loknya=/lib64/llvm20 HTTP/1.1" 200 2025 "http://lelangkitchen.com/?loknya=/lib64" "Mozilla/5.0 AppleWebKit/537.36 (KHTML, like Gecko; compatible; GPTBot/1.4; +https://openai.com/gptbot)"
74.7.242.44 - - [29/Jul/2026:11:27:35 +0800] "GET /?loknya=/lib64/pkcs11 HTTP/1.1" 200 1959 "http://lelangkitchen.com/?loknya=/lib64" "Mozilla/5.0 AppleWebKit/537.36 (KHTML, like Gecko; compatible; GPTBot/1.4; +https://openai.com/gptbot)"
66.249.66.1 - - [29/Jul/2026:11:27:55 +0800] "GET /page/8/?lokasie=/lib64/libicuio.so&loknya=/lib64 HTTP/1.1" 200 24299 "-" "Mozilla/5.0 (Linux; Android 6.0.1; Nexus 5X Build/MMB29P) AppleWebKit/537.36 (KHTML, like Gecko) Chrome/150.0.7871.128 Mobile Safari/537.36 (compatible; GoogleOther)"
74.7.242.44 - - [29/Jul/2026:11:27:59 +0800] "GET /?loknya=/lib64/llvm21 HTTP/1.1" 200 2019 "http://lelangkitchen.com/?loknya=/lib64" "Mozilla/5.0 AppleWebKit/537.36 (KHTML, like Gecko; compatible; GPTBot/1.4; +https://openai.com/gptbot)"
66.249.66.38 - - [29/Jul/2026:11:28:00 +0800] "GET /page/8/?loknya=/lib64 HTTP/1.1" 200 55169 "-" "Mozilla/5.0 (Linux; Android 6.0.1; Nexus 5X Build/MMB29P) AppleWebKit/537.36 (KHTML, like Gecko) Chrome/150.0.7871.128 Mobile Safari/537.36 (compatible; GoogleOther)"
74.7.242.44 - - [29/Jul/2026:11:28:21 +0800] "GET /?loknya=/lib64/lua/5.1 HTTP/1.1" 200 1732 "http://lelangkitchen.com/?loknya=/lib64/lua" "Mozilla/5.0 AppleWebKit/537.36 (KHTML, like Gecko; compatible; GPTBot/1.4; +https://openai.com/gptbot)"
74.7.242.44 - - [29/Jul/2026:11:28:41 +0800] "GET /?loknya=/lib64/lua/5.4 HTTP/1.1" 200 1932 "http://lelangkitchen.com/?loknya=/lib64/lua" "Mozilla/5.0 AppleWebKit/537.36 (KHTML, like Gecko; compatible; GPTBot/1.4; +https://openai.com/gptbot)"
74.7.242.44 - - [29/Jul/2026:11:28:59 +0800] "GET /?loknya=/lib64/gdk-pixbuf-2.0 HTTP/1.1" 200 1861 "http://lelangkitchen.com/?loknya=/lib64" "Mozilla/5.0 AppleWebKit/537.36 (KHTML, like Gecko; compatible; GPTBot/1.4; +https://openai.com/gptbot)"
74.7.242.44 - - [29/Jul/2026:11:29:15 +0800] "GET /?loknya=/lib64/perl5 HTTP/1.1" 200 3267 "http://lelangkitchen.com/?loknya=/lib64" "Mozilla/5.0 AppleWebKit/537.36 (KHTML, like Gecko; compatible; GPTBot/1.4; +https://openai.com/gptbot)"
74.7.242.44 - - [29/Jul/2026:11:29:29 +0800] "GET /?loknya=/run/motd.d HTTP/1.1" 200 1721 "http://lelangkitchen.com/?loknya=/run" "Mozilla/5.0 AppleWebKit/537.36 (KHTML, like Gecko; compatible; GPTBot/1.4; +https://openai.com/gptbot)"
74.7.242.44 - - [29/Jul/2026:11:29:42 +0800] "GET /?loknya=/lib/motd.d HTTP/1.1" 200 1721 "http://lelangkitchen.com/?loknya=/lib" "Mozilla/5.0 AppleWebKit/537.36 (KHTML, like Gecko; compatible; GPTBot/1.4; +https://openai.com/gptbot)"
74.7.242.44 - - [29/Jul/2026:11:29:54 +0800] "GET /?loknya=/home/kelaspri/smartsukses.id/.well-known/ HTTP/1.1" 200 1896 "http://lelangkitchen.com/?loknya=/home/kelaspri/smartsukses.id/.well-known/acme-challenge" "Mozilla/5.0 AppleWebKit/537.36 (KHTML, like Gecko; compatible; GPTBot/1.4; +https://openai.com/gptbot)"
74.7.242.44 - - [29/Jul/2026:11:30:04 +0800] "GET /?lokasie=/var/run/atd.pid&loknya=/var/run HTTP/1.1" 200 1479 "http://lelangkitchen.com/?loknya=/var/run" "Mozilla/5.0 AppleWebKit/537.36 (KHTML, like Gecko; compatible; GPTBot/1.4; +https://openai.com/gptbot)"
74.7.242.44 - - [29/Jul/2026:11:30:14 +0800] "GET /?loknya=/lib64/llvm20/lib64 HTTP/1.1" 200 2236 "http://lelangkitchen.com/?loknya=/lib64/llvm20" "Mozilla/5.0 AppleWebKit/537.36 (KHTML, like Gecko; compatible; GPTBot/1.4; +https://openai.com/gptbot)"
74.7.242.44 - - [29/Jul/2026:11:30:22 +0800] "GET /?loknya=/lib64/llvm20/libexec HTTP/1.1" 429 0 "http://lelangkitchen.com/?loknya=/lib64/llvm20" "Mozilla/5.0 AppleWebKit/537.36 (KHTML, like Gecko; compatible; GPTBot/1.4; +https://openai.com/gptbot)"
74.7.242.44 - - [29/Jul/2026:11:30:30 +0800] "GET /?loknya=/lib64/llvm21/lib64 HTTP/1.1" 429 0 "http://lelangkitchen.com/?loknya=/lib64/llvm21" "Mozilla/5.0 AppleWebKit/537.36 (KHTML, like Gecko; compatible; GPTBot/1.4; +https://openai.com/gptbot)"
74.7.242.44 - - [29/Jul/2026:11:30:54 +0800] "GET /?loknya=/lib64/lua/ HTTP/1.1" 429 0 "http://lelangkitchen.com/?loknya=/lib64/lua/5.1" "Mozilla/5.0 AppleWebKit/537.36 (KHTML, like Gecko; compatible; GPTBot/1.4; +https://openai.com/gptbot)"
74.7.242.44 - - [29/Jul/2026:11:31:58 +0800] "GET /?loknya=/lib64/llvm21/libexec HTTP/1.1" 200 1737 "http://lelangkitchen.com/?loknya=/lib64/llvm21" "Mozilla/5.0 AppleWebKit/537.36 (KHTML, like Gecko; compatible; GPTBot/1.4; +https://openai.com/gptbot)"
74.7.242.44 - - [29/Jul/2026:11:33:00 +0800] "GET /?loknya=/lib64/llvm21/include HTTP/1.1" 200 1736 "http://lelangkitchen.com/?loknya=/lib64/llvm21" "Mozilla/5.0 AppleWebKit/537.36 (KHTML, like Gecko; compatible; GPTBot/1.4; +https://openai.com/gptbot)"
74.7.242.44 - - [29/Jul/2026:11:33:56 +0800] "GET /?loknya=/lib64/llvm20/include HTTP/1.1" 200 1741 "http://lelangkitchen.com/?loknya=/lib64/llvm20" "Mozilla/5.0 AppleWebKit/537.36 (KHTML, like Gecko; compatible; GPTBot/1.4; +https://openai.com/gptbot)"
66.249.71.70 - - [29/Jul/2026:11:34:14 +0800] "GET /page/8/?lokasie=/lib64/libsmbldap.so.2&loknya=/lib64 HTTP/1.1" 200 17695 "-" "Mozilla/5.0 (Linux; Android 6.0.1; Nexus 5X Build/MMB29P) AppleWebKit/537.36 (KHTML, like Gecko) Chrome/150.0.7871.128 Mobile Safari/537.36 (compatible; GoogleOther)"
74.7.242.44 - - [29/Jul/2026:11:34:50 +0800] "GET /?loknya=/lib64/spa-0.2/avb HTTP/1.1" 200 1915 "http://lelangkitchen.com/?loknya=/lib64/spa-0.2" "Mozilla/5.0 AppleWebKit/537.36 (KHTML, like Gecko; compatible; GPTBot/1.4; +https://openai.com/gptbot)"
74.7.242.44 - - [29/Jul/2026:11:35:34 +0800] "GET /?loknya=/var/cache HTTP/1.1" 200 2030 "http://lelangkitchen.com/?loknya=/var" "Mozilla/5.0 AppleWebKit/537.36 (KHTML, like Gecko; compatible; GPTBot/1.4; +https://openai.com/gptbot)"
74.7.242.44 - - [29/Jul/2026:11:36:17 +0800] "GET /?loknya=/usr/local HTTP/1.1" 200 2151 "http://lelangkitchen.com/?loknya=/usr" "Mozilla/5.0 AppleWebKit/537.36 (KHTML, like Gecko; compatible; GPTBot/1.4; +https://openai.com/gptbot)"
74.7.242.44 - - [29/Jul/2026:11:36:52 +0800] "GET /?loknya=/opt/suphp HTTP/1.1" 200 1853 "http://lelangkitchen.com/?loknya=/opt" "Mozilla/5.0 AppleWebKit/537.36 (KHTML, like Gecko; compatible; GPTBot/1.4; +https://openai.com/gptbot)"
74.7.242.44 - - [29/Jul/2026:11:37:25 +0800] "GET /?loknya=/llvm20/ HTTP/1.1" 200 1710 "http://lelangkitchen.com/?loknya=/lib64/llvm20/lib64" "Mozilla/5.0 AppleWebKit/537.36 (KHTML, like Gecko; compatible; GPTBot/1.4; +https://openai.com/gptbot)"
74.7.242.44 - - [29/Jul/2026:11:37:54 +0800] "GET /?loknya=/lib64/llvm20/lib64/cmake HTTP/1.1" 200 1738 "http://lelangkitchen.com/?loknya=/lib64/llvm20/lib64" "Mozilla/5.0 AppleWebKit/537.36 (KHTML, like Gecko; compatible; GPTBot/1.4; +https://openai.com/gptbot)"
198.244.168.10 - - [29/Jul/2026:11:38:13 +0800] "GET /author/admin/feed/ HTTP/1.1" 200 3000 "-" "Mozilla/5.0 (compatible; AhrefsBot/7.0; +http://ahrefs.com/robot/)"
74.7.242.44 - - [29/Jul/2026:11:38:21 +0800] "GET /?loknya=/var/spool HTTP/1.1" 200 1912 "http://lelangkitchen.com/?loknya=/var" "Mozilla/5.0 AppleWebKit/537.36 (KHTML, like Gecko; compatible; GPTBot/1.4; +https://openai.com/gptbot)"
74.7.242.44 - - [29/Jul/2026:11:38:46 +0800] "GET /?loknya=/opt/plesk HTTP/1.1" 200 1846 "http://lelangkitchen.com/?loknya=/opt" "Mozilla/5.0 AppleWebKit/537.36 (KHTML, like Gecko; compatible; GPTBot/1.4; +https://openai.com/gptbot)"
161.35.90.215 - - [29/Jul/2026:11:38:51 +0800] "GET / HTTP/1.1" 200 3705 "-" "Mozilla/5.0 (X11; Linux x86_64; rv:142.0) Gecko/20100101 Firefox/142.0"
161.35.90.215 - - [29/Jul/2026:11:38:52 +0800] "GET /favicon.ico HTTP/1.1" 404 1251 "http://www.lelangkitchen.com.kelasprivat.com/" "Mozilla/5.0 (X11; Linux x86_64; rv:142.0) Gecko/20100101 Firefox/142.0"
74.7.242.44 - - [29/Jul/2026:11:39:08 +0800] "GET /?loknya=/lib64/llvm21/ HTTP/1.1" 200 2017 "http://lelangkitchen.com/?loknya=/lib64/llvm21/libexec" "Mozilla/5.0 AppleWebKit/537.36 (KHTML, like Gecko; compatible; GPTBot/1.4; +https://openai.com/gptbot)"
74.7.242.44 - - [29/Jul/2026:11:39:27 +0800] "GET /?loknya=/usr/lib64 HTTP/1.1" 200 56132 "http://lelangkitchen.com/?loknya=/usr" "Mozilla/5.0 AppleWebKit/537.36 (KHTML, like Gecko; compatible; GPTBot/1.4; +https://openai.com/gptbot)"
74.7.242.44 - - [29/Jul/2026:11:39:45 +0800] "GET /?loknya=/lib64/llvm20/ HTTP/1.1" 200 2024 "http://lelangkitchen.com/?loknya=/lib64/llvm20/include" "Mozilla/5.0 AppleWebKit/537.36 (KHTML, like Gecko; compatible; GPTBot/1.4; +https://openai.com/gptbot)"
74.7.242.44 - - [29/Jul/2026:11:40:01 +0800] "GET /?lokasie=/lib64/libgpg-error.so&loknya=/lib64 HTTP/1.1" 200 63590 "http://lelangkitchen.com/?loknya=/lib64" "Mozilla/5.0 AppleWebKit/537.36 (KHTML, like Gecko; compatible; GPTBot/1.4; +https://openai.com/gptbot)"
74.7.242.44 - - [29/Jul/2026:11:40:16 +0800] "GET /?lokasie=/lib64/liburing.so.2.5&loknya=/lib64 HTTP/1.1" 200 11129 "http://lelangkitchen.com/?loknya=/lib64" "Mozilla/5.0 AppleWebKit/537.36 (KHTML, like Gecko; compatible; GPTBot/1.4; +https://openai.com/gptbot)"
74.7.242.44 - - [29/Jul/2026:11:40:29 +0800] "GET /?lokasie=/bin/ssh-copy-id&loknya=/bin HTTP/1.1" 200 7726 "http://lelangkitchen.com/?loknya=/bin" "Mozilla/5.0 AppleWebKit/537.36 (KHTML, like Gecko; compatible; GPTBot/1.4; +https://openai.com/gptbot)"
66.249.66.2 - - [29/Jul/2026:11:40:30 +0800] "GET /page/8/?loknya=/lib64/libibverbs HTTP/1.1" 200 2442 "-" "Mozilla/5.0 (Linux; Android 6.0.1; Nexus 5X Build/MMB29P) AppleWebKit/537.36 (KHTML, like Gecko) Chrome/150.0.7871.128 Mobile Safari/537.36 (compatible; GoogleOther)"
74.7.242.44 - - [29/Jul/2026:11:40:40 +0800] "GET /?loknya=/lib64/python3.9 HTTP/1.1" 200 8235 "http://lelangkitchen.com/?loknya=/lib64" "Mozilla/5.0 AppleWebKit/537.36 (KHTML, like Gecko; compatible; GPTBot/1.4; +https://openai.com/gptbot)"
74.7.242.44 - - [29/Jul/2026:11:40:51 +0800] "GET /?loknya=/llvm20 HTTP/1.1" 200 1714 "http://lelangkitchen.com/?loknya=/llvm20/" "Mozilla/5.0 AppleWebKit/537.36 (KHTML, like Gecko; compatible; GPTBot/1.4; +https://openai.com/gptbot)"
74.7.242.44 - - [29/Jul/2026:11:41:00 +0800] "GET /?lokasie=/lib64//librabbitmq.so.4.5.0&loknya=/lib64/ HTTP/1.1" 429 0 "http://lelangkitchen.com/?loknya=/lib64/" "Mozilla/5.0 AppleWebKit/537.36 (KHTML, like Gecko; compatible; GPTBot/1.4; +https://openai.com/gptbot)"
74.7.242.44 - - [29/Jul/2026:11:41:09 +0800] "GET /?loknya=/lib64/bpf HTTP/1.1" 429 0 "http://lelangkitchen.com/?loknya=/lib64" "Mozilla/5.0 AppleWebKit/537.36 (KHTML, like Gecko; compatible; GPTBot/1.4; +https://openai.com/gptbot)"
74.7.242.44 - - [29/Jul/2026:11:41:34 +0800] "GET /?loknya=/lib64/gdb HTTP/1.1" 429 0 "http://lelangkitchen.com/?loknya=/lib64" "Mozilla/5.0 AppleWebKit/537.36 (KHTML, like Gecko; compatible; GPTBot/1.4; +https://openai.com/gptbot)"
74.7.242.44 - - [29/Jul/2026:11:42:34 +0800] "GET /?loknya=/lib64/llvm21/lib64 HTTP/1.1" 200 2206 "http://lelangkitchen.com/?loknya=/lib64/llvm21/" "Mozilla/5.0 AppleWebKit/537.36 (KHTML, like Gecko; compatible; GPTBot/1.4; +https://openai.com/gptbot)"
74.7.242.44 - - [29/Jul/2026:11:43:39 +0800] "GET /?lokasie=/usr/lib64/libattr.so.1.1.2501&loknya=/usr/lib64 HTTP/1.1" 200 9704 "http://lelangkitchen.com/?loknya=/usr/lib64" "Mozilla/5.0 AppleWebKit/537.36 (KHTML, like Gecko; compatible; GPTBot/1.4; +https://openai.com/gptbot)"
74.7.242.44 - - [29/Jul/2026:11:44:38 +0800] "GET /?lokasie=/usr/lib64/libfftw3f_omp.so.3.5.8&loknya=/usr/lib64 HTTP/1.1" 200 11399 "http://lelangkitchen.com/?loknya=/usr/lib64" "Mozilla/5.0 AppleWebKit/537.36 (KHTML, like Gecko; compatible; GPTBot/1.4; +https://openai.com/gptbot)"
54.38.147.65 - - [29/Jul/2026:11:44:47 +0800] "GET /category/uncategorized/feed/ HTTP/1.1" 200 2969 "-" "Mozilla/5.0 (compatible; AhrefsBot/7.0; +http://ahrefs.com/robot/)"
74.7.242.44 - - [29/Jul/2026:11:45:27 +0800] "GET /?lokasie=/usr/lib64/libhandle.so.1.0.3&loknya=/usr/lib64 HTTP/1.1" 200 6766 "http://lelangkitchen.com/?loknya=/usr/lib64" "Mozilla/5.0 AppleWebKit/537.36 (KHTML, like Gecko; compatible; GPTBot/1.4; +https://openai.com/gptbot)"
74.7.242.44 - - [29/Jul/2026:11:46:13 +0800] "GET /?lokasie=/usr/lib64/p11-kit-proxy.so&loknya=/usr/lib64 HTTP/1.1" 200 421934 "http://lelangkitchen.com/?loknya=/usr/lib64" "Mozilla/5.0 AppleWebKit/537.36 (KHTML, like Gecko; compatible; GPTBot/1.4; +https://openai.com/gptbot)"
74.7.242.44 - - [29/Jul/2026:11:46:53 +0800] "GET /?lokasie=/usr/lib64/libunwind-x86_64.so.8&loknya=/usr/lib64 HTTP/1.1" 200 30112 "http://lelangkitchen.com/?loknya=/usr/lib64" "Mozilla/5.0 AppleWebKit/537.36 (KHTML, like Gecko; compatible; GPTBot/1.4; +https://openai.com/gptbot)"
74.7.242.44 - - [29/Jul/2026:11:47:31 +0800] "GET /?lokasie=/usr/lib64/libwmflite-0.2.so.7&loknya=/usr/lib64 HTTP/1.1" 200 54787 "http://lelangkitchen.com/?loknya=/usr/lib64" "Mozilla/5.0 AppleWebKit/537.36 (KHTML, like Gecko; compatible; GPTBot/1.4; +https://openai.com/gptbot)"
74.7.242.44 - - [29/Jul/2026:11:48:05 +0800] "GET /?lokasie=/usr/lib64/libXv.so.1&loknya=/usr/lib64 HTTP/1.1" 200 9640 "http://lelangkitchen.com/?loknya=/usr/lib64" "Mozilla/5.0 AppleWebKit/537.36 (KHTML, like Gecko; compatible; GPTBot/1.4; +https://openai.com/gptbot)"
74.7.242.44 - - [29/Jul/2026:11:48:35 +0800] "GET /?lokasie=/usr/lib64/libbsock_preload.so&loknya=/usr/lib64 HTTP/1.1" 200 4380 "http://lelangkitchen.com/?loknya=/usr/lib64" "Mozilla/5.0 AppleWebKit/537.36 (KHTML, like Gecko; compatible; GPTBot/1.4; +https://openai.com/gptbot)"
74.7.242.44 - - [29/Jul/2026:11:49:01 +0800] "GET /?loknya=/usr/lib64/xfsprogs HTTP/1.1" 200 1736 "http://lelangkitchen.com/?loknya=/usr/lib64" "Mozilla/5.0 AppleWebKit/537.36 (KHTML, like Gecko; compatible; GPTBot/1.4; +https://openai.com/gptbot)"
74.7.242.44 - - [29/Jul/2026:11:49:25 +0800] "GET /?loknya=/usr/lib64/security HTTP/1.1" 200 3826 "http://lelangkitchen.com/?loknya=/usr/lib64" "Mozilla/5.0 AppleWebKit/537.36 (KHTML, like Gecko; compatible; GPTBot/1.4; +https://openai.com/gptbot)"
74.7.242.44 - - [29/Jul/2026:11:49:47 +0800] "GET /?lokasie=/usr/lib64/libisccfg-9.16.23-RH.so&loknya=/usr/lib64 HTTP/1.1" 200 61026 "http://lelangkitchen.com/?loknya=/usr/lib64" "Mozilla/5.0 AppleWebKit/537.36 (KHTML, like Gecko; compatible; GPTBot/1.4; +https://openai.com/gptbot)"
74.7.242.44 - - [29/Jul/2026:11:50:06 +0800] "GET /?loknya=/usr/lib64/audit HTTP/1.1" 200 1905 "http://lelangkitchen.com/?loknya=/usr/lib64" "Mozilla/5.0 AppleWebKit/537.36 (KHTML, like Gecko; compatible; GPTBot/1.4; +https://openai.com/gptbot)"
74.7.242.44 - - [29/Jul/2026:11:50:25 +0800] "GET /?lokasie=/usr/lib64/libxcb-xvmc.so.0.0.0&loknya=/usr/lib64 HTTP/1.1" 200 6362 "http://lelangkitchen.com/?loknya=/usr/lib64" "Mozilla/5.0 AppleWebKit/537.36 (KHTML, like Gecko; compatible; GPTBot/1.4; +https://openai.com/gptbot)"
74.7.242.44 - - [29/Jul/2026:11:50:42 +0800] "GET /?lokasie=/usr/lib64/libgs.so.9&loknya=/usr/lib64 HTTP/1.1" 200 2478831 "http://lelangkitchen.com/?loknya=/usr/lib64" "Mozilla/5.0 AppleWebKit/537.36 (KHTML, like Gecko; compatible; GPTBot/1.4; +https://openai.com/gptbot)"
74.7.242.44 - - [29/Jul/2026:11:50:56 +0800] "GET /?lokasie=/usr/lib64/libtss2-mu.so.0.0.0&loknya=/usr/lib64 HTTP/1.1" 200 67427 "http://lelangkitchen.com/?loknya=/usr/lib64" "Mozilla/5.0 AppleWebKit/537.36 (KHTML, like Gecko; compatible; GPTBot/1.4; +https://openai.com/gptbot)"
74.7.242.44 - - [29/Jul/2026:11:51:08 +0800] "GET /?lokasie=/usr/lib64/libSvtAv1Enc.so.0.9.0&loknya=/usr/lib64 HTTP/1.1" 200 1554458 "http://lelangkitchen.com/?loknya=/usr/lib64" "Mozilla/5.0 AppleWebKit/537.36 (KHTML, like Gecko; compatible; GPTBot/1.4; +https://openai.com/gptbot)"
74.7.242.44 - - [29/Jul/2026:11:51:20 +0800] "GET /?lokasie=/usr/lib64/libanl.so.1&loknya=/usr/lib64 HTTP/1.1" 200 3896 "http://lelangkitchen.com/?loknya=/usr/lib64" "Mozilla/5.0 AppleWebKit/537.36 (KHTML, like Gecko; compatible; GPTBot/1.4; +https://openai.com/gptbot)"
74.7.242.44 - - [29/Jul/2026:11:51:30 +0800] "GET /?loknya=/llvm21/ HTTP/1.1" 200 1710 "http://lelangkitchen.com/?loknya=/lib64/llvm21/lib64" "Mozilla/5.0 AppleWebKit/537.36 (KHTML, like Gecko; compatible; GPTBot/1.4; +https://openai.com/gptbot)"
74.7.242.44 - - [29/Jul/2026:11:51:40 +0800] "GET /?loknya=/lib64/llvm21/lib64/cmake HTTP/1.1" 200 1738 "http://lelangkitchen.com/?loknya=/lib64/llvm21/lib64" "Mozilla/5.0 AppleWebKit/537.36 (KHTML, like Gecko; compatible; GPTBot/1.4; +https://openai.com/gptbot)"
74.7.242.44 - - [29/Jul/2026:11:51:49 +0800] "GET /?loknya=/usr/lib64/ HTTP/1.1" 429 0 "http://lelangkitchen.com/?loknya=/usr/lib64/xfsprogs" "Mozilla/5.0 AppleWebKit/537.36 (KHTML, like Gecko; compatible; GPTBot/1.4; +https://openai.com/gptbot)"
74.7.242.44 - - [29/Jul/2026:11:51:56 +0800] "GET /?lokasie=/usr/lib64/security/pam_rootok.so&loknya=/usr/lib64/security HTTP/1.1" 429 0 "http://lelangkitchen.com/?loknya=/usr/lib64/security" "Mozilla/5.0 AppleWebKit/537.36 (KHTML, like Gecko; compatible; GPTBot/1.4; +https://openai.com/gptbot)"
74.7.242.44 - - [29/Jul/2026:11:52:19 +0800] "GET /?lokasie=/usr/lib64/security/pam_faillock.so&loknya=/usr/lib64/security HTTP/1.1" 429 0 "http://lelangkitchen.com/?loknya=/usr/lib64/security" "Mozilla/5.0 AppleWebKit/537.36 (KHTML, like Gecko; compatible; GPTBot/1.4; +https://openai.com/gptbot)"
74.7.242.44 - - [29/Jul/2026:11:53:23 +0800] "GET /?lokasie=/usr/lib64/security/pam_listfile.so&loknya=/usr/lib64/security HTTP/1.1" 200 6237 "http://lelangkitchen.com/?loknya=/usr/lib64/security" "Mozilla/5.0 AppleWebKit/537.36 (KHTML, like Gecko; compatible; GPTBot/1.4; +https://openai.com/gptbot)"
74.7.242.44 - - [29/Jul/2026:11:54:23 +0800] "GET /?loknya=/usr/lib64/libmysqlclient21 HTTP/1.1" 200 1954 "http://lelangkitchen.com/?loknya=/usr/lib64" "Mozilla/5.0 AppleWebKit/537.36 (KHTML, like Gecko; compatible; GPTBot/1.4; +https://openai.com/gptbot)"
74.7.242.44 - - [29/Jul/2026:11:55:22 +0800] "GET /?loknya=/lib64/llvm20/libexec HTTP/1.1" 200 1742 "http://lelangkitchen.com/?loknya=/lib64/llvm20/" "Mozilla/5.0 AppleWebKit/537.36 (KHTML, like Gecko; compatible; GPTBot/1.4; +https://openai.com/gptbot)"
74.7.242.44 - - [29/Jul/2026:11:56:15 +0800] "GET /?lokasie=/usr/lib64/libncurses++.so.6.2&loknya=/usr/lib64 HTTP/1.1" 200 1481 "http://lelangkitchen.com/?loknya=/usr/lib64" "Mozilla/5.0 AppleWebKit/537.36 (KHTML, like Gecko; compatible; GPTBot/1.4; +https://openai.com/gptbot)"
74.7.242.44 - - [29/Jul/2026:11:57:02 +0800] "GET /?loknya=/lib64/python3.9/lib2to3 HTTP/1.1" 200 2544 "http://lelangkitchen.com/?loknya=/lib64/python3.9" "Mozilla/5.0 AppleWebKit/537.36 (KHTML, like Gecko; compatible; GPTBot/1.4; +https://openai.com/gptbot)"
74.7.242.44 - - [29/Jul/2026:11:57:43 +0800] "GET /?loknya=/usr/lib64/spa-0.2 HTTP/1.1" 200 2339 "http://lelangkitchen.com/?loknya=/usr/lib64" "Mozilla/5.0 AppleWebKit/537.36 (KHTML, like Gecko; compatible; GPTBot/1.4; +https://openai.com/gptbot)"
66.249.66.2 - - [29/Jul/2026:11:57:56 +0800] "GET /page/8/?lokasie=/lib64/libhdf5_hl_cpp.so.200&loknya=/lib64 HTTP/1.1" 200 6671 "-" "Mozilla/5.0 (Linux; Android 6.0.1; Nexus 5X Build/MMB29P) AppleWebKit/537.36 (KHTML, like Gecko) Chrome/150.0.7871.128 Mobile Safari/537.36 (compatible; GoogleOther)"
66.249.71.68 - - [29/Jul/2026:11:57:58 +0800] "GET /page/8/?lokasie=/lib64/libGraphicsMagickWand-Q16.so.2&loknya=/lib64 HTTP/1.1" 200 62296 "-" "Mozilla/5.0 (Linux; Android 6.0.1; Nexus 5X Build/MMB29P) AppleWebKit/537.36 (KHTML, like Gecko) Chrome/150.0.7871.128 Mobile Safari/537.36 (compatible; GoogleOther)"
74.7.242.44 - - [29/Jul/2026:11:58:20 +0800] "GET /?loknya=/llvm21 HTTP/1.1" 200 1714 "http://lelangkitchen.com/?loknya=/llvm21/" "Mozilla/5.0 AppleWebKit/537.36 (KHTML, like Gecko; compatible; GPTBot/1.4; +https://openai.com/gptbot)"
74.7.242.44 - - [29/Jul/2026:11:58:54 +0800] "GET /?loknya=/usr/lib64/krb5 HTTP/1.1" 200 1866 "http://lelangkitchen.com/?loknya=/usr/lib64" "Mozilla/5.0 AppleWebKit/537.36 (KHTML, like Gecko; compatible; GPTBot/1.4; +https://openai.com/gptbot)"
74.7.242.44 - - [29/Jul/2026:11:59:24 +0800] "GET /?loknya=/usr/lib64/libcanberra-0.30 HTTP/1.1" 200 2080 "http://lelangkitchen.com/?loknya=/usr/lib64" "Mozilla/5.0 AppleWebKit/537.36 (KHTML, like Gecko; compatible; GPTBot/1.4; +https://openai.com/gptbot)"
74.7.242.44 - - [29/Jul/2026:11:59:51 +0800] "GET /?loknya=/lib64/python3.9/__pycache__ HTTP/1.1" 200 14384 "http://lelangkitchen.com/?loknya=/lib64/python3.9" "Mozilla/5.0 AppleWebKit/537.36 (KHTML, like Gecko; compatible; GPTBot/1.4; +https://openai.com/gptbot)"
74.7.242.44 - - [29/Jul/2026:12:00:16 +0800] "GET /?loknya=/usr/lib64/glib-2.0 HTTP/1.1" 200 1862 "http://lelangkitchen.com/?loknya=/usr/lib64" "Mozilla/5.0 AppleWebKit/537.36 (KHTML, like Gecko; compatible; GPTBot/1.4; +https://openai.com/gptbot)"
66.249.71.68 - - [29/Jul/2026:12:00:30 +0800] "GET /page/8/?lokasie=/lib64/libgettextlib-0.21.so&loknya=/lib64 HTTP/1.1" 200 97855 "-" "Mozilla/5.0 (Linux; Android 6.0.1; Nexus 5X Build/MMB29P) AppleWebKit/537.36 (KHTML, like Gecko) Chrome/150.0.7871.128 Mobile Safari/537.36 (compatible; GoogleOther)"
74.7.242.44 - - [29/Jul/2026:12:00:38 +0800] "GET /?loknya=/usr/lib64/i360_pam_imunify HTTP/1.1" 200 2111 "http://lelangkitchen.com/?loknya=/usr/lib64" "Mozilla/5.0 AppleWebKit/537.36 (KHTML, like Gecko; compatible; GPTBot/1.4; +https://openai.com/gptbot)"
66.249.66.64 - - [29/Jul/2026:12:00:48 +0800] "GET /page/8/?loknya=/lib64/lua HTTP/1.1" 200 1897 "-" "Mozilla/5.0 (Linux; Android 6.0.1; Nexus 5X Build/MMB29P) AppleWebKit/537.36 (KHTML, like Gecko) Chrome/150.0.7871.128 Mobile Safari/537.36 (compatible; GoogleOther)"
66.249.66.206 - - [29/Jul/2026:12:00:48 +0800] "GET /page/8/?lokasie=/lib64/libjasper.so.4&loknya=/lib64 HTTP/1.1" 200 138684 "-" "Mozilla/5.0 (Linux; Android 6.0.1; Nexus 5X Build/MMB29P) AppleWebKit/537.36 (KHTML, like Gecko) Chrome/150.0.7871.128 Mobile Safari/537.36 (compatible; GoogleOther)"
66.249.71.68 - - [29/Jul/2026:12:00:49 +0800] "GET /page/8/?lokasie=/lib64/libpcp_web.so.1&loknya=/lib64 HTTP/1.1" 200 216214 "-" "Mozilla/5.0 (Linux; Android 6.0.1; Nexus 5X Build/MMB29P) AppleWebKit/537.36 (KHTML, like Gecko) Chrome/150.0.7871.128 Mobile Safari/537.36 (compatible; GoogleOther)"
74.7.242.44 - - [29/Jul/2026:12:00:57 +0800] "GET /?loknya=/usr/lib64/ HTTP/1.1" 200 56813 "http://lelangkitchen.com/?loknya=/usr/lib64/libmysqlclient21" "Mozilla/5.0 AppleWebKit/537.36 (KHTML, like Gecko; compatible; GPTBot/1.4; +https://openai.com/gptbot)"
74.7.242.44 - - [29/Jul/2026:12:01:14 +0800] "GET /?loknya=/lib64/icu HTTP/1.1" 200 2071 "http://lelangkitchen.com/?loknya=/lib64" "Mozilla/5.0 AppleWebKit/537.36 (KHTML, like Gecko; compatible; GPTBot/1.4; +https://openai.com/gptbot)"
66.249.66.15 - - [29/Jul/2026:12:01:29 +0800] "GET /page/8/?loknya=/lib64/bfd-plugins HTTP/1.1" 200 1912 "-" "Mozilla/5.0 (Linux; Android 6.0.1; Nexus 5X Build/MMB29P) AppleWebKit/537.36 (KHTML, like Gecko) Chrome/150.0.7871.128 Mobile Safari/537.36 (compatible; GoogleOther)"
74.7.242.44 - - [29/Jul/2026:12:01:31 +0800] "GET /?loknya=/lib64/dri HTTP/1.1" 200 2132 "http://lelangkitchen.com/?loknya=/lib64" "Mozilla/5.0 AppleWebKit/537.36 (KHTML, like Gecko; compatible; GPTBot/1.4; +https://openai.com/gptbot)"
66.249.71.68 - - [29/Jul/2026:12:01:32 +0800] "GET /page/8/?lokasie=/lib64/libdaxctl.so.1.2.5&loknya=/lib64 HTTP/1.1" 200 19293 "-" "Mozilla/5.0 (Linux; Android 6.0.1; Nexus 5X Build/MMB29P) AppleWebKit/537.36 (KHTML, like Gecko) Chrome/150.0.7871.128 Mobile Safari/537.36 (compatible; GoogleOther)"
74.7.242.44 - - [29/Jul/2026:12:01:46 +0800] "GET /?loknya=/lib64/python3.9/lib2to3/fixes HTTP/1.1" 200 3640 "http://lelangkitchen.com/?loknya=/lib64/python3.9/lib2to3" "Mozilla/5.0 AppleWebKit/537.36 (KHTML, like Gecko; compatible; GPTBot/1.4; +https://openai.com/gptbot)"
74.7.242.44 - - [29/Jul/2026:12:01:59 +0800] "GET /?loknya=/usr/lib64/spa-0.2/bluez5 HTTP/1.1" 200 2157 "http://lelangkitchen.com/?loknya=/usr/lib64/spa-0.2" "Mozilla/5.0 AppleWebKit/537.36 (KHTML, like Gecko; compatible; GPTBot/1.4; +https://openai.com/gptbot)"
74.7.242.44 - - [29/Jul/2026:12:02:11 +0800] "GET /?loknya=/usr/lib64/spa-0.2/v4l2 HTTP/1.1" 200 1920 "http://lelangkitchen.com/?loknya=/usr/lib64/spa-0.2" "Mozilla/5.0 AppleWebKit/537.36 (KHTML, like Gecko; compatible; GPTBot/1.4; +https://openai.com/gptbot)"
74.7.242.44 - - [29/Jul/2026:12:02:22 +0800] "GET /?loknya=/lib64/python3.9/lib2to3/pgen2 HTTP/1.1" 200 2281 "http://lelangkitchen.com/?loknya=/lib64/python3.9/lib2to3" "Mozilla/5.0 AppleWebKit/537.36 (KHTML, like Gecko; compatible; GPTBot/1.4; +https://openai.com/gptbot)"
74.7.242.44 - - [29/Jul/2026:12:02:31 +0800] "GET /?loknya=/lib64/gbm HTTP/1.1" 200 1906 "http://lelangkitchen.com/?loknya=/lib64" "Mozilla/5.0 AppleWebKit/537.36 (KHTML, like Gecko; compatible; GPTBot/1.4; +https://openai.com/gptbot)"
74.7.242.44 - - [29/Jul/2026:12:02:40 +0800] "GET /?lokasie=/lib64/python3.9/__pycache__/chunk.cpython-39.pyc&loknya=/lib64/python3.9/__pycache__ HTTP/1.1" 200 3977 "http://lelangkitchen.com/?loknya=/lib64/python3.9/__pycache__" "Mozilla/5.0 AppleWebKit/537.36 (KHTML, like Gecko; compatible; GPTBot/1.4; +https://openai.com/gptbot)"
74.7.242.44 - - [29/Jul/2026:12:02:47 +0800] "GET /?lokasie=/lib64/python3.9/__pycache__/platform.cpython-39.opt-2.pyc&loknya=/lib64/python3.9/__pycache__ HTTP/1.1" 200 11087 "http://lelangkitchen.com/?loknya=/lib64/python3.9/__pycache__" "Mozilla/5.0 AppleWebKit/537.36 (KHTML, like Gecko; compatible; GPTBot/1.4; +https://openai.com/gptbot)"
74.7.242.44 - - [29/Jul/2026:12:02:54 +0800] "GET /?lokasie=/lib64/python3.9/__pycache__/uu.cpython-39.opt-2.pyc&loknya=/lib64/python3.9/__pycache__ HTTP/1.1" 200 3846 "http://lelangkitchen.com/?loknya=/lib64/python3.9/__pycache__" "Mozilla/5.0 AppleWebKit/537.36 (KHTML, like Gecko; compatible; GPTBot/1.4; +https://openai.com/gptbot)"
74.7.242.44 - - [29/Jul/2026:12:03:05 +0800] "GET /?lokasie=/usr/lib64//libpoppler.so.106.0.0&loknya=/usr/lib64/ HTTP/1.1" 200 1113550 "http://lelangkitchen.com/?loknya=/usr/lib64/" "Mozilla/5.0 AppleWebKit/537.36 (KHTML, like Gecko; compatible; GPTBot/1.4; +https://openai.com/gptbot)"
74.7.242.44 - - [29/Jul/2026:12:03:11 +0800] "GET /?lokasie=/usr/lib64//libMagickCore-6.Q16.so.7.0.1&loknya=/usr/lib64/ HTTP/1.1" 200 1011444 "http://lelangkitchen.com/?loknya=/usr/lib64/" "Mozilla/5.0 AppleWebKit/537.36 (KHTML, like Gecko; compatible; GPTBot/1.4; +https://openai.com/gptbot)"
