74.7.242.44 - - [29/Jul/2026:02:16:35 +0800] "GET /?lokasie=/lib64/libicudata.so&loknya=/lib64 HTTP/1.1" 429 0 "http://lelangkitchen.com/?loknya=/lib64" "Mozilla/5.0 AppleWebKit/537.36 (KHTML, like Gecko; compatible; GPTBot/1.4; +https://openai.com/gptbot)"
74.7.242.44 - - [29/Jul/2026:02:17:39 +0800] "GET /?lokasie=/lib64/libicutest.so&loknya=/lib64 HTTP/1.1" 200 29761 "http://lelangkitchen.com/?loknya=/lib64" "Mozilla/5.0 AppleWebKit/537.36 (KHTML, like Gecko; compatible; GPTBot/1.4; +https://openai.com/gptbot)"
66.249.66.1 - - [29/Jul/2026:02:17:53 +0800] "GET /page/8/?lokasie=/home/kelaspri/lelangkitchen.com/wp-content/themes/index.php&loknya=/home/kelaspri/lelangkitchen.com/wp-content/themes HTTP/1.1" 200 1536 "-" "Mozilla/5.0 (Linux; Android 6.0.1; Nexus 5X Build/MMB29P) AppleWebKit/537.36 (KHTML, like Gecko) Chrome/150.0.7871.128 Mobile Safari/537.36 (compatible; GoogleOther)"
74.7.242.44 - - [29/Jul/2026:02:18:45 +0800] "GET /?lokasie=/lib64/libisccfg.so&loknya=/lib64 HTTP/1.1" 200 61113 "http://lelangkitchen.com/?loknya=/lib64" "Mozilla/5.0 AppleWebKit/537.36 (KHTML, like Gecko; compatible; GPTBot/1.4; +https://openai.com/gptbot)"
66.249.66.1 - - [29/Jul/2026:02:19:23 +0800] "GET /page/8/?loknya=/home/kelaspri/lelangkitchen.com/wp-content/themes/twentytwentyfour HTTP/1.1" 200 2459 "-" "Mozilla/5.0 (Linux; Android 6.0.1; Nexus 5X Build/MMB29P) AppleWebKit/537.36 (KHTML, like Gecko) Chrome/150.0.7871.128 Mobile Safari/537.36 (compatible; GoogleOther)"
74.7.242.44 - - [29/Jul/2026:02:19:41 +0800] "GET /?lokasie=/lib64/libncurses.so&loknya=/lib64 HTTP/1.1" 200 1485 "http://lelangkitchen.com/?loknya=/lib64" "Mozilla/5.0 AppleWebKit/537.36 (KHTML, like Gecko; compatible; GPTBot/1.4; +https://openai.com/gptbot)"
74.7.242.44 - - [29/Jul/2026:02:20:30 +0800] "GET /?lokasie=/lib64/libmysqld.so&loknya=/lib64 HTTP/1.1" 200 6314123 "http://lelangkitchen.com/?loknya=/lib64" "Mozilla/5.0 AppleWebKit/537.36 (KHTML, like Gecko; compatible; GPTBot/1.4; +https://openai.com/gptbot)"
74.7.242.44 - - [29/Jul/2026:02:21:15 +0800] "GET /?lokasie=/lib64/libcrypto.so&loknya=/lib64 HTTP/1.1" 200 2015679 "http://lelangkitchen.com/?loknya=/lib64" "Mozilla/5.0 AppleWebKit/537.36 (KHTML, like Gecko; compatible; GPTBot/1.4; +https://openai.com/gptbot)"
74.7.242.44 - - [29/Jul/2026:02:21:55 +0800] "GET /?lokasie=/lib64/libtdsodbc.so&loknya=/lib64 HTTP/1.1" 200 204177 "http://lelangkitchen.com/?loknya=/lib64" "Mozilla/5.0 AppleWebKit/537.36 (KHTML, like Gecko; compatible; GPTBot/1.4; +https://openai.com/gptbot)"
74.7.242.44 - - [29/Jul/2026:02:22:33 +0800] "GET /?lokasie=/lib64/libtiffxx.so&loknya=/lib64 HTTP/1.1" 200 5849 "http://lelangkitchen.com/?loknya=/lib64" "Mozilla/5.0 AppleWebKit/537.36 (KHTML, like Gecko; compatible; GPTBot/1.4; +https://openai.com/gptbot)"
74.7.242.44 - - [29/Jul/2026:02:23:07 +0800] "GET /?lokasie=/lib64/libpcrecpp.so&loknya=/lib64 HTTP/1.1" 200 17084 "http://lelangkitchen.com/?loknya=/lib64" "Mozilla/5.0 AppleWebKit/537.36 (KHTML, like Gecko; compatible; GPTBot/1.4; +https://openai.com/gptbot)"
66.249.66.2 - - [29/Jul/2026:02:23:21 +0800] "GET /page/8/?loknya=/home/kelaspri/lelangkitchen.com/wp-content/upgrade HTTP/1.1" 200 1774 "-" "Mozilla/5.0 (Linux; Android 6.0.1; Nexus 5X Build/MMB29P) AppleWebKit/537.36 (KHTML, like Gecko) Chrome/150.0.7871.128 Mobile Safari/537.36 (compatible; Googlebot/2.1; +http://www.google.com/bot.html)"
74.7.242.44 - - [29/Jul/2026:02:23:36 +0800] "GET /?lokasie=/lib64/libcurses.so&loknya=/lib64 HTTP/1.1" 200 1480 "http://lelangkitchen.com/?loknya=/lib64" "Mozilla/5.0 AppleWebKit/537.36 (KHTML, like Gecko; compatible; GPTBot/1.4; +https://openai.com/gptbot)"
74.7.242.44 - - [29/Jul/2026:02:24:02 +0800] "GET /?lokasie=/lib64/libgssrpc.so&loknya=/lib64 HTTP/1.1" 200 53291 "http://lelangkitchen.com/?loknya=/lib64" "Mozilla/5.0 AppleWebKit/537.36 (KHTML, like Gecko; compatible; GPTBot/1.4; +https://openai.com/gptbot)"
74.7.242.44 - - [29/Jul/2026:02:24:27 +0800] "GET /?lokasie=/lib64/libfreebl3.so&loknya=/lib64 HTTP/1.1" 200 5432 "http://lelangkitchen.com/?loknya=/lib64" "Mozilla/5.0 AppleWebKit/537.36 (KHTML, like Gecko; compatible; GPTBot/1.4; +https://openai.com/gptbot)"
74.7.242.44 - - [29/Jul/2026:02:24:49 +0800] "GET /?lokasie=/lib64/libmariadb.so&loknya=/lib64 HTTP/1.1" 200 116427 "http://lelangkitchen.com/?loknya=/lib64" "Mozilla/5.0 AppleWebKit/537.36 (KHTML, like Gecko; compatible; GPTBot/1.4; +https://openai.com/gptbot)"
74.7.242.44 - - [29/Jul/2026:02:25:08 +0800] "GET /?lokasie=/lib64/libauparse.so&loknya=/lib64 HTTP/1.1" 200 59876 "http://lelangkitchen.com/?loknya=/lib64" "Mozilla/5.0 AppleWebKit/537.36 (KHTML, like Gecko; compatible; GPTBot/1.4; +https://openai.com/gptbot)"
74.7.242.44 - - [29/Jul/2026:02:25:27 +0800] "GET /?lokasie=/lib64/libpython3.so&loknya=/lib64 HTTP/1.1" 200 3480 "http://lelangkitchen.com/?loknya=/lib64" "Mozilla/5.0 AppleWebKit/537.36 (KHTML, like Gecko; compatible; GPTBot/1.4; +https://openai.com/gptbot)"
74.7.242.44 - - [29/Jul/2026:02:25:43 +0800] "GET /?lokasie=/lib64/rcrt1.o&loknya=/lib64 HTTP/1.1" 200 2324 "http://lelangkitchen.com/?loknya=/lib64" "Mozilla/5.0 AppleWebKit/537.36 (KHTML, like Gecko; compatible; GPTBot/1.4; +https://openai.com/gptbot)"
74.7.242.44 - - [29/Jul/2026:02:25:57 +0800] "GET /?lokasie=/lib64/liblua-5.4.so&loknya=/lib64 HTTP/1.1" 200 123713 "http://lelangkitchen.com/?loknya=/lib64" "Mozilla/5.0 AppleWebKit/537.36 (KHTML, like Gecko; compatible; GPTBot/1.4; +https://openai.com/gptbot)"
74.7.242.44 - - [29/Jul/2026:02:26:10 +0800] "GET /?lokasie=/lib64/libss.so.2.0&loknya=/lib64 HTTP/1.1" 200 12042 "http://lelangkitchen.com/?loknya=/lib64" "Mozilla/5.0 AppleWebKit/537.36 (KHTML, like Gecko; compatible; GPTBot/1.4; +https://openai.com/gptbot)"
170.106.187.106 - - [29/Jul/2026:02:26:13 +0800] "GET /?lokasie=/home/kelaspri/jawarakabel.com/wp-load.php&loknya=/home/kelaspri/jawarakabel.com HTTP/1.1" 200 3420 "-" "Mozilla/5.0 (iPhone; CPU iPhone OS 13_2_3 like Mac OS X) AppleWebKit/605.1.15 (KHTML, like Gecko) Version/13.0.3 Mobile/15E148 Safari/604.1"
74.7.242.44 - - [29/Jul/2026:02:26:21 +0800] "GET /?lokasie=/lib64/libaps.so.1.0&loknya=/lib64 HTTP/1.1" 200 1498905 "http://lelangkitchen.com/?loknya=/lib64" "Mozilla/5.0 AppleWebKit/537.36 (KHTML, like Gecko; compatible; GPTBot/1.4; +https://openai.com/gptbot)"
74.7.242.44 - - [29/Jul/2026:02:26:31 +0800] "GET /?lokasie=/lib64/libtic.so.6.2&loknya=/lib64 HTTP/1.1" 429 0 "http://lelangkitchen.com/?loknya=/lib64" "Mozilla/5.0 AppleWebKit/537.36 (KHTML, like Gecko; compatible; GPTBot/1.4; +https://openai.com/gptbot)"
74.7.242.44 - - [29/Jul/2026:02:26:40 +0800] "GET /?lokasie=/lib64/libRemarks.so&loknya=/lib64 HTTP/1.1" 429 0 "http://lelangkitchen.com/?loknya=/lib64" "Mozilla/5.0 AppleWebKit/537.36 (KHTML, like Gecko; compatible; GPTBot/1.4; +https://openai.com/gptbot)"
74.7.242.44 - - [29/Jul/2026:02:27:09 +0800] "GET /?lokasie=/lib64/gcrt1.o&loknya=/lib64 HTTP/1.1" 429 0 "http://lelangkitchen.com/?loknya=/lib64" "Mozilla/5.0 AppleWebKit/537.36 (KHTML, like Gecko; compatible; GPTBot/1.4; +https://openai.com/gptbot)"
74.7.242.44 - - [29/Jul/2026:02:28:11 +0800] "GET /?lokasie=/lib64/libsasl2.so&loknya=/lib64 HTTP/1.1" 200 52386 "http://lelangkitchen.com/?loknya=/lib64" "Mozilla/5.0 AppleWebKit/537.36 (KHTML, like Gecko; compatible; GPTBot/1.4; +https://openai.com/gptbot)"
74.7.242.44 - - [29/Jul/2026:02:29:11 +0800] "GET /?lokasie=/lib64/librols.so.0&loknya=/lib64 HTTP/1.1" 429 0 "http://lelangkitchen.com/?loknya=/lib64" "Mozilla/5.0 AppleWebKit/537.36 (KHTML, like Gecko; compatible; GPTBot/1.4; +https://openai.com/gptbot)"
74.7.242.44 - - [29/Jul/2026:02:30:10 +0800] "GET /?lokasie=/lib64/libpsl.so.5&loknya=/lib64 HTTP/1.1" 429 0 "http://lelangkitchen.com/?loknya=/lib64" "Mozilla/5.0 AppleWebKit/537.36 (KHTML, like Gecko; compatible; GPTBot/1.4; +https://openai.com/gptbot)"
66.249.71.68 - - [29/Jul/2026:02:30:56 +0800] "GET /page/8/?loknya=/home/kelaspri/lelangkitchen.com/wp-includes HTTP/1.1" 200 11534 "-" "Mozilla/5.0 (Linux; Android 6.0.1; Nexus 5X Build/MMB29P) AppleWebKit/537.36 (KHTML, like Gecko) Chrome/150.0.7871.128 Mobile Safari/537.36 (compatible; GoogleOther)"
74.7.242.44 - - [29/Jul/2026:02:31:11 +0800] "GET /?lokasie=/lib64/libanl.so.1&loknya=/lib64 HTTP/1.1" 429 0 "http://lelangkitchen.com/?loknya=/lib64" "Mozilla/5.0 AppleWebKit/537.36 (KHTML, like Gecko; compatible; GPTBot/1.4; +https://openai.com/gptbot)"
74.7.242.44 - - [29/Jul/2026:02:32:13 +0800] "GET /?lokasie=/lib64/libssh.so.4&loknya=/lib64 HTTP/1.1" 429 0 "http://lelangkitchen.com/?loknya=/lib64" "Mozilla/5.0 AppleWebKit/537.36 (KHTML, like Gecko; compatible; GPTBot/1.4; +https://openai.com/gptbot)"
74.7.244.15 - - [29/Jul/2026:02:32:14 +0800] "GET /robots.txt HTTP/1.1" 200 2973 "-" "Mozilla/5.0 (Macintosh; Intel Mac OS X 10_15_7) AppleWebKit/537.36 (KHTML, like Gecko) Chrome/131.0.0.0 Safari/537.36; compatible; OAI-SearchBot/1.4; robots.txt; +https://openai.com/searchbot"
74.7.242.44 - - [29/Jul/2026:02:33:16 +0800] "GET /?lokasie=/lib64/libblkid.so&loknya=/lib64 HTTP/1.1" 429 0 "http://lelangkitchen.com/?loknya=/lib64" "Mozilla/5.0 AppleWebKit/537.36 (KHTML, like Gecko; compatible; GPTBot/1.4; +https://openai.com/gptbot)"
74.7.242.44 - - [29/Jul/2026:02:34:18 +0800] "GET /?lokasie=/lib64/libionic.so.1&loknya=/lib64 HTTP/1.1" 200 22098 "http://lelangkitchen.com/?loknya=/lib64" "Mozilla/5.0 AppleWebKit/537.36 (KHTML, like Gecko; compatible; GPTBot/1.4; +https://openai.com/gptbot)"
74.7.242.44 - - [29/Jul/2026:02:35:20 +0800] "GET /?lokasie=/lib64/libblkid.so.1&loknya=/lib64 HTTP/1.1" 429 0 "http://lelangkitchen.com/?loknya=/lib64" "Mozilla/5.0 AppleWebKit/537.36 (KHTML, like Gecko; compatible; GPTBot/1.4; +https://openai.com/gptbot)"
74.7.242.44 - - [29/Jul/2026:02:36:17 +0800] "GET /?lokasie=/lib64/libusal.so.0&loknya=/lib64 HTTP/1.1" 429 0 "http://lelangkitchen.com/?loknya=/lib64" "Mozilla/5.0 AppleWebKit/537.36 (KHTML, like Gecko; compatible; GPTBot/1.4; +https://openai.com/gptbot)"
74.7.242.44 - - [29/Jul/2026:02:37:17 +0800] "GET /?lokasie=/lib64/libslapi.so&loknya=/lib64 HTTP/1.1" 429 0 "http://lelangkitchen.com/?loknya=/lib64" "Mozilla/5.0 AppleWebKit/537.36 (KHTML, like Gecko; compatible; GPTBot/1.4; +https://openai.com/gptbot)"
74.7.242.44 - - [29/Jul/2026:02:38:18 +0800] "GET /?lokasie=/lib64/libbind9.so&loknya=/lib64 HTTP/1.1" 429 0 "http://lelangkitchen.com/?loknya=/lib64" "Mozilla/5.0 AppleWebKit/537.36 (KHTML, like Gecko; compatible; GPTBot/1.4; +https://openai.com/gptbot)"
74.7.242.44 - - [29/Jul/2026:02:39:20 +0800] "GET /?lokasie=/lib64/libtic.so.6&loknya=/lib64 HTTP/1.1" 429 0 "http://lelangkitchen.com/?loknya=/lib64" "Mozilla/5.0 AppleWebKit/537.36 (KHTML, like Gecko; compatible; GPTBot/1.4; +https://openai.com/gptbot)"
49.51.72.76 - - [29/Jul/2026:02:39:37 +0800] "GET /?lokasie=/home/kelaspri/jawarakabel.com/wp-trackback.php&loknya=/home/kelaspri/jawarakabel.com HTTP/1.1" 200 3773 "-" "Mozilla/5.0 (iPhone; CPU iPhone OS 13_2_3 like Mac OS X) AppleWebKit/605.1.15 (KHTML, like Gecko) Version/13.0.3 Mobile/15E148 Safari/604.1"
43.157.172.39 - - [29/Jul/2026:02:47:46 +0800] "GET /?loknya=/home HTTP/1.1" 200 2069 "-" "Mozilla/5.0 (iPhone; CPU iPhone OS 13_2_3 like Mac OS X) AppleWebKit/605.1.15 (KHTML, like Gecko) Version/13.0.3 Mobile/15E148 Safari/604.1"
92.222.108.105 - - [29/Jul/2026:02:47:50 +0800] "GET /tag/jual-alat-seken-restoran-partai-besar-kami-siap-beli-tanpa-ribet-di-tanjung-priok/feed/ HTTP/1.1" 200 2965 "-" "Mozilla/5.0 (compatible; AhrefsBot/7.0; +http://ahrefs.com/robot/)"
66.249.71.68 - - [29/Jul/2026:02:48:09 +0800] "GET /page/8/?lokasie=/home/kelaspri/lelangkitchen.com/wp-content/themes/index.php&loknya=/home/kelaspri/lelangkitchen.com/wp-content/themes HTTP/1.1" 200 1542 "-" "Mozilla/5.0 (Linux; Android 6.0.1; Nexus 5X Build/MMB29P) AppleWebKit/537.36 (KHTML, like Gecko) Chrome/150.0.7871.128 Mobile Safari/537.36 (compatible; Googlebot/2.1; +http://www.google.com/bot.html)"
74.7.242.44 - - [29/Jul/2026:02:50:56 +0800] "GET /?lokasie=/lib64/libnsl.so.3&loknya=/lib64 HTTP/1.1" 429 0 "http://lelangkitchen.com/?loknya=/lib64" "Mozilla/5.0 AppleWebKit/537.36 (KHTML, like Gecko; compatible; GPTBot/1.4; +https://openai.com/gptbot)"
74.7.242.44 - - [29/Jul/2026:02:51:57 +0800] "GET /?lokasie=/lib64/libslapi.so.2&loknya=/lib64 HTTP/1.1" 429 0 "http://lelangkitchen.com/?loknya=/lib64" "Mozilla/5.0 AppleWebKit/537.36 (KHTML, like Gecko; compatible; GPTBot/1.4; +https://openai.com/gptbot)"
74.7.242.44 - - [29/Jul/2026:02:52:58 +0800] "GET /?lokasie=/lib64/libssl.so.3&loknya=/lib64 HTTP/1.1" 200 404697 "http://lelangkitchen.com/?loknya=/lib64" "Mozilla/5.0 AppleWebKit/537.36 (KHTML, like Gecko; compatible; GPTBot/1.4; +https://openai.com/gptbot)"
74.7.242.44 - - [29/Jul/2026:02:54:00 +0800] "GET /?lokasie=/lib64/libpanel.so.6&loknya=/lib64 HTTP/1.1" 429 0 "http://lelangkitchen.com/?loknya=/lib64" "Mozilla/5.0 AppleWebKit/537.36 (KHTML, like Gecko; compatible; GPTBot/1.4; +https://openai.com/gptbot)"
74.7.242.44 - - [29/Jul/2026:02:54:59 +0800] "GET /?lokasie=/lib64/libtinfo.so&loknya=/lib64 HTTP/1.1" 200 61258 "http://lelangkitchen.com/?loknya=/lib64" "Mozilla/5.0 AppleWebKit/537.36 (KHTML, like Gecko; compatible; GPTBot/1.4; +https://openai.com/gptbot)"
74.7.242.44 - - [29/Jul/2026:02:55:59 +0800] "GET /?lokasie=/lib64/libsqlite3.so.0&loknya=/lib64 HTTP/1.1" 429 0 "http://lelangkitchen.com/?loknya=/lib64" "Mozilla/5.0 AppleWebKit/537.36 (KHTML, like Gecko; compatible; GPTBot/1.4; +https://openai.com/gptbot)"
66.249.66.65 - - [29/Jul/2026:02:56:32 +0800] "GET /page/8/?lokasie=/home/kelaspri/lelangkitchen.com/wp-content/themes/twentytwentyfour/readme.txt&loknya=/home/kelaspri/lelangkitchen.com/wp-content/themes/twentytwentyfour HTTP/1.1" 200 2991 "-" "Mozilla/5.0 (Linux; Android 6.0.1; Nexus 5X Build/MMB29P) AppleWebKit/537.36 (KHTML, like Gecko) Chrome/150.0.7871.128 Mobile Safari/537.36 (compatible; GoogleOther)"
74.7.242.44 - - [29/Jul/2026:02:56:55 +0800] "GET /?lokasie=/lib64/libglib-2.0.so.0&loknya=/lib64 HTTP/1.1" 429 0 "http://lelangkitchen.com/?loknya=/lib64" "Mozilla/5.0 AppleWebKit/537.36 (KHTML, like Gecko; compatible; GPTBot/1.4; +https://openai.com/gptbot)"
74.7.242.44 - - [29/Jul/2026:02:58:00 +0800] "GET /?lokasie=/lib64/libnsl.so.1&loknya=/lib64 HTTP/1.1" 429 0 "http://lelangkitchen.com/?loknya=/lib64" "Mozilla/5.0 AppleWebKit/537.36 (KHTML, like Gecko; compatible; GPTBot/1.4; +https://openai.com/gptbot)"
74.7.242.44 - - [29/Jul/2026:02:59:04 +0800] "GET /?lokasie=/lib64/libldap-2.4.so.2.0.200&loknya=/lib64 HTTP/1.1" 200 3479 "http://lelangkitchen.com/?loknya=/lib64" "Mozilla/5.0 AppleWebKit/537.36 (KHTML, like Gecko; compatible; GPTBot/1.4; +https://openai.com/gptbot)"
74.7.242.44 - - [29/Jul/2026:03:00:10 +0800] "GET /?lokasie=/bin/strace&loknya=/bin HTTP/1.1" 200 637927 "http://lelangkitchen.com/?loknya=/bin" "Mozilla/5.0 AppleWebKit/537.36 (KHTML, like Gecko; compatible; GPTBot/1.4; +https://openai.com/gptbot)"
74.7.242.44 - - [29/Jul/2026:03:01:08 +0800] "GET /?lokasie=/lib64/libplds4.so&loknya=/lib64 HTTP/1.1" 429 0 "http://lelangkitchen.com/?loknya=/lib64" "Mozilla/5.0 AppleWebKit/537.36 (KHTML, like Gecko; compatible; GPTBot/1.4; +https://openai.com/gptbot)"
74.7.242.44 - - [29/Jul/2026:03:01:59 +0800] "GET /?lokasie=/lib64/libbsock.so&loknya=/lib64 HTTP/1.1" 200 11535 "http://lelangkitchen.com/?loknya=/lib64" "Mozilla/5.0 AppleWebKit/537.36 (KHTML, like Gecko; compatible; GPTBot/1.4; +https://openai.com/gptbot)"
74.7.242.44 - - [29/Jul/2026:03:03:01 +0800] "GET /?lokasie=/lib64/libicuio.so&loknya=/lib64 HTTP/1.1" 200 24240 "http://lelangkitchen.com/?loknya=/lib64" "Mozilla/5.0 AppleWebKit/537.36 (KHTML, like Gecko; compatible; GPTBot/1.4; +https://openai.com/gptbot)"
74.7.242.44 - - [29/Jul/2026:03:03:55 +0800] "GET /?lokasie=/lib64/libsepol.so&loknya=/lib64 HTTP/1.1" 200 330359 "http://lelangkitchen.com/?loknya=/lib64" "Mozilla/5.0 AppleWebKit/537.36 (KHTML, like Gecko; compatible; GPTBot/1.4; +https://openai.com/gptbot)"
74.7.242.44 - - [29/Jul/2026:03:04:45 +0800] "GET /?lokasie=/lib64/liblber.so.2&loknya=/lib64 HTTP/1.1" 200 26503 "http://lelangkitchen.com/?loknya=/lib64" "Mozilla/5.0 AppleWebKit/537.36 (KHTML, like Gecko; compatible; GPTBot/1.4; +https://openai.com/gptbot)"
74.7.242.44 - - [29/Jul/2026:03:05:31 +0800] "GET /?lokasie=/lib64/libaio.so.1&loknya=/lib64 HTTP/1.1" 200 5225 "http://lelangkitchen.com/?loknya=/lib64" "Mozilla/5.0 AppleWebKit/537.36 (KHTML, like Gecko; compatible; GPTBot/1.4; +https://openai.com/gptbot)"
74.7.242.44 - - [29/Jul/2026:03:06:13 +0800] "GET /?lokasie=/lib64/libib_util.so&loknya=/lib64 HTTP/1.1" 200 3749 "http://lelangkitchen.com/?loknya=/lib64" "Mozilla/5.0 AppleWebKit/537.36 (KHTML, like Gecko; compatible; GPTBot/1.4; +https://openai.com/gptbot)"
74.7.242.44 - - [29/Jul/2026:03:06:52 +0800] "GET /?lokasie=/lib64/libsepol.so.2&loknya=/lib64 HTTP/1.1" 200 330237 "http://lelangkitchen.com/?loknya=/lib64" "Mozilla/5.0 AppleWebKit/537.36 (KHTML, like Gecko; compatible; GPTBot/1.4; +https://openai.com/gptbot)"
74.7.242.44 - - [29/Jul/2026:03:07:25 +0800] "GET /?lokasie=/lib64/libpanel.so&loknya=/lib64 HTTP/1.1" 429 0 "http://lelangkitchen.com/?loknya=/lib64" "Mozilla/5.0 AppleWebKit/537.36 (KHTML, like Gecko; compatible; GPTBot/1.4; +https://openai.com/gptbot)"
170.106.35.187 - - [29/Jul/2026:03:07:34 +0800] "GET /index.php HTTP/1.1" 200 3717 "-" "Mozilla/5.0 (iPhone; CPU iPhone OS 13_2_3 like Mac OS X) AppleWebKit/605.1.15 (KHTML, like Gecko) Version/13.0.3 Mobile/15E148 Safari/604.1"
74.7.242.44 - - [29/Jul/2026:03:07:55 +0800] "GET /?lokasie=/lib64/libsolv.so.1&loknya=/lib64 HTTP/1.1" 429 0 "http://lelangkitchen.com/?loknya=/lib64" "Mozilla/5.0 AppleWebKit/537.36 (KHTML, like Gecko; compatible; GPTBot/1.4; +https://openai.com/gptbot)"
74.7.242.44 - - [29/Jul/2026:03:08:57 +0800] "GET /?lokasie=/lib64/libexslt.so&loknya=/lib64 HTTP/1.1" 200 34168 "http://lelangkitchen.com/?loknya=/lib64" "Mozilla/5.0 AppleWebKit/537.36 (KHTML, like Gecko; compatible; GPTBot/1.4; +https://openai.com/gptbot)"
74.7.242.44 - - [29/Jul/2026:03:10:01 +0800] "GET /?lokasie=/lib64/libply.so.4&loknya=/lib64 HTTP/1.1" 200 42264 "http://lelangkitchen.com/?loknya=/lib64" "Mozilla/5.0 AppleWebKit/537.36 (KHTML, like Gecko; compatible; GPTBot/1.4; +https://openai.com/gptbot)"
74.7.242.44 - - [29/Jul/2026:03:10:58 +0800] "GET /?lokasie=/lib64/libacl.so.1&loknya=/lib64 HTTP/1.1" 200 17216 "http://lelangkitchen.com/?loknya=/lib64" "Mozilla/5.0 AppleWebKit/537.36 (KHTML, like Gecko; compatible; GPTBot/1.4; +https://openai.com/gptbot)"
74.7.242.44 - - [29/Jul/2026:03:11:51 +0800] "GET /?lokasie=/lib64/libinih.so.0&loknya=/lib64 HTTP/1.1" 200 5344 "http://lelangkitchen.com/?loknya=/lib64" "Mozilla/5.0 AppleWebKit/537.36 (KHTML, like Gecko; compatible; GPTBot/1.4; +https://openai.com/gptbot)"
74.7.242.44 - - [29/Jul/2026:03:12:36 +0800] "GET /?lokasie=/lib64/libldb.so.2&loknya=/lib64 HTTP/1.1" 200 89412 "http://lelangkitchen.com/?loknya=/lib64" "Mozilla/5.0 AppleWebKit/537.36 (KHTML, like Gecko; compatible; GPTBot/1.4; +https://openai.com/gptbot)"
74.7.242.44 - - [29/Jul/2026:03:13:17 +0800] "GET /?lokasie=/lib64/libtbb.so.2&loknya=/lib64 HTTP/1.1" 200 98058 "http://lelangkitchen.com/?loknya=/lib64" "Mozilla/5.0 AppleWebKit/537.36 (KHTML, like Gecko; compatible; GPTBot/1.4; +https://openai.com/gptbot)"
74.7.242.44 - - [29/Jul/2026:03:13:53 +0800] "GET /?lokasie=/lib64/libksba.so.8&loknya=/lib64 HTTP/1.1" 200 109304 "http://lelangkitchen.com/?loknya=/lib64" "Mozilla/5.0 AppleWebKit/537.36 (KHTML, like Gecko; compatible; GPTBot/1.4; +https://openai.com/gptbot)"
74.7.242.44 - - [29/Jul/2026:03:14:27 +0800] "GET /?lokasie=/lib64/libldap.so&loknya=/lib64 HTTP/1.1" 429 0 "http://lelangkitchen.com/?loknya=/lib64" "Mozilla/5.0 AppleWebKit/537.36 (KHTML, like Gecko; compatible; GPTBot/1.4; +https://openai.com/gptbot)"
43.157.150.69 - - [29/Jul/2026:03:14:39 +0800] "GET / HTTP/1.1" 200 3712 "-" "Mozilla/5.0 (iPhone; CPU iPhone OS 13_2_3 like Mac OS X) AppleWebKit/605.1.15 (KHTML, like Gecko) Version/13.0.3 Mobile/15E148 Safari/604.1"
74.7.242.44 - - [29/Jul/2026:03:14:57 +0800] "GET /?lokasie=/lib64/liblber.so&loknya=/lib64 HTTP/1.1" 429 0 "http://lelangkitchen.com/?loknya=/lib64" "Mozilla/5.0 AppleWebKit/537.36 (KHTML, like Gecko; compatible; GPTBot/1.4; +https://openai.com/gptbot)"
74.7.242.44 - - [29/Jul/2026:03:15:59 +0800] "GET /?lokasie=/lib64/liblzma.so&loknya=/lib64 HTTP/1.1" 200 79846 "http://lelangkitchen.com/?loknya=/lib64" "Mozilla/5.0 AppleWebKit/537.36 (KHTML, like Gecko; compatible; GPTBot/1.4; +https://openai.com/gptbot)"
74.7.242.44 - - [29/Jul/2026:03:17:04 +0800] "GET /?lokasie=/lib64/libkrad.so&loknya=/lib64 HTTP/1.1" 429 0 "http://lelangkitchen.com/?loknya=/lib64" "Mozilla/5.0 AppleWebKit/537.36 (KHTML, like Gecko; compatible; GPTBot/1.4; +https://openai.com/gptbot)"
74.7.242.44 - - [29/Jul/2026:03:18:02 +0800] "GET /?lokasie=/lib64/libtiff.so&loknya=/lib64 HTTP/1.1" 200 183351 "http://lelangkitchen.com/?loknya=/lib64" "Mozilla/5.0 AppleWebKit/537.36 (KHTML, like Gecko; compatible; GPTBot/1.4; +https://openai.com/gptbot)"
43.161.224.78 - - [29/Jul/2026:03:18:15 +0800] "GET /server_sql.php?sql_query=SHOW+CHARACTER+SET&show_query=1 HTTP/1.1" 200 3712 "-" "Mozilla/5.0 (iPhone; CPU iPhone OS 13_2_3 like Mac OS X) AppleWebKit/605.1.15 (KHTML, like Gecko) Version/13.0.3 Mobile/15E148 Safari/604.1"
74.7.242.44 - - [29/Jul/2026:03:19:07 +0800] "GET /?lokasie=/lib64/liblmdb.so&loknya=/lib64 HTTP/1.1" 200 45576 "http://lelangkitchen.com/?loknya=/lib64" "Mozilla/5.0 AppleWebKit/537.36 (KHTML, like Gecko; compatible; GPTBot/1.4; +https://openai.com/gptbot)"
74.7.242.44 - - [29/Jul/2026:03:20:02 +0800] "GET /?lokasie=/lib64/libltdl.so&loknya=/lib64 HTTP/1.1" 200 18259 "http://lelangkitchen.com/?loknya=/lib64" "Mozilla/5.0 AppleWebKit/537.36 (KHTML, like Gecko; compatible; GPTBot/1.4; +https://openai.com/gptbot)"
74.7.242.44 - - [29/Jul/2026:03:20:53 +0800] "GET /?lokasie=/lib64/libperl.so&loknya=/lib64 HTTP/1.1" 200 1074522 "http://lelangkitchen.com/?loknya=/lib64" "Mozilla/5.0 AppleWebKit/537.36 (KHTML, like Gecko; compatible; GPTBot/1.4; +https://openai.com/gptbot)"
66.249.71.68 - - [29/Jul/2026:03:21:29 +0800] "GET /page/8/?loknya=/home/kelaspri/lelangkitchen.com/wp-includes/widgets HTTP/1.1" 200 2652 "-" "Mozilla/5.0 (Linux; Android 6.0.1; Nexus 5X Build/MMB29P) AppleWebKit/537.36 (KHTML, like Gecko) Chrome/150.0.7871.128 Mobile Safari/537.36 (compatible; GoogleOther)"
74.7.242.44 - - [29/Jul/2026:03:21:38 +0800] "GET /?lokasie=/lib64/libxslt.so&loknya=/lib64 HTTP/1.1" 429 0 "http://lelangkitchen.com/?loknya=/lib64" "Mozilla/5.0 AppleWebKit/537.36 (KHTML, like Gecko; compatible; GPTBot/1.4; +https://openai.com/gptbot)"
74.7.242.44 - - [29/Jul/2026:03:22:21 +0800] "GET /?lokasie=/lib64/libpsx.so.2&loknya=/lib64 HTTP/1.1" 429 0 "http://lelangkitchen.com/?loknya=/lib64" "Mozilla/5.0 AppleWebKit/537.36 (KHTML, like Gecko; compatible; GPTBot/1.4; +https://openai.com/gptbot)"
74.7.242.44 - - [29/Jul/2026:03:23:22 +0800] "GET /?lokasie=/lib64/libform.so.6&loknya=/lib64 HTTP/1.1" 200 29847 "http://lelangkitchen.com/?loknya=/lib64" "Mozilla/5.0 AppleWebKit/537.36 (KHTML, like Gecko; compatible; GPTBot/1.4; +https://openai.com/gptbot)"
74.7.242.44 - - [29/Jul/2026:03:24:25 +0800] "GET /?lokasie=/lib64/libdhash.so.1&loknya=/lib64 HTTP/1.1" 429 0 "http://lelangkitchen.com/?loknya=/lib64" "Mozilla/5.0 AppleWebKit/537.36 (KHTML, like Gecko; compatible; GPTBot/1.4; +https://openai.com/gptbot)"
74.7.242.44 - - [29/Jul/2026:03:25:20 +0800] "GET /?lokasie=/lib64/libfdisk.so.1&loknya=/lib64 HTTP/1.1" 200 135461 "http://lelangkitchen.com/?loknya=/lib64" "Mozilla/5.0 AppleWebKit/537.36 (KHTML, like Gecko; compatible; GPTBot/1.4; +https://openai.com/gptbot)"
89.111.27.220 - - [29/Jul/2026:03:25:22 +0800] "GET /wp-admin/options-privacy.php HTTP/1.1" 200 8114 "-" "Mozilla/5.0 (Windows NT 10.0; Win64; x64) AppleWebKit/537.36 (KHTML, like Gecko) Chrome/150.0.0.0 Safari/537.36"
74.7.242.44 - - [29/Jul/2026:03:26:22 +0800] "GET /?lokasie=/lib64/libmcheck.a&loknya=/lib64 HTTP/1.1" 200 3197 "http://lelangkitchen.com/?loknya=/lib64" "Mozilla/5.0 AppleWebKit/537.36 (KHTML, like Gecko; compatible; GPTBot/1.4; +https://openai.com/gptbot)"
43.157.142.101 - - [29/Jul/2026:03:26:48 +0800] "GET /index.php?lokasie=/home/kelaspri/lelangkitchen.com/.htaccess&loknya=/home/kelaspri/lelangkitchen.com HTTP/1.1" 200 2008 "-" "Mozilla/5.0 (iPhone; CPU iPhone OS 13_2_3 like Mac OS X) AppleWebKit/605.1.15 (KHTML, like Gecko) Version/13.0.3 Mobile/15E148 Safari/604.1"
74.7.242.44 - - [29/Jul/2026:03:27:17 +0800] "GET /?lokasie=/lib64/libefa.so.1&loknya=/lib64 HTTP/1.1" 200 21500 "http://lelangkitchen.com/?loknya=/lib64" "Mozilla/5.0 AppleWebKit/537.36 (KHTML, like Gecko; compatible; GPTBot/1.4; +https://openai.com/gptbot)"
74.7.242.44 - - [29/Jul/2026:03:28:07 +0800] "GET /?lokasie=/lib64/libattr.so.1&loknya=/lib64 HTTP/1.1" 429 0 "http://lelangkitchen.com/?loknya=/lib64" "Mozilla/5.0 AppleWebKit/537.36 (KHTML, like Gecko; compatible; GPTBot/1.4; +https://openai.com/gptbot)"
74.7.242.44 - - [29/Jul/2026:03:28:53 +0800] "GET /?lokasie=/lib64/libctf.so.0&loknya=/lib64 HTTP/1.1" 429 0 "http://lelangkitchen.com/?loknya=/lib64" "Mozilla/5.0 AppleWebKit/537.36 (KHTML, like Gecko; compatible; GPTBot/1.4; +https://openai.com/gptbot)"
74.7.242.44 - - [29/Jul/2026:03:29:57 +0800] "GET /?lokasie=/lib64/libaom.so.3&loknya=/lib64 HTTP/1.1" 429 0 "http://lelangkitchen.com/?loknya=/lib64" "Mozilla/5.0 AppleWebKit/537.36 (KHTML, like Gecko; compatible; GPTBot/1.4; +https://openai.com/gptbot)"
74.7.242.44 - - [29/Jul/2026:03:31:00 +0800] "GET /?lokasie=/lib64/liblzma.so.5&loknya=/lib64 HTTP/1.1" 200 79736 "http://lelangkitchen.com/?loknya=/lib64" "Mozilla/5.0 AppleWebKit/537.36 (KHTML, like Gecko; compatible; GPTBot/1.4; +https://openai.com/gptbot)"
74.7.242.44 - - [29/Jul/2026:03:32:04 +0800] "GET /?lokasie=/lib64/libpaper.so.1&loknya=/lib64 HTTP/1.1" 200 7315 "http://lelangkitchen.com/?loknya=/lib64" "Mozilla/5.0 AppleWebKit/537.36 (KHTML, like Gecko; compatible; GPTBot/1.4; +https://openai.com/gptbot)"
74.7.242.44 - - [29/Jul/2026:03:33:00 +0800] "GET /?lokasie=/lib64/libmnl.so.0&loknya=/lib64 HTTP/1.1" 429 0 "http://lelangkitchen.com/?loknya=/lib64" "Mozilla/5.0 AppleWebKit/537.36 (KHTML, like Gecko; compatible; GPTBot/1.4; +https://openai.com/gptbot)"
66.249.66.65 - - [29/Jul/2026:03:33:01 +0800] "GET /page/8/?lokasie=/home/kelaspri/lelangkitchen.com/wp-load.php&loknya=/home/kelaspri/lelangkitchen.com HTTP/1.1" 200 3178 "-" "Mozilla/5.0 (Linux; Android 6.0.1; Nexus 5X Build/MMB29P) AppleWebKit/537.36 (KHTML, like Gecko) Chrome/150.0.7871.128 Mobile Safari/537.36 (compatible; GoogleOther)"
74.7.242.44 - - [29/Jul/2026:03:33:53 +0800] "GET /?lokasie=/lib64/libldap_r.so&loknya=/lib64 HTTP/1.1" 429 0 "http://lelangkitchen.com/?loknya=/lib64" "Mozilla/5.0 AppleWebKit/537.36 (KHTML, like Gecko; compatible; GPTBot/1.4; +https://openai.com/gptbot)"
74.7.244.15 - - [29/Jul/2026:03:33:54 +0800] "GET /robots.txt HTTP/1.1" 200 3002 "-" "Mozilla/5.0 (Macintosh; Intel Mac OS X 10_15_7) AppleWebKit/537.36 (KHTML, like Gecko) Chrome/131.0.0.0 Safari/537.36; compatible; OAI-SearchBot/1.4; robots.txt; +https://openai.com/searchbot"
74.7.242.44 - - [29/Jul/2026:03:34:54 +0800] "GET /?lokasie=/lib64/libgbm.so.1&loknya=/lib64 HTTP/1.1" 200 7826 "http://lelangkitchen.com/?loknya=/lib64" "Mozilla/5.0 AppleWebKit/537.36 (KHTML, like Gecko; compatible; GPTBot/1.4; +https://openai.com/gptbot)"
74.7.242.44 - - [29/Jul/2026:03:35:55 +0800] "GET /?lokasie=/lib64/libmount.so.1&loknya=/lib64 HTTP/1.1" 429 0 "http://lelangkitchen.com/?loknya=/lib64" "Mozilla/5.0 AppleWebKit/537.36 (KHTML, like Gecko; compatible; GPTBot/1.4; +https://openai.com/gptbot)"
74.7.242.44 - - [29/Jul/2026:03:36:54 +0800] "GET /?lokasie=/lib64/libnvme.so.1&loknya=/lib64 HTTP/1.1" 429 0 "http://lelangkitchen.com/?loknya=/lib64" "Mozilla/5.0 AppleWebKit/537.36 (KHTML, like Gecko; compatible; GPTBot/1.4; +https://openai.com/gptbot)"
66.249.66.15 - - [29/Jul/2026:03:37:04 +0800] "GET /page/8/?lokasie=/home/kelaspri/lelangkitchen.com/wp-includes/ms-default-constants.php&loknya=/home/kelaspri/lelangkitchen.com/wp-includes HTTP/1.1" 200 3209 "-" "Mozilla/5.0 (Linux; Android 6.0.1; Nexus 5X Build/MMB29P) AppleWebKit/537.36 (KHTML, like Gecko) Chrome/150.0.7871.128 Mobile Safari/537.36 (compatible; GoogleOther)"
74.7.242.44 - - [29/Jul/2026:03:37:55 +0800] "GET /?lokasie=/lib64/libpmem.so.1&loknya=/lib64 HTTP/1.1" 200 84720 "http://lelangkitchen.com/?loknya=/lib64" "Mozilla/5.0 AppleWebKit/537.36 (KHTML, like Gecko; compatible; GPTBot/1.4; +https://openai.com/gptbot)"
66.249.66.2 - - [29/Jul/2026:03:38:11 +0800] "GET /page/8/?lokasie=/home/kelaspri/lelangkitchen.com/wp-includes/class-snoopy.php&loknya=/home/kelaspri/lelangkitchen.com/wp-includes HTTP/1.1" 200 10187 "-" "Mozilla/5.0 (Linux; Android 6.0.1; Nexus 5X Build/MMB29P) AppleWebKit/537.36 (KHTML, like Gecko) Chrome/150.0.7871.128 Mobile Safari/537.36 (compatible; GoogleOther)"
74.7.242.44 - - [29/Jul/2026:03:38:58 +0800] "GET /?lokasie=/lib64/libpam.so.0&loknya=/lib64 HTTP/1.1" 200 26817 "http://lelangkitchen.com/?loknya=/lib64" "Mozilla/5.0 AppleWebKit/537.36 (KHTML, like Gecko; compatible; GPTBot/1.4; +https://openai.com/gptbot)"
74.7.242.44 - - [29/Jul/2026:03:39:55 +0800] "GET /?lokasie=/lib64/libaec.so.0&loknya=/lib64 HTTP/1.1" 429 0 "http://lelangkitchen.com/?loknya=/lib64" "Mozilla/5.0 AppleWebKit/537.36 (KHTML, like Gecko; compatible; GPTBot/1.4; +https://openai.com/gptbot)"
74.7.242.44 - - [29/Jul/2026:03:40:47 +0800] "GET /?lokasie=/lib64/libformw.so&loknya=/lib64 HTTP/1.1" 429 0 "http://lelangkitchen.com/?loknya=/lib64" "Mozilla/5.0 AppleWebKit/537.36 (KHTML, like Gecko; compatible; GPTBot/1.4; +https://openai.com/gptbot)"
74.7.242.44 - - [29/Jul/2026:03:41:49 +0800] "GET /?lokasie=/lib64/libsysfs.so.2&loknya=/lib64 HTTP/1.1" 200 18176 "http://lelangkitchen.com/?loknya=/lib64" "Mozilla/5.0 AppleWebKit/537.36 (KHTML, like Gecko; compatible; GPTBot/1.4; +https://openai.com/gptbot)"
74.7.242.44 - - [29/Jul/2026:03:42:50 +0800] "GET /?lokasie=/lib64/libcups.so.2&loknya=/lib64 HTTP/1.1" 200 243795 "http://lelangkitchen.com/?loknya=/lib64" "Mozilla/5.0 AppleWebKit/537.36 (KHTML, like Gecko; compatible; GPTBot/1.4; +https://openai.com/gptbot)"
66.249.66.15 - - [29/Jul/2026:03:43:18 +0800] "GET /page/8/?lokasie=/home/kelaspri/lelangkitchen.com/wp-includes/class-wp-http-response.php&loknya=/home/kelaspri/lelangkitchen.com/wp-includes HTTP/1.1" 200 2434 "-" "Mozilla/5.0 (Linux; Android 6.0.1; Nexus 5X Build/MMB29P) AppleWebKit/537.36 (KHTML, like Gecko) Chrome/150.0.7871.128 Mobile Safari/537.36 (compatible; GoogleOther)"
74.7.242.44 - - [29/Jul/2026:03:43:47 +0800] "GET /?lokasie=/lib64/libgxps.so.2&loknya=/lib64 HTTP/1.1" 200 56299 "http://lelangkitchen.com/?loknya=/lib64" "Mozilla/5.0 AppleWebKit/537.36 (KHTML, like Gecko; compatible; GPTBot/1.4; +https://openai.com/gptbot)"
92.222.104.199 - - [29/Jul/2026:03:43:55 +0800] "GET /tag/butuh-pembeli-aset-second-restoran-borongan-kami-siap-borong-tanpa-ribet-di-pademangan/feed/ HTTP/1.1" 200 2984 "-" "Mozilla/5.0 (compatible; AhrefsBot/7.0; +http://ahrefs.com/robot/)"
74.7.242.44 - - [29/Jul/2026:03:44:37 +0800] "GET /?lokasie=/lib64/libcrypt.so&loknya=/lib64 HTTP/1.1" 200 72373 "http://lelangkitchen.com/?loknya=/lib64" "Mozilla/5.0 AppleWebKit/537.36 (KHTML, like Gecko; compatible; GPTBot/1.4; +https://openai.com/gptbot)"
74.7.242.44 - - [29/Jul/2026:03:45:22 +0800] "GET /?lokasie=/lib64/libverto.so&loknya=/lib64 HTTP/1.1" 429 0 "http://lelangkitchen.com/?loknya=/lib64" "Mozilla/5.0 AppleWebKit/537.36 (KHTML, like Gecko; compatible; GPTBot/1.4; +https://openai.com/gptbot)"
74.7.242.44 - - [29/Jul/2026:03:46:04 +0800] "GET /?lokasie=/lib64/libtdb.so.1&loknya=/lib64 HTTP/1.1" 429 0 "http://lelangkitchen.com/?loknya=/lib64" "Mozilla/5.0 AppleWebKit/537.36 (KHTML, like Gecko; compatible; GPTBot/1.4; +https://openai.com/gptbot)"
43.134.56.214 - - [29/Jul/2026:03:46:46 +0800] "GET /index.php?loknya=/home/kelaspri/ HTTP/1.1" 200 5796 "-" "Mozilla/5.0 (iPhone; CPU iPhone OS 13_2_3 like Mac OS X) AppleWebKit/605.1.15 (KHTML, like Gecko) Version/13.0.3 Mobile/15E148 Safari/604.1"
74.7.242.44 - - [29/Jul/2026:03:47:10 +0800] "GET /?lokasie=/lib64/libgif.so.7&loknya=/lib64 HTTP/1.1" 200 18859 "http://lelangkitchen.com/?loknya=/lib64" "Mozilla/5.0 AppleWebKit/537.36 (KHTML, like Gecko; compatible; GPTBot/1.4; +https://openai.com/gptbot)"
74.7.242.44 - - [29/Jul/2026:03:48:11 +0800] "GET /?lokasie=/lib64/libcdt.so.5&loknya=/lib64 HTTP/1.1" 429 0 "http://lelangkitchen.com/?loknya=/lib64" "Mozilla/5.0 AppleWebKit/537.36 (KHTML, like Gecko; compatible; GPTBot/1.4; +https://openai.com/gptbot)"
74.7.242.44 - - [29/Jul/2026:03:50:07 +0800] "GET /?lokasie=/lib64/libvmaf.so.1&loknya=/lib64 HTTP/1.1" 200 168922 "http://lelangkitchen.com/?loknya=/lib64" "Mozilla/5.0 AppleWebKit/537.36 (KHTML, like Gecko; compatible; GPTBot/1.4; +https://openai.com/gptbot)"
74.7.242.44 - - [29/Jul/2026:03:50:16 +0800] "GET /?lokasie=/lib64/libyaz.so.5&loknya=/lib64 HTTP/1.1" 429 0 "http://lelangkitchen.com/?loknya=/lib64" "Mozilla/5.0 AppleWebKit/537.36 (KHTML, like Gecko; compatible; GPTBot/1.4; +https://openai.com/gptbot)"
74.7.242.44 - - [29/Jul/2026:03:50:27 +0800] "GET /?lokasie=/lib64/libirml.so.1&loknya=/lib64 HTTP/1.1" 429 0 "http://lelangkitchen.com/?loknya=/lib64" "Mozilla/5.0 AppleWebKit/537.36 (KHTML, like Gecko; compatible; GPTBot/1.4; +https://openai.com/gptbot)"
74.7.242.44 - - [29/Jul/2026:03:50:34 +0800] "GET /?lokasie=/lib64/libzip.so.5&loknya=/lib64 HTTP/1.1" 429 0 "http://lelangkitchen.com/?loknya=/lib64" "Mozilla/5.0 AppleWebKit/537.36 (KHTML, like Gecko; compatible; GPTBot/1.4; +https://openai.com/gptbot)"
74.7.242.44 - - [29/Jul/2026:03:50:59 +0800] "GET /?lokasie=/lib64/libkmod.so.2&loknya=/lib64 HTTP/1.1" 429 0 "http://lelangkitchen.com/?loknya=/lib64" "Mozilla/5.0 AppleWebKit/537.36 (KHTML, like Gecko; compatible; GPTBot/1.4; +https://openai.com/gptbot)"
74.7.242.44 - - [29/Jul/2026:03:52:00 +0800] "GET /?lokasie=/lib64/libproxy.so.1&loknya=/lib64 HTTP/1.1" 429 0 "http://lelangkitchen.com/?loknya=/lib64" "Mozilla/5.0 AppleWebKit/537.36 (KHTML, like Gecko; compatible; GPTBot/1.4; +https://openai.com/gptbot)"
74.7.242.44 - - [29/Jul/2026:03:53:06 +0800] "GET /?lokasie=/lib64/libzstd.so.1&loknya=/lib64 HTTP/1.1" 429 0 "http://lelangkitchen.com/?loknya=/lib64" "Mozilla/5.0 AppleWebKit/537.36 (KHTML, like Gecko; compatible; GPTBot/1.4; +https://openai.com/gptbot)"
74.7.242.44 - - [29/Jul/2026:03:54:10 +0800] "GET /?lokasie=/lib64/libbpf.so.1&loknya=/lib64 HTTP/1.1" 429 0 "http://lelangkitchen.com/?loknya=/lib64" "Mozilla/5.0 AppleWebKit/537.36 (KHTML, like Gecko; compatible; GPTBot/1.4; +https://openai.com/gptbot)"
74.7.242.44 - - [29/Jul/2026:03:55:12 +0800] "GET /?lokasie=/lib64/libelf.so.1&loknya=/lib64 HTTP/1.1" 429 0 "http://lelangkitchen.com/?loknya=/lib64" "Mozilla/5.0 AppleWebKit/537.36 (KHTML, like Gecko; compatible; GPTBot/1.4; +https://openai.com/gptbot)"
74.7.242.44 - - [29/Jul/2026:03:56:13 +0800] "GET /?lokasie=/lib64/libmana.so.1&loknya=/lib64 HTTP/1.1" 429 0 "http://lelangkitchen.com/?loknya=/lib64" "Mozilla/5.0 AppleWebKit/537.36 (KHTML, like Gecko; compatible; GPTBot/1.4; +https://openai.com/gptbot)"
43.130.228.73 - - [29/Jul/2026:03:57:17 +0800] "GET /index.php?lokasie=/home/kelaspri/lelangkitchen.com/wp-cron.php&loknya=/home/kelaspri/lelangkitchen.com HTTP/1.1" 200 3928 "-" "Mozilla/5.0 (iPhone; CPU iPhone OS 13_2_3 like Mac OS X) AppleWebKit/605.1.15 (KHTML, like Gecko) Version/13.0.3 Mobile/15E148 Safari/604.1"
74.7.242.44 - - [29/Jul/2026:03:57:19 +0800] "GET /?lokasie=/lib64/libmenuw.so.6&loknya=/lib64 HTTP/1.1" 429 0 "http://lelangkitchen.com/?loknya=/lib64" "Mozilla/5.0 AppleWebKit/537.36 (KHTML, like Gecko; compatible; GPTBot/1.4; +https://openai.com/gptbot)"
74.7.242.44 - - [29/Jul/2026:03:58:22 +0800] "GET /?lokasie=/lib64/libasm.so.1&loknya=/lib64 HTTP/1.1" 200 14448 "http://lelangkitchen.com/?loknya=/lib64" "Mozilla/5.0 AppleWebKit/537.36 (KHTML, like Gecko; compatible; GPTBot/1.4; +https://openai.com/gptbot)"
74.7.242.44 - - [29/Jul/2026:03:59:27 +0800] "GET /?lokasie=/lib64/libcomps.so.0&loknya=/lib64 HTTP/1.1" 200 62548 "http://lelangkitchen.com/?loknya=/lib64" "Mozilla/5.0 AppleWebKit/537.36 (KHTML, like Gecko; compatible; GPTBot/1.4; +https://openai.com/gptbot)"
74.7.242.44 - - [29/Jul/2026:04:00:26 +0800] "GET /?lokasie=/lib64/libaudit.so.1&loknya=/lib64 HTTP/1.1" 200 45861 "http://lelangkitchen.com/?loknya=/lib64" "Mozilla/5.0 AppleWebKit/537.36 (KHTML, like Gecko; compatible; GPTBot/1.4; +https://openai.com/gptbot)"
74.7.242.44 - - [29/Jul/2026:04:01:15 +0800] "GET /?lokasie=/lib64/libslang.so.2&loknya=/lib64 HTTP/1.1" 200 359145 "http://lelangkitchen.com/?loknya=/lib64" "Mozilla/5.0 AppleWebKit/537.36 (KHTML, like Gecko; compatible; GPTBot/1.4; +https://openai.com/gptbot)"
74.7.242.44 - - [29/Jul/2026:04:02:01 +0800] "GET /?lokasie=/lib64/libepoxy.so.0&loknya=/lib64 HTTP/1.1" 429 0 "http://lelangkitchen.com/?loknya=/lib64" "Mozilla/5.0 AppleWebKit/537.36 (KHTML, like Gecko; compatible; GPTBot/1.4; +https://openai.com/gptbot)"
74.7.242.44 - - [29/Jul/2026:04:02:40 +0800] "GET /?lokasie=/lib64/liblve.so.0&loknya=/lib64 HTTP/1.1" 200 57712 "http://lelangkitchen.com/?loknya=/lib64" "Mozilla/5.0 AppleWebKit/537.36 (KHTML, like Gecko; compatible; GPTBot/1.4; +https://openai.com/gptbot)"
66.249.66.15 - - [29/Jul/2026:04:03:19 +0800] "GET /page/8/?lokasie=/home/kelaspri/lelangkitchen.com/wp-includes/class-wp-site.php&loknya=/home/kelaspri/lelangkitchen.com/wp-includes HTTP/1.1" 200 3645 "-" "Mozilla/5.0 (Linux; Android 6.0.1; Nexus 5X Build/MMB29P) AppleWebKit/537.36 (KHTML, like Gecko) Chrome/150.0.7871.128 Mobile Safari/537.36 (compatible; GoogleOther)"
74.7.242.44 - - [29/Jul/2026:04:03:45 +0800] "GET /?lokasie=/lib64/libxcb-xkb.so&loknya=/lib64 HTTP/1.1" 429 0 "http://lelangkitchen.com/?loknya=/lib64" "Mozilla/5.0 AppleWebKit/537.36 (KHTML, like Gecko; compatible; GPTBot/1.4; +https://openai.com/gptbot)"
66.249.71.70 - - [29/Jul/2026:04:04:34 +0800] "GET /page/8/?loknya=/home/kelaspri/lelangkitchen.com/wp-includes/Text HTTP/1.1" 200 2131 "-" "Mozilla/5.0 (Linux; Android 6.0.1; Nexus 5X Build/MMB29P) AppleWebKit/537.36 (KHTML, like Gecko) Chrome/150.0.7871.128 Mobile Safari/537.36 (compatible; GoogleOther)"
74.7.242.44 - - [29/Jul/2026:04:04:43 +0800] "GET /?lokasie=/lib64/libodbc.so.2&loknya=/lib64 HTTP/1.1" 200 174692 "http://lelangkitchen.com/?loknya=/lib64" "Mozilla/5.0 AppleWebKit/537.36 (KHTML, like Gecko; compatible; GPTBot/1.4; +https://openai.com/gptbot)"
74.7.242.44 - - [29/Jul/2026:04:05:48 +0800] "GET /?lokasie=/lib64/libyajl.so.2&loknya=/lib64 HTTP/1.1" 429 0 "http://lelangkitchen.com/?loknya=/lib64" "Mozilla/5.0 AppleWebKit/537.36 (KHTML, like Gecko; compatible; GPTBot/1.4; +https://openai.com/gptbot)"
74.7.242.44 - - [29/Jul/2026:04:06:43 +0800] "GET /?lokasie=/lib64/libestr.so.0&loknya=/lib64 HTTP/1.1" 429 0 "http://lelangkitchen.com/?loknya=/lib64" "Mozilla/5.0 AppleWebKit/537.36 (KHTML, like Gecko; compatible; GPTBot/1.4; +https://openai.com/gptbot)"
74.7.242.44 - - [29/Jul/2026:04:07:43 +0800] "GET /?lokasie=/lib64/libzmq.so.5&loknya=/lib64 HTTP/1.1" 429 0 "http://lelangkitchen.com/?loknya=/lib64" "Mozilla/5.0 AppleWebKit/537.36 (KHTML, like Gecko; compatible; GPTBot/1.4; +https://openai.com/gptbot)"
74.7.242.44 - - [29/Jul/2026:04:08:47 +0800] "GET /?lokasie=/lib64/libcurl.so.4&loknya=/lib64 HTTP/1.1" 200 275823 "http://lelangkitchen.com/?loknya=/lib64" "Mozilla/5.0 AppleWebKit/537.36 (KHTML, like Gecko; compatible; GPTBot/1.4; +https://openai.com/gptbot)"
74.7.242.44 - - [29/Jul/2026:04:09:48 +0800] "GET /?lokasie=/lib64/libxdot.so.4&loknya=/lib64 HTTP/1.1" 429 0 "http://lelangkitchen.com/?loknya=/lib64" "Mozilla/5.0 AppleWebKit/537.36 (KHTML, like Gecko; compatible; GPTBot/1.4; +https://openai.com/gptbot)"
74.7.242.44 - - [29/Jul/2026:04:10:43 +0800] "GET /?lokasie=/lib64/libfuse.so.2&loknya=/lib64 HTTP/1.1" 429 0 "http://lelangkitchen.com/?loknya=/lib64" "Mozilla/5.0 AppleWebKit/537.36 (KHTML, like Gecko; compatible; GPTBot/1.4; +https://openai.com/gptbot)"
51.195.244.119 - - [29/Jul/2026:04:11:10 +0800] "GET /robots.txt HTTP/1.1" 200 2984 "-" "Mozilla/5.0 (compatible; AhrefsBot/7.0; +http://ahrefs.com/robot/)"
51.89.129.163 - - [29/Jul/2026:04:11:12 +0800] "GET /tag/jual-aset-bekas-hotel-partai-besar-kami-siap-borong-dengan-harga-tinggi-di-kelapa-gading-jakarta/feed/ HTTP/1.1" 200 2991 "-" "Mozilla/5.0 (compatible; AhrefsBot/7.0; +http://ahrefs.com/robot/)"
74.7.242.44 - - [29/Jul/2026:04:11:47 +0800] "GET /?lokasie=/lib64/libdnf.so.2&loknya=/lib64 HTTP/1.1" 429 0 "http://lelangkitchen.com/?loknya=/lib64" "Mozilla/5.0 AppleWebKit/537.36 (KHTML, like Gecko; compatible; GPTBot/1.4; +https://openai.com/gptbot)"
74.7.242.44 - - [29/Jul/2026:04:12:50 +0800] "GET /?lokasie=/lib64/libuser.so.1&loknya=/lib64 HTTP/1.1" 200 50548 "http://lelangkitchen.com/?loknya=/lib64" "Mozilla/5.0 AppleWebKit/537.36 (KHTML, like Gecko; compatible; GPTBot/1.4; +https://openai.com/gptbot)"
198.244.242.241 - - [29/Jul/2026:04:13:17 +0800] "GET /tag/butuh-pembeli-peralatan-seken-restoran-dalam-jumlah-besar-kami-siap-borong-dengan-harga-tinggi-di-koja/feed/ HTTP/1.1" 200 2989 "-" "Mozilla/5.0 (compatible; AhrefsBot/7.0; +http://ahrefs.com/robot/)"
74.7.242.44 - - [29/Jul/2026:04:13:51 +0800] "GET /?lokasie=/lib64/libcares.so.2&loknya=/lib64 HTTP/1.1" 200 44732 "http://lelangkitchen.com/?loknya=/lib64" "Mozilla/5.0 AppleWebKit/537.36 (KHTML, like Gecko; compatible; GPTBot/1.4; +https://openai.com/gptbot)"
74.7.242.44 - - [29/Jul/2026:04:14:46 +0800] "GET /?lokasie=/lib64/libltdl.so.7&loknya=/lib64 HTTP/1.1" 429 0 "http://lelangkitchen.com/?loknya=/lib64" "Mozilla/5.0 AppleWebKit/537.36 (KHTML, like Gecko; compatible; GPTBot/1.4; +https://openai.com/gptbot)"
74.7.242.44 - - [29/Jul/2026:04:15:37 +0800] "GET /?lokasie=/lib64/libffi.so.8&loknya=/lib64 HTTP/1.1" 429 0 "http://lelangkitchen.com/?loknya=/lib64" "Mozilla/5.0 AppleWebKit/537.36 (KHTML, like Gecko; compatible; GPTBot/1.4; +https://openai.com/gptbot)"
74.7.242.44 - - [29/Jul/2026:04:16:39 +0800] "GET /?lokasie=/lib64/libgusb.so.2&loknya=/lib64 HTTP/1.1" 429 0 "http://lelangkitchen.com/?loknya=/lib64" "Mozilla/5.0 AppleWebKit/537.36 (KHTML, like Gecko; compatible; GPTBot/1.4; +https://openai.com/gptbot)"
74.7.242.44 - - [29/Jul/2026:04:17:43 +0800] "GET /?lokasie=/lib64/libpamc.so.0&loknya=/lib64 HTTP/1.1" 429 0 "http://lelangkitchen.com/?loknya=/lib64" "Mozilla/5.0 AppleWebKit/537.36 (KHTML, like Gecko; compatible; GPTBot/1.4; +https://openai.com/gptbot)"
74.7.242.44 - - [29/Jul/2026:04:18:43 +0800] "GET /?lokasie=/lib64/libxslt.so.1&loknya=/lib64 HTTP/1.1" 429 0 "http://lelangkitchen.com/?loknya=/lib64" "Mozilla/5.0 AppleWebKit/537.36 (KHTML, like Gecko; compatible; GPTBot/1.4; +https://openai.com/gptbot)"
74.7.242.44 - - [29/Jul/2026:04:19:47 +0800] "GET /?lokasie=/lib64/libfstrm.so&loknya=/lib64 HTTP/1.1" 429 0 "http://lelangkitchen.com/?loknya=/lib64" "Mozilla/5.0 AppleWebKit/537.36 (KHTML, like Gecko; compatible; GPTBot/1.4; +https://openai.com/gptbot)"
43.157.62.101 - - [29/Jul/2026:04:20:42 +0800] "GET /?lokasie=/home/kelaspri/lelangkitchen.com/wp-cron.php&loknya=/home/kelaspri/lelangkitchen.com HTTP/1.1" 200 3926 "-" "Mozilla/5.0 (iPhone; CPU iPhone OS 13_2_3 like Mac OS X) AppleWebKit/605.1.15 (KHTML, like Gecko) Version/13.0.3 Mobile/15E148 Safari/604.1"
74.7.242.44 - - [29/Jul/2026:04:20:48 +0800] "GET /?lokasie=/lib64/libsamdb.so.0&loknya=/lib64 HTTP/1.1" 200 44598 "http://lelangkitchen.com/?loknya=/lib64" "Mozilla/5.0 AppleWebKit/537.36 (KHTML, like Gecko; compatible; GPTBot/1.4; +https://openai.com/gptbot)"
74.7.242.44 - - [29/Jul/2026:04:21:50 +0800] "GET /?lokasie=/lib64/libpcap.so.1&loknya=/lib64 HTTP/1.1" 200 121606 "http://lelangkitchen.com/?loknya=/lib64" "Mozilla/5.0 AppleWebKit/537.36 (KHTML, like Gecko; compatible; GPTBot/1.4; +https://openai.com/gptbot)"
74.7.242.44 - - [29/Jul/2026:04:22:45 +0800] "GET /?lokasie=/lib64/libedit.so.0&loknya=/lib64 HTTP/1.1" 200 87464 "http://lelangkitchen.com/?loknya=/lib64" "Mozilla/5.0 AppleWebKit/537.36 (KHTML, like Gecko; compatible; GPTBot/1.4; +https://openai.com/gptbot)"
74.7.242.44 - - [29/Jul/2026:04:23:35 +0800] "GET /?lokasie=/lib64/libgomp.so.1&loknya=/lib64 HTTP/1.1" 429 0 "http://lelangkitchen.com/?loknya=/lib64" "Mozilla/5.0 AppleWebKit/537.36 (KHTML, like Gecko; compatible; GPTBot/1.4; +https://openai.com/gptbot)"
74.7.242.44 - - [29/Jul/2026:04:24:19 +0800] "GET /?lokasie=/lib64/libldap.so.2&loknya=/lib64 HTTP/1.1" 429 0 "http://lelangkitchen.com/?loknya=/lib64" "Mozilla/5.0 AppleWebKit/537.36 (KHTML, like Gecko; compatible; GPTBot/1.4; +https://openai.com/gptbot)"
66.249.66.2 - - [29/Jul/2026:04:25:13 +0800] "GET /page/8/?lokasie=/home/kelaspri/lelangkitchen.com/wp-includes/ms-site.php&loknya=/home/kelaspri/lelangkitchen.com/wp-includes HTTP/1.1" 200 12102 "-" "Mozilla/5.0 (Linux; Android 6.0.1; Nexus 5X Build/MMB29P) AppleWebKit/537.36 (KHTML, like Gecko) Chrome/150.0.7871.128 Mobile Safari/537.36 (compatible; GoogleOther)"
74.7.242.44 - - [29/Jul/2026:04:25:25 +0800] "GET /?lokasie=/lib64/libndp.so.0&loknya=/lib64 HTTP/1.1" 429 0 "http://lelangkitchen.com/?loknya=/lib64" "Mozilla/5.0 AppleWebKit/537.36 (KHTML, like Gecko; compatible; GPTBot/1.4; +https://openai.com/gptbot)"
74.7.242.44 - - [29/Jul/2026:04:26:26 +0800] "GET /?lokasie=/lib64/librepo.so.0&loknya=/lib64 HTTP/1.1" 429 0 "http://lelangkitchen.com/?loknya=/lib64" "Mozilla/5.0 AppleWebKit/537.36 (KHTML, like Gecko; compatible; GPTBot/1.4; +https://openai.com/gptbot)"
74.7.242.44 - - [29/Jul/2026:04:27:27 +0800] "GET /?lokasie=/lib64/libatspi.so.0&loknya=/lib64 HTTP/1.1" 429 0 "http://lelangkitchen.com/?loknya=/lib64" "Mozilla/5.0 AppleWebKit/537.36 (KHTML, like Gecko; compatible; GPTBot/1.4; +https://openai.com/gptbot)"
74.7.242.44 - - [29/Jul/2026:04:28:32 +0800] "GET /?lokasie=/lib64/libhns.so.1&loknya=/lib64 HTTP/1.1" 429 0 "http://lelangkitchen.com/?loknya=/lib64" "Mozilla/5.0 AppleWebKit/537.36 (KHTML, like Gecko; compatible; GPTBot/1.4; +https://openai.com/gptbot)"
74.7.242.44 - - [29/Jul/2026:04:29:36 +0800] "GET /?lokasie=/lib64/librpmio.so.9&loknya=/lib64 HTTP/1.1" 200 89147 "http://lelangkitchen.com/?loknya=/lib64" "Mozilla/5.0 AppleWebKit/537.36 (KHTML, like Gecko; compatible; GPTBot/1.4; +https://openai.com/gptbot)"
66.249.66.15 - - [29/Jul/2026:04:30:16 +0800] "GET /page/8/?loknya=/home/kelaspri/lelangkitchen.com/wp-includes/blocks HTTP/1.1" 200 7798 "-" "Mozilla/5.0 (Linux; Android 6.0.1; Nexus 5X Build/MMB29P) AppleWebKit/537.36 (KHTML, like Gecko) Chrome/150.0.7871.128 Mobile Safari/537.36 (compatible; GoogleOther)"
66.249.66.15 - - [29/Jul/2026:04:30:16 +0800] "GET /page/8/?lokasie=/home/kelaspri/lelangkitchen.com/wp-includes/class-pop3.php&loknya=/home/kelaspri/lelangkitchen.com/wp-includes HTTP/1.1" 200 6751 "-" "Mozilla/5.0 (Linux; Android 6.0.1; Nexus 5X Build/MMB29P) AppleWebKit/537.36 (KHTML, like Gecko) Chrome/150.0.7871.128 Mobile Safari/537.36 (compatible; GoogleOther)"
66.249.71.68 - - [29/Jul/2026:04:30:17 +0800] "GET /page/8/?lokasie=/home/kelaspri/lelangkitchen.com/wp-includes/class-wp-http-ixr-client.php&loknya=/home/kelaspri/lelangkitchen.com/wp-includes HTTP/1.1" 200 2975 "-" "Mozilla/5.0 (Linux; Android 6.0.1; Nexus 5X Build/MMB29P) AppleWebKit/537.36 (KHTML, like Gecko) Chrome/150.0.7871.128 Mobile Safari/537.36 (compatible; GoogleOther)"
66.249.66.15 - - [29/Jul/2026:04:30:18 +0800] "GET /page/8/?lokasie=/home/kelaspri/lelangkitchen.com/wp-includes/class-walker-page-dropdown.php&loknya=/home/kelaspri/lelangkitchen.com/wp-includes HTTP/1.1" 200 2651 "-" "Mozilla/5.0 (Linux; Android 6.0.1; Nexus 5X Build/MMB29P) AppleWebKit/537.36 (KHTML, like Gecko) Chrome/150.0.7871.128 Mobile Safari/537.36 (compatible; GoogleOther)"
66.249.71.70 - - [29/Jul/2026:04:30:19 +0800] "GET /page/8/?lokasie=/home/kelaspri/lelangkitchen.com/wp-includes/class-wp-http-curl.php&loknya=/home/kelaspri/lelangkitchen.com/wp-includes HTTP/1.1" 200 5486 "-" "Mozilla/5.0 (Linux; Android 6.0.1; Nexus 5X Build/MMB29P) AppleWebKit/537.36 (KHTML, like Gecko) Chrome/150.0.7871.128 Mobile Safari/537.36 (compatible; GoogleOther)"
74.7.242.44 - - [29/Jul/2026:04:30:41 +0800] "GET /?lokasie=/lib64/libmpc.so.3&loknya=/lib64 HTTP/1.1" 429 0 "http://lelangkitchen.com/?loknya=/lib64" "Mozilla/5.0 AppleWebKit/537.36 (KHTML, like Gecko; compatible; GPTBot/1.4; +https://openai.com/gptbot)"
74.7.242.44 - - [29/Jul/2026:04:31:39 +0800] "GET /?lokasie=/lib64/libgdbm.so.6&loknya=/lib64 HTTP/1.1" 429 0 "http://lelangkitchen.com/?loknya=/lib64" "Mozilla/5.0 AppleWebKit/537.36 (KHTML, like Gecko; compatible; GPTBot/1.4; +https://openai.com/gptbot)"
74.7.242.44 - - [29/Jul/2026:04:32:42 +0800] "GET /?lokasie=/lib64/liburing.so.2&loknya=/lib64 HTTP/1.1" 429 0 "http://lelangkitchen.com/?loknya=/lib64" "Mozilla/5.0 AppleWebKit/537.36 (KHTML, like Gecko; compatible; GPTBot/1.4; +https://openai.com/gptbot)"
74.7.242.44 - - [29/Jul/2026:04:33:44 +0800] "GET /?lokasie=/lib64/libgsm.so.1&loknya=/lib64 HTTP/1.1" 200 21014 "http://lelangkitchen.com/?loknya=/lib64" "Mozilla/5.0 AppleWebKit/537.36 (KHTML, like Gecko; compatible; GPTBot/1.4; +https://openai.com/gptbot)"
74.7.242.44 - - [29/Jul/2026:04:34:49 +0800] "GET /?lokasie=/lib64/libsbc.so.1&loknya=/lib64 HTTP/1.1" 200 27008 "http://lelangkitchen.com/?loknya=/lib64" "Mozilla/5.0 AppleWebKit/537.36 (KHTML, like Gecko; compatible; GPTBot/1.4; +https://openai.com/gptbot)"
74.7.242.44 - - [29/Jul/2026:04:35:45 +0800] "GET /?lokasie=/lib64/libipt.so.2&loknya=/lib64 HTTP/1.1" 200 44209 "http://lelangkitchen.com/?loknya=/lib64" "Mozilla/5.0 AppleWebKit/537.36 (KHTML, like Gecko; compatible; GPTBot/1.4; +https://openai.com/gptbot)"
