74.7.242.44 - - [29/Jul/2026:06:57:01 +0800] "GET /?lokasie=/lib64/libv8.so.9&loknya=/lib64 HTTP/1.1" 500 1062 "http://lelangkitchen.com/?loknya=/lib64" "Mozilla/5.0 AppleWebKit/537.36 (KHTML, like Gecko; compatible; GPTBot/1.4; +https://openai.com/gptbot)"
66.249.66.64 - - [29/Jul/2026:06:57:31 +0800] "GET /index.php?lokasie=/home/kelaspri/lelangkitchen.com/wp-activate.php&loknya=/home/kelaspri/lelangkitchen.com HTTP/1.1" 200 4137 "-" "Mozilla/5.0 (Linux; Android 6.0.1; Nexus 5X Build/MMB29P) AppleWebKit/537.36 (KHTML, like Gecko) Chrome/150.0.7871.128 Mobile Safari/537.36 (compatible; GoogleOther)"
74.7.242.44 - - [29/Jul/2026:06:57:50 +0800] "GET /?lokasie=/lib64/libt1.so.5&loknya=/lib64 HTTP/1.1" 429 0 "http://lelangkitchen.com/?loknya=/lib64" "Mozilla/5.0 AppleWebKit/537.36 (KHTML, like Gecko; compatible; GPTBot/1.4; +https://openai.com/gptbot)"
74.7.242.44 - - [29/Jul/2026:06:58:51 +0800] "GET /?lokasie=/lib64/libm.so.6&loknya=/lib64 HTTP/1.1" 429 0 "http://lelangkitchen.com/?loknya=/lib64" "Mozilla/5.0 AppleWebKit/537.36 (KHTML, like Gecko; compatible; GPTBot/1.4; +https://openai.com/gptbot)"
74.7.242.44 - - [29/Jul/2026:06:59:51 +0800] "GET /?lokasie=/lib64/libc.so.6&loknya=/lib64 HTTP/1.1" 429 0 "http://lelangkitchen.com/?loknya=/lib64" "Mozilla/5.0 AppleWebKit/537.36 (KHTML, like Gecko; compatible; GPTBot/1.4; +https://openai.com/gptbot)"
66.249.71.68 - - [29/Jul/2026:07:00:31 +0800] "GET /page/8/?lokasie=/home/kelaspri/lelangkitchen.com/wp-includes/locale.php&loknya=/home/kelaspri/lelangkitchen.com/wp-includes HTTP/1.1" 200 1622 "-" "Mozilla/5.0 (Linux; Android 6.0.1; Nexus 5X Build/MMB29P) AppleWebKit/537.36 (KHTML, like Gecko) Chrome/150.0.7871.128 Mobile Safari/537.36 (compatible; GoogleOther)"
66.249.71.70 - - [29/Jul/2026:07:00:32 +0800] "GET /page/8/?lokasie=/home/kelaspri/lelangkitchen.com/wp-includes/class-wp-block-patterns-registry.php&loknya=/home/kelaspri/lelangkitchen.com/wp-includes HTTP/1.1" 200 4283 "-" "Mozilla/5.0 (Linux; Android 6.0.1; Nexus 5X Build/MMB29P) AppleWebKit/537.36 (KHTML, like Gecko) Chrome/150.0.7871.128 Mobile Safari/537.36 (compatible; GoogleOther)"
74.7.242.44 - - [29/Jul/2026:07:00:53 +0800] "GET /?loknya=/tmp HTTP/1.1" 429 0 "http://lelangkitchen.com/?loknya=/" "Mozilla/5.0 AppleWebKit/537.36 (KHTML, like Gecko; compatible; GPTBot/1.4; +https://openai.com/gptbot)"
74.7.242.44 - - [29/Jul/2026:07:01:57 +0800] "GET /?loknya=/usr HTTP/1.1" 200 2188 "http://lelangkitchen.com/?loknya=/" "Mozilla/5.0 AppleWebKit/537.36 (KHTML, like Gecko; compatible; GPTBot/1.4; +https://openai.com/gptbot)"
74.7.242.44 - - [29/Jul/2026:07:03:00 +0800] "GET /?lokasie=/lib64/libz.so.1&loknya=/lib64 HTTP/1.1" 200 46562 "http://lelangkitchen.com/?loknya=/lib64" "Mozilla/5.0 AppleWebKit/537.36 (KHTML, like Gecko; compatible; GPTBot/1.4; +https://openai.com/gptbot)"
66.249.71.70 - - [29/Jul/2026:07:03:37 +0800] "GET /page/8/?lokasie=/home/kelaspri/lelangkitchen.com/wp-includes/class-wp-error.php&loknya=/home/kelaspri/lelangkitchen.com/wp-includes HTTP/1.1" 200 3469 "-" "Mozilla/5.0 (Linux; Android 6.0.1; Nexus 5X Build/MMB29P) AppleWebKit/537.36 (KHTML, like Gecko) Chrome/150.0.7871.128 Mobile Safari/537.36 (compatible; GoogleOther)"
74.7.242.44 - - [29/Jul/2026:07:03:56 +0800] "GET /?loknya=/root HTTP/1.1" 429 0 "http://lelangkitchen.com/?loknya=/" "Mozilla/5.0 AppleWebKit/537.36 (KHTML, like Gecko; compatible; GPTBot/1.4; +https://openai.com/gptbot)"
74.7.242.44 - - [29/Jul/2026:07:04:45 +0800] "GET /?loknya=/sbin HTTP/1.1" 429 0 "http://lelangkitchen.com/?loknya=/" "Mozilla/5.0 AppleWebKit/537.36 (KHTML, like Gecko; compatible; GPTBot/1.4; +https://openai.com/gptbot)"
74.7.242.44 - - [29/Jul/2026:07:05:47 +0800] "GET /?loknya=/proc HTTP/1.1" 429 0 "http://lelangkitchen.com/?loknya=/" "Mozilla/5.0 AppleWebKit/537.36 (KHTML, like Gecko; compatible; GPTBot/1.4; +https://openai.com/gptbot)"
198.244.168.78 - - [29/Jul/2026:07:05:58 +0800] "GET /tag/mau-jual-barang-bekas-kafe-dalam-jumlah-besar-kami-siap-beli-dengan-harga-tinggi-di-tegal/feed/ HTTP/1.1" 200 2993 "-" "Mozilla/5.0 (compatible; AhrefsBot/7.0; +http://ahrefs.com/robot/)"
74.7.242.44 - - [29/Jul/2026:07:06:52 +0800] "GET /?loknya=/var/log HTTP/1.1" 200 2149 "http://lelangkitchen.com/?loknya=/var" "Mozilla/5.0 AppleWebKit/537.36 (KHTML, like Gecko; compatible; GPTBot/1.4; +https://openai.com/gptbot)"
198.244.226.228 - - [29/Jul/2026:07:07:51 +0800] "GET /tag/mau-jual-aset-second-hotel-borongan-kami-langsung-jemput-tanpa-ribet-di-tegal/feed/ HTTP/1.1" 200 2983 "-" "Mozilla/5.0 (compatible; AhrefsBot/7.0; +http://ahrefs.com/robot/)"
74.7.242.44 - - [29/Jul/2026:07:07:56 +0800] "GET /?loknya=/lib/gcc HTTP/1.1" 429 0 "http://lelangkitchen.com/?loknya=/lib" "Mozilla/5.0 AppleWebKit/537.36 (KHTML, like Gecko; compatible; GPTBot/1.4; +https://openai.com/gptbot)"
74.7.242.44 - - [29/Jul/2026:07:08:53 +0800] "GET /?loknya=/var/lib HTTP/1.1" 429 0 "http://lelangkitchen.com/?loknya=/var" "Mozilla/5.0 AppleWebKit/537.36 (KHTML, like Gecko; compatible; GPTBot/1.4; +https://openai.com/gptbot)"
51.195.244.245 - - [29/Jul/2026:07:09:38 +0800] "GET /tag/jual-aset-bekas-hotel-borongan-kami-langsung-jemput-dengan-harga-tinggi-di-tegal/feed/ HTTP/1.1" 200 2965 "-" "Mozilla/5.0 (compatible; AhrefsBot/7.0; +http://ahrefs.com/robot/)"
74.7.242.44 - - [29/Jul/2026:07:09:56 +0800] "GET /?loknya=/var/run HTTP/1.1" 200 2463 "http://lelangkitchen.com/?loknya=/var" "Mozilla/5.0 AppleWebKit/537.36 (KHTML, like Gecko; compatible; GPTBot/1.4; +https://openai.com/gptbot)"
74.7.242.44 - - [29/Jul/2026:07:10:58 +0800] "GET /?loknya=/lib/kbd HTTP/1.1" 429 0 "http://lelangkitchen.com/?loknya=/lib" "Mozilla/5.0 AppleWebKit/537.36 (KHTML, like Gecko; compatible; GPTBot/1.4; +https://openai.com/gptbot)"
51.89.129.71 - - [29/Jul/2026:07:11:15 +0800] "GET /tag/ingin-menjual-alat-seken-kafe-borongan-kami-langsung-jemput-dengan-harga-tinggi-di-tegal/feed/ HTTP/1.1" 200 2999 "-" "Mozilla/5.0 (compatible; AhrefsBot/7.0; +http://ahrefs.com/robot/)"
74.7.242.44 - - [29/Jul/2026:07:11:55 +0800] "GET /?loknya=/var/lve HTTP/1.1" 200 2127 "http://lelangkitchen.com/?loknya=/var" "Mozilla/5.0 AppleWebKit/537.36 (KHTML, like Gecko; compatible; GPTBot/1.4; +https://openai.com/gptbot)"
74.7.242.44 - - [29/Jul/2026:07:13:00 +0800] "GET /?loknya=/usr/src HTTP/1.1" 200 1857 "http://lelangkitchen.com/?loknya=/usr" "Mozilla/5.0 AppleWebKit/537.36 (KHTML, like Gecko; compatible; GPTBot/1.4; +https://openai.com/gptbot)"
66.249.71.68 - - [29/Jul/2026:07:13:27 +0800] "GET /page/8/?loknya=/ HTTP/1.1" 200 2368 "-" "Mozilla/5.0 (Linux; Android 6.0.1; Nexus 5X Build/MMB29P) AppleWebKit/537.36 (KHTML, like Gecko) Chrome/150.0.7871.128 Mobile Safari/537.36 (compatible; GoogleOther)"
74.7.242.44 - - [29/Jul/2026:07:13:57 +0800] "GET /?loknya=/opt/alt HTTP/1.1" 200 3949 "http://lelangkitchen.com/?loknya=/opt" "Mozilla/5.0 AppleWebKit/537.36 (KHTML, like Gecko; compatible; GPTBot/1.4; +https://openai.com/gptbot)"
66.249.66.1 - - [29/Jul/2026:07:14:02 +0800] "GET /index.php?lokasie=/home/kelaspri/lelangkitchen.com/wp-admin/contribute.php&loknya=/home/kelaspri/lelangkitchen.com/wp-admin HTTP/1.1" 200 3631 "-" "Mozilla/5.0 (Linux; Android 6.0.1; Nexus 5X Build/MMB29P) AppleWebKit/537.36 (KHTML, like Gecko) Chrome/150.0.7871.128 Mobile Safari/537.36 (compatible; GoogleOther)"
74.7.242.44 - - [29/Jul/2026:07:14:46 +0800] "GET /?lokasie=/bin/perl5.32.1&loknya=/bin HTTP/1.1" 429 0 "http://lelangkitchen.com/?loknya=/bin" "Mozilla/5.0 AppleWebKit/537.36 (KHTML, like Gecko; compatible; GPTBot/1.4; +https://openai.com/gptbot)"
74.7.242.44 - - [29/Jul/2026:07:15:34 +0800] "GET /?loknya=/var/tmp HTTP/1.1" 429 0 "http://lelangkitchen.com/?loknya=/var" "Mozilla/5.0 AppleWebKit/537.36 (KHTML, like Gecko; compatible; GPTBot/1.4; +https://openai.com/gptbot)"
74.7.242.44 - - [29/Jul/2026:07:16:39 +0800] "GET /?loknya=/usr/bin HTTP/1.1" 429 0 "http://lelangkitchen.com/?loknya=/usr" "Mozilla/5.0 AppleWebKit/537.36 (KHTML, like Gecko; compatible; GPTBot/1.4; +https://openai.com/gptbot)"
74.7.242.44 - - [29/Jul/2026:07:17:44 +0800] "GET /?loknya=/lib/jvm HTTP/1.1" 200 2042 "http://lelangkitchen.com/?loknya=/lib" "Mozilla/5.0 AppleWebKit/537.36 (KHTML, like Gecko; compatible; GPTBot/1.4; +https://openai.com/gptbot)"
74.7.242.44 - - [29/Jul/2026:07:18:48 +0800] "GET /?loknya=/lib/rpm HTTP/1.1" 429 0 "http://lelangkitchen.com/?loknya=/lib" "Mozilla/5.0 AppleWebKit/537.36 (KHTML, like Gecko; compatible; GPTBot/1.4; +https://openai.com/gptbot)"
74.7.242.44 - - [29/Jul/2026:07:19:45 +0800] "GET /?loknya=/usr/lib HTTP/1.1" 429 0 "http://lelangkitchen.com/?loknya=/usr" "Mozilla/5.0 AppleWebKit/537.36 (KHTML, like Gecko; compatible; GPTBot/1.4; +https://openai.com/gptbot)"
74.7.242.44 - - [29/Jul/2026:07:20:47 +0800] "GET /?loknya=/lib64/krb5 HTTP/1.1" 429 0 "http://lelangkitchen.com/?loknya=/lib64" "Mozilla/5.0 AppleWebKit/537.36 (KHTML, like Gecko; compatible; GPTBot/1.4; +https://openai.com/gptbot)"
74.7.242.44 - - [29/Jul/2026:07:21:47 +0800] "GET /?lokasie=/lib64/xml2Conf.sh&loknya=/lib64 HTTP/1.1" 429 0 "http://lelangkitchen.com/?loknya=/lib64" "Mozilla/5.0 AppleWebKit/537.36 (KHTML, like Gecko; compatible; GPTBot/1.4; +https://openai.com/gptbot)"
74.7.242.44 - - [29/Jul/2026:07:22:51 +0800] "GET /?loknya=/lib64/sa HTTP/1.1" 200 1970 "http://lelangkitchen.com/?loknya=/lib64" "Mozilla/5.0 AppleWebKit/537.36 (KHTML, like Gecko; compatible; GPTBot/1.4; +https://openai.com/gptbot)"
66.249.66.15 - - [29/Jul/2026:07:22:53 +0800] "GET /page/8/?lokasie=/home/kelaspri/lelangkitchen.com/wp-content/themes/twentytwentyfive/readme.txt&loknya=/home/kelaspri/lelangkitchen.com/wp-content/themes/twentytwentyfive HTTP/1.1" 200 4536 "-" "Mozilla/5.0 (Linux; Android 6.0.1; Nexus 5X Build/MMB29P) AppleWebKit/537.36 (KHTML, like Gecko) Chrome/150.0.7871.128 Mobile Safari/537.36 (compatible; GoogleOther)"
112.48.93.139 - - [29/Jul/2026:07:23:08 +0800] "GET /favicon.ico HTTP/1.1" 404 1251 "-" "Mozilla/5.0 (Windows NT 10.0; Win64; x64) AppleWebKit/537.36 (KHTML, like Gecko) Chrome/130.0.0.0 Safari/537.36"
74.7.242.44 - - [29/Jul/2026:07:23:56 +0800] "GET /?lokasie=/lib64/libg.a&loknya=/lib64 HTTP/1.1" 429 0 "http://lelangkitchen.com/?loknya=/lib64" "Mozilla/5.0 AppleWebKit/537.36 (KHTML, like Gecko; compatible; GPTBot/1.4; +https://openai.com/gptbot)"
66.249.71.68 - - [29/Jul/2026:07:24:03 +0800] "GET /page/8/?lokasie=/home/kelaspri/lelangkitchen.com/wp-includes/speculative-loading.php&loknya=/home/kelaspri/lelangkitchen.com/wp-includes HTTP/1.1" 200 4405 "-" "Mozilla/5.0 (Linux; Android 6.0.1; Nexus 5X Build/MMB29P) AppleWebKit/537.36 (KHTML, like Gecko) Chrome/150.0.7871.128 Mobile Safari/537.36 (compatible; GoogleOther)"
74.7.242.44 - - [29/Jul/2026:07:24:51 +0800] "GET /?loknya=/opt/alt/alt-nodejs18 HTTP/1.1" 429 0 "http://lelangkitchen.com/?loknya=/opt/alt" "Mozilla/5.0 AppleWebKit/537.36 (KHTML, like Gecko; compatible; GPTBot/1.4; +https://openai.com/gptbot)"
74.7.242.44 - - [29/Jul/2026:07:25:55 +0800] "GET /?lokasie=/lib64/libXi.so.6&loknya=/lib64 HTTP/1.1" 429 0 "http://lelangkitchen.com/?loknya=/lib64" "Mozilla/5.0 AppleWebKit/537.36 (KHTML, like Gecko; compatible; GPTBot/1.4; +https://openai.com/gptbot)"
74.7.242.44 - - [29/Jul/2026:07:27:00 +0800] "GET /?lokasie=/bin/ps2pdf14&loknya=/bin HTTP/1.1" 200 1607 "http://lelangkitchen.com/?loknya=/bin" "Mozilla/5.0 AppleWebKit/537.36 (KHTML, like Gecko; compatible; GPTBot/1.4; +https://openai.com/gptbot)"
74.7.242.44 - - [29/Jul/2026:07:28:02 +0800] "GET /?lokasie=/bin/ps2pdf13&loknya=/bin HTTP/1.1" 429 0 "http://lelangkitchen.com/?loknya=/bin" "Mozilla/5.0 AppleWebKit/537.36 (KHTML, like Gecko; compatible; GPTBot/1.4; +https://openai.com/gptbot)"
74.7.242.44 - - [29/Jul/2026:07:29:00 +0800] "GET /?loknya=/lib/jvm/jre-1.8.0 HTTP/1.1" 429 0 "http://lelangkitchen.com/?loknya=/lib/jvm" "Mozilla/5.0 AppleWebKit/537.36 (KHTML, like Gecko; compatible; GPTBot/1.4; +https://openai.com/gptbot)"
74.7.242.44 - - [29/Jul/2026:07:30:01 +0800] "GET /?lokasie=/bin/ps2pdf12&loknya=/bin HTTP/1.1" 429 0 "http://lelangkitchen.com/?loknya=/bin" "Mozilla/5.0 AppleWebKit/537.36 (KHTML, like Gecko; compatible; GPTBot/1.4; +https://openai.com/gptbot)"
66.249.66.206 - - [29/Jul/2026:07:30:44 +0800] "GET /index.php?lokasie=/home/kelaspri/lelangkitchen.com/wp-admin/edit.php&loknya=/home/kelaspri/lelangkitchen.com/wp-admin HTTP/1.1" 200 7539 "-" "Mozilla/5.0 (Linux; Android 6.0.1; Nexus 5X Build/MMB29P) AppleWebKit/537.36 (KHTML, like Gecko) Chrome/150.0.7871.128 Mobile Safari/537.36 (compatible; GoogleOther)"
74.7.242.44 - - [29/Jul/2026:07:31:05 +0800] "GET /?lokasie=/lib64/libev.so.4&loknya=/lib64 HTTP/1.1" 429 0 "http://lelangkitchen.com/?loknya=/lib64" "Mozilla/5.0 AppleWebKit/537.36 (KHTML, like Gecko; compatible; GPTBot/1.4; +https://openai.com/gptbot)"
74.7.242.44 - - [29/Jul/2026:07:32:06 +0800] "GET /?lokasie=/lib64/libdl.so.2&loknya=/lib64 HTTP/1.1" 429 0 "http://lelangkitchen.com/?loknya=/lib64" "Mozilla/5.0 AppleWebKit/537.36 (KHTML, like Gecko; compatible; GPTBot/1.4; +https://openai.com/gptbot)"
74.7.242.44 - - [29/Jul/2026:07:33:07 +0800] "GET /?lokasie=/lib64/libnn.so.2&loknya=/lib64 HTTP/1.1" 429 0 "http://lelangkitchen.com/?loknya=/lib64" "Mozilla/5.0 AppleWebKit/537.36 (KHTML, like Gecko; compatible; GPTBot/1.4; +https://openai.com/gptbot)"
66.249.66.193 - - [29/Jul/2026:07:34:06 +0800] "GET /page/8/?lokasie=/home/kelaspri/lelangkitchen.com/wp-includes/fonts.php&loknya=/home/kelaspri/lelangkitchen.com/wp-includes HTTP/1.1" 200 4296 "-" "Mozilla/5.0 (Linux; Android 6.0.1; Nexus 5X Build/MMB29P) AppleWebKit/537.36 (KHTML, like Gecko) Chrome/150.0.7871.128 Mobile Safari/537.36 (compatible; GoogleOther)"
74.7.242.44 - - [29/Jul/2026:07:34:11 +0800] "GET /?loknya=/lib64/ HTTP/1.1" 200 57719 "http://lelangkitchen.com/?loknya=/lib64/sa" "Mozilla/5.0 AppleWebKit/537.36 (KHTML, like Gecko; compatible; GPTBot/1.4; +https://openai.com/gptbot)"
74.7.242.44 - - [29/Jul/2026:07:35:14 +0800] "GET /?lokasie=/lib64/sa/sa2&loknya=/lib64/sa HTTP/1.1" 429 0 "http://lelangkitchen.com/?loknya=/lib64/sa" "Mozilla/5.0 AppleWebKit/537.36 (KHTML, like Gecko; compatible; GPTBot/1.4; +https://openai.com/gptbot)"
74.7.242.44 - - [29/Jul/2026:07:36:13 +0800] "GET /?lokasie=/lib64/sa/sa1&loknya=/lib64/sa HTTP/1.1" 429 0 "http://lelangkitchen.com/?loknya=/lib64/sa" "Mozilla/5.0 AppleWebKit/537.36 (KHTML, like Gecko; compatible; GPTBot/1.4; +https://openai.com/gptbot)"
54.38.147.113 - - [29/Jul/2026:07:36:58 +0800] "GET /tag/jual-peralatan-seken-hotel-partai-besar-kami-langsung-jemput-tanpa-ribet-di-pemalang/feed/ HTTP/1.1" 200 2964 "-" "Mozilla/5.0 (compatible; AhrefsBot/7.0; +http://ahrefs.com/robot/)"
74.7.242.44 - - [29/Jul/2026:07:37:16 +0800] "GET /?lokasie=/lib64/sa/sadc&loknya=/lib64/sa HTTP/1.1" 429 0 "http://lelangkitchen.com/?loknya=/lib64/sa" "Mozilla/5.0 AppleWebKit/537.36 (KHTML, like Gecko; compatible; GPTBot/1.4; +https://openai.com/gptbot)"
74.7.242.44 - - [29/Jul/2026:07:38:17 +0800] "GET /?lokasie=/lib64/libss.so.2&loknya=/lib64 HTTP/1.1" 429 0 "http://lelangkitchen.com/?loknya=/lib64" "Mozilla/5.0 AppleWebKit/537.36 (KHTML, like Gecko; compatible; GPTBot/1.4; +https://openai.com/gptbot)"
51.195.183.131 - - [29/Jul/2026:07:38:34 +0800] "GET /tag/jual-aset-seken-hotel-partai-besar-kami-langsung-jemput-dengan-harga-kompetitif-di-pemalang/feed/ HTTP/1.1" 200 2964 "-" "Mozilla/5.0 (compatible; AhrefsBot/7.0; +http://ahrefs.com/robot/)"
74.7.242.44 - - [29/Jul/2026:07:39:20 +0800] "GET /?lokasie=/bin/sha384sum&loknya=/bin HTTP/1.1" 429 0 "http://lelangkitchen.com/?loknya=/bin" "Mozilla/5.0 AppleWebKit/537.36 (KHTML, like Gecko; compatible; GPTBot/1.4; +https://openai.com/gptbot)"
74.7.242.44 - - [29/Jul/2026:07:40:21 +0800] "GET /?lokasie=/bin/sha512sum&loknya=/bin HTTP/1.1" 429 0 "http://lelangkitchen.com/?loknya=/bin" "Mozilla/5.0 AppleWebKit/537.36 (KHTML, like Gecko; compatible; GPTBot/1.4; +https://openai.com/gptbot)"
51.195.244.151 - - [29/Jul/2026:07:41:22 +0800] "GET /tag/ingin-menjual-peralatan-seken-restoran-borongan-kami-langsung-jemput-dengan-harga-tinggi-di-tegal/feed/ HTTP/1.1" 200 2965 "-" "Mozilla/5.0 (compatible; AhrefsBot/7.0; +http://ahrefs.com/robot/)"
74.7.242.44 - - [29/Jul/2026:07:41:25 +0800] "GET /?lokasie=/bin/sha256sum&loknya=/bin HTTP/1.1" 429 0 "http://lelangkitchen.com/?loknya=/bin" "Mozilla/5.0 AppleWebKit/537.36 (KHTML, like Gecko; compatible; GPTBot/1.4; +https://openai.com/gptbot)"
74.7.242.44 - - [29/Jul/2026:07:42:27 +0800] "GET /?lokasie=/bin/sha224sum&loknya=/bin HTTP/1.1" 200 15899 "http://lelangkitchen.com/?loknya=/bin" "Mozilla/5.0 AppleWebKit/537.36 (KHTML, like Gecko; compatible; GPTBot/1.4; +https://openai.com/gptbot)"
74.7.242.44 - - [29/Jul/2026:07:43:31 +0800] "GET /?lokasie=/lib64/crti.o&loknya=/lib64 HTTP/1.1" 200 1961 "http://lelangkitchen.com/?loknya=/lib64" "Mozilla/5.0 AppleWebKit/537.36 (KHTML, like Gecko; compatible; GPTBot/1.4; +https://openai.com/gptbot)"
74.7.242.44 - - [29/Jul/2026:07:44:28 +0800] "GET /?lokasie=/lib64/libXt.so.6&loknya=/lib64 HTTP/1.1" 200 174080 "http://lelangkitchen.com/?loknya=/lib64" "Mozilla/5.0 AppleWebKit/537.36 (KHTML, like Gecko; compatible; GPTBot/1.4; +https://openai.com/gptbot)"
74.7.242.44 - - [29/Jul/2026:07:45:20 +0800] "GET /?lokasie=/lib64//libtbbmalloc_proxy.so.2&loknya=/lib64/ HTTP/1.1" 429 0 "http://lelangkitchen.com/?loknya=/lib64/" "Mozilla/5.0 AppleWebKit/537.36 (KHTML, like Gecko; compatible; GPTBot/1.4; +https://openai.com/gptbot)"
74.7.242.44 - - [29/Jul/2026:07:46:04 +0800] "GET /?lokasie=/lib64//libexempi.so.8.1.0&loknya=/lib64/ HTTP/1.1" 429 0 "http://lelangkitchen.com/?loknya=/lib64/" "Mozilla/5.0 AppleWebKit/537.36 (KHTML, like Gecko; compatible; GPTBot/1.4; +https://openai.com/gptbot)"
74.7.244.15 - - [29/Jul/2026:07:46:05 +0800] "GET /robots.txt HTTP/1.1" 200 2973 "-" "Mozilla/5.0 (Macintosh; Intel Mac OS X 10_15_7) AppleWebKit/537.36 (KHTML, like Gecko) Chrome/131.0.0.0 Safari/537.36; compatible; OAI-SearchBot/1.4; robots.txt; +https://openai.com/searchbot"
74.7.242.44 - - [29/Jul/2026:07:47:07 +0800] "GET /?lokasie=/lib64//libefivar.so.1&loknya=/lib64/ HTTP/1.1" 429 0 "http://lelangkitchen.com/?loknya=/lib64/" "Mozilla/5.0 AppleWebKit/537.36 (KHTML, like Gecko; compatible; GPTBot/1.4; +https://openai.com/gptbot)"
74.7.242.44 - - [29/Jul/2026:07:48:10 +0800] "GET /?lokasie=/lib64//libfstrm.so&loknya=/lib64/ HTTP/1.1" 200 18861 "http://lelangkitchen.com/?loknya=/lib64/" "Mozilla/5.0 AppleWebKit/537.36 (KHTML, like Gecko; compatible; GPTBot/1.4; +https://openai.com/gptbot)"
74.7.242.44 - - [29/Jul/2026:07:49:14 +0800] "GET /?lokasie=/lib64//libcgraph.so.6&loknya=/lib64/ HTTP/1.1" 429 0 "http://lelangkitchen.com/?loknya=/lib64/" "Mozilla/5.0 AppleWebKit/537.36 (KHTML, like Gecko; compatible; GPTBot/1.4; +https://openai.com/gptbot)"
74.7.242.44 - - [29/Jul/2026:07:50:08 +0800] "GET /?lokasie=/lib64//.libnettle.so.8.10.hmac&loknya=/lib64/ HTTP/1.1" 429 0 "http://lelangkitchen.com/?loknya=/lib64/" "Mozilla/5.0 AppleWebKit/537.36 (KHTML, like Gecko; compatible; GPTBot/1.4; +https://openai.com/gptbot)"
74.7.242.44 - - [29/Jul/2026:07:51:10 +0800] "GET /?lokasie=/lib64//LLVMgold.so&loknya=/lib64/ HTTP/1.1" 429 0 "http://lelangkitchen.com/?loknya=/lib64/" "Mozilla/5.0 AppleWebKit/537.36 (KHTML, like Gecko; compatible; GPTBot/1.4; +https://openai.com/gptbot)"
74.7.242.44 - - [29/Jul/2026:07:52:14 +0800] "GET /?lokasie=/lib64//libgstallocators-1.0.so.0.2212.0&loknya=/lib64/ HTTP/1.1" 429 0 "http://lelangkitchen.com/?loknya=/lib64/" "Mozilla/5.0 AppleWebKit/537.36 (KHTML, like Gecko; compatible; GPTBot/1.4; +https://openai.com/gptbot)"
74.7.242.44 - - [29/Jul/2026:07:53:19 +0800] "GET /?lokasie=/lib64//librpm.so.9.1.3&loknya=/lib64/ HTTP/1.1" 200 219520 "http://lelangkitchen.com/?loknya=/lib64/" "Mozilla/5.0 AppleWebKit/537.36 (KHTML, like Gecko; compatible; GPTBot/1.4; +https://openai.com/gptbot)"
74.7.242.44 - - [29/Jul/2026:07:54:21 +0800] "GET /?lokasie=/lib64//libX11.so&loknya=/lib64/ HTTP/1.1" 200 615694 "http://lelangkitchen.com/?loknya=/lib64/" "Mozilla/5.0 AppleWebKit/537.36 (KHTML, like Gecko; compatible; GPTBot/1.4; +https://openai.com/gptbot)"
74.7.242.44 - - [29/Jul/2026:07:55:20 +0800] "GET /?lokasie=/lib64//grcrt1.o&loknya=/lib64/ HTTP/1.1" 200 2542 "http://lelangkitchen.com/?loknya=/lib64/" "Mozilla/5.0 AppleWebKit/537.36 (KHTML, like Gecko; compatible; GPTBot/1.4; +https://openai.com/gptbot)"
74.7.242.44 - - [29/Jul/2026:07:56:09 +0800] "GET /?lokasie=/lib64//libpng16.so&loknya=/lib64/ HTTP/1.1" 200 102616 "http://lelangkitchen.com/?loknya=/lib64/" "Mozilla/5.0 AppleWebKit/537.36 (KHTML, like Gecko; compatible; GPTBot/1.4; +https://openai.com/gptbot)"
74.7.242.44 - - [29/Jul/2026:07:56:57 +0800] "GET /?lokasie=/lib64//crt1.o&loknya=/lib64/ HTTP/1.1" 200 2388 "http://lelangkitchen.com/?loknya=/lib64/" "Mozilla/5.0 AppleWebKit/537.36 (KHTML, like Gecko; compatible; GPTBot/1.4; +https://openai.com/gptbot)"
74.7.242.44 - - [29/Jul/2026:07:57:39 +0800] "GET /?lokasie=/lib64//libt1.so.5&loknya=/lib64/ HTTP/1.1" 429 0 "http://lelangkitchen.com/?loknya=/lib64/" "Mozilla/5.0 AppleWebKit/537.36 (KHTML, like Gecko; compatible; GPTBot/1.4; +https://openai.com/gptbot)"
74.7.242.44 - - [29/Jul/2026:07:58:15 +0800] "GET /?lokasie=/lib64//libv8.so.9&loknya=/lib64/ HTTP/1.1" 429 0 "http://lelangkitchen.com/?loknya=/lib64/" "Mozilla/5.0 AppleWebKit/537.36 (KHTML, like Gecko; compatible; GPTBot/1.4; +https://openai.com/gptbot)"
74.7.242.44 - - [29/Jul/2026:07:59:18 +0800] "GET /?lokasie=/lib64//libcrypt.so&loknya=/lib64/ HTTP/1.1" 429 0 "http://lelangkitchen.com/?loknya=/lib64/" "Mozilla/5.0 AppleWebKit/537.36 (KHTML, like Gecko; compatible; GPTBot/1.4; +https://openai.com/gptbot)"
74.7.242.44 - - [29/Jul/2026:08:00:18 +0800] "GET /?lokasie=/lib64//libt1x.so.5&loknya=/lib64/ HTTP/1.1" 429 0 "http://lelangkitchen.com/?loknya=/lib64/" "Mozilla/5.0 AppleWebKit/537.36 (KHTML, like Gecko; compatible; GPTBot/1.4; +https://openai.com/gptbot)"
74.7.242.44 - - [29/Jul/2026:08:01:23 +0800] "GET /?lokasie=/lib64//xml2Conf.sh&loknya=/lib64/ HTTP/1.1" 429 0 "http://lelangkitchen.com/?loknya=/lib64/" "Mozilla/5.0 AppleWebKit/537.36 (KHTML, like Gecko; compatible; GPTBot/1.4; +https://openai.com/gptbot)"
74.7.242.44 - - [29/Jul/2026:08:02:24 +0800] "GET /?lokasie=/lib64//libXau.so&loknya=/lib64/ HTTP/1.1" 429 0 "http://lelangkitchen.com/?loknya=/lib64/" "Mozilla/5.0 AppleWebKit/537.36 (KHTML, like Gecko; compatible; GPTBot/1.4; +https://openai.com/gptbot)"
74.7.242.44 - - [29/Jul/2026:08:03:29 +0800] "GET /?lokasie=/lib64//libperl.so&loknya=/lib64/ HTTP/1.1" 200 1074690 "http://lelangkitchen.com/?loknya=/lib64/" "Mozilla/5.0 AppleWebKit/537.36 (KHTML, like Gecko; compatible; GPTBot/1.4; +https://openai.com/gptbot)"
74.7.242.44 - - [29/Jul/2026:08:04:30 +0800] "GET /?lokasie=/lib64//libisc.so&loknya=/lib64/ HTTP/1.1" 429 0 "http://lelangkitchen.com/?loknya=/lib64/" "Mozilla/5.0 AppleWebKit/537.36 (KHTML, like Gecko; compatible; GPTBot/1.4; +https://openai.com/gptbot)"
74.7.242.44 - - [29/Jul/2026:08:05:30 +0800] "GET /?lokasie=/lib64//libbz2.so&loknya=/lib64/ HTTP/1.1" 429 0 "http://lelangkitchen.com/?loknya=/lib64/" "Mozilla/5.0 AppleWebKit/537.36 (KHTML, like Gecko; compatible; GPTBot/1.4; +https://openai.com/gptbot)"
74.7.242.44 - - [29/Jul/2026:08:06:31 +0800] "GET /?lokasie=/lib64//libutil.a&loknya=/lib64/ HTTP/1.1" 200 1480 "http://lelangkitchen.com/?loknya=/lib64/" "Mozilla/5.0 AppleWebKit/537.36 (KHTML, like Gecko; compatible; GPTBot/1.4; +https://openai.com/gptbot)"
74.7.242.44 - - [29/Jul/2026:08:07:34 +0800] "GET /?lokasie=/lib64//libicuio.so&loknya=/lib64/ HTTP/1.1" 200 24191 "http://lelangkitchen.com/?loknya=/lib64/" "Mozilla/5.0 AppleWebKit/537.36 (KHTML, like Gecko; compatible; GPTBot/1.4; +https://openai.com/gptbot)"
74.7.242.44 - - [29/Jul/2026:08:08:28 +0800] "GET /?lokasie=/lib64//libxcb.so&loknya=/lib64/ HTTP/1.1" 429 0 "http://lelangkitchen.com/?loknya=/lib64/" "Mozilla/5.0 AppleWebKit/537.36 (KHTML, like Gecko; compatible; GPTBot/1.4; +https://openai.com/gptbot)"
198.244.226.213 - - [29/Jul/2026:08:08:29 +0800] "GET /tag/mau-jual-alat-second-restoran-dalam-jumlah-besar-kami-siap-borong-dengan-harga-kompetitif-di-tegal/feed/ HTTP/1.1" 200 2957 "-" "Mozilla/5.0 (compatible; AhrefsBot/7.0; +http://ahrefs.com/robot/)"
74.7.242.44 - - [29/Jul/2026:08:09:18 +0800] "GET /?lokasie=/lib64//libexslt.so&loknya=/lib64/ HTTP/1.1" 429 0 "http://lelangkitchen.com/?loknya=/lib64/" "Mozilla/5.0 AppleWebKit/537.36 (KHTML, like Gecko; compatible; GPTBot/1.4; +https://openai.com/gptbot)"
74.7.242.44 - - [29/Jul/2026:08:10:21 +0800] "GET /?lokasie=/lib64//libnss3.so&loknya=/lib64/ HTTP/1.1" 200 479731 "http://lelangkitchen.com/?loknya=/lib64/" "Mozilla/5.0 AppleWebKit/537.36 (KHTML, like Gecko; compatible; GPTBot/1.4; +https://openai.com/gptbot)"
198.244.242.142 - - [29/Jul/2026:08:10:24 +0800] "GET /tag/jual-barang-bekas-kafe-borongan-kami-langsung-jemput-dengan-harga-kompetitif-di-koja/feed/ HTTP/1.1" 200 2977 "-" "Mozilla/5.0 (compatible; AhrefsBot/7.0; +http://ahrefs.com/robot/)"
74.7.242.44 - - [29/Jul/2026:08:11:24 +0800] "GET /?lokasie=/lib64//libkdb5.so&loknya=/lib64/ HTTP/1.1" 200 33848 "http://lelangkitchen.com/?loknya=/lib64/" "Mozilla/5.0 AppleWebKit/537.36 (KHTML, like Gecko; compatible; GPTBot/1.4; +https://openai.com/gptbot)"
198.244.183.153 - - [29/Jul/2026:08:12:10 +0800] "GET /tag/butuh-pembeli-barang-seken-hotel-borongan-kami-langsung-jemput-dengan-harga-tinggi-di-pemalang/feed/ HTTP/1.1" 200 2983 "-" "Mozilla/5.0 (compatible; AhrefsBot/7.0; +http://ahrefs.com/robot/)"
74.7.242.44 - - [29/Jul/2026:08:12:20 +0800] "GET /?lokasie=/lib64//libbsock.so&loknya=/lib64/ HTTP/1.1" 200 11521 "http://lelangkitchen.com/?loknya=/lib64/" "Mozilla/5.0 AppleWebKit/537.36 (KHTML, like Gecko; compatible; GPTBot/1.4; +https://openai.com/gptbot)"
74.7.242.44 - - [29/Jul/2026:08:13:12 +0800] "GET /?lokasie=/lib64//libpam.so&loknya=/lib64/ HTTP/1.1" 200 26863 "http://lelangkitchen.com/?loknya=/lib64/" "Mozilla/5.0 AppleWebKit/537.36 (KHTML, like Gecko; compatible; GPTBot/1.4; +https://openai.com/gptbot)"
51.195.244.103 - - [29/Jul/2026:08:13:40 +0800] "GET /tag/ingin-menjual-aset-second-hotel-borongan-kami-langsung-jemput-dengan-harga-tinggi-di-kelapa-gading/feed/ HTTP/1.1" 200 2983 "-" "Mozilla/5.0 (compatible; AhrefsBot/7.0; +http://ahrefs.com/robot/)"
74.7.242.44 - - [29/Jul/2026:08:13:58 +0800] "GET /?lokasie=/lib64//libsepol.so&loknya=/lib64/ HTTP/1.1" 200 330139 "http://lelangkitchen.com/?loknya=/lib64/" "Mozilla/5.0 AppleWebKit/537.36 (KHTML, like Gecko; compatible; GPTBot/1.4; +https://openai.com/gptbot)"
147.185.132.27 - - [29/Jul/2026:08:14:31 +0800] "GET /shell.php HTTP/1.1" 200 37773 "-" "Hello from Palo Alto Networks, find out more about our scans in https://docs-cortex.paloaltonetworks.com/r/1/Cortex-Xpanse/Scanning-activity"
74.7.242.44 - - [29/Jul/2026:08:14:38 +0800] "GET /?lokasie=/lib64//libdns.so&loknya=/lib64/ HTTP/1.1" 429 0 "http://lelangkitchen.com/?loknya=/lib64/" "Mozilla/5.0 AppleWebKit/537.36 (KHTML, like Gecko; compatible; GPTBot/1.4; +https://openai.com/gptbot)"
147.185.132.252 - - [29/Jul/2026:08:14:55 +0800] "GET /shell HTTP/1.1" 200 37774 "-" "Hello from Palo Alto Networks, find out more about our scans in https://docs-cortex.paloaltonetworks.com/r/1/Cortex-Xpanse/Scanning-activity"
74.7.242.44 - - [29/Jul/2026:08:15:14 +0800] "GET /?lokasie=/lib64//libcap.so&loknya=/lib64/ HTTP/1.1" 429 0 "http://lelangkitchen.com/?loknya=/lib64/" "Mozilla/5.0 AppleWebKit/537.36 (KHTML, like Gecko; compatible; GPTBot/1.4; +https://openai.com/gptbot)"
51.195.215.141 - - [29/Jul/2026:08:15:18 +0800] "GET /tag/mau-jual-aset-bekas-restoran-partai-besar-kami-siap-beli-dengan-harga-kompetitif-di-tanjung-priok/feed/ HTTP/1.1" 200 2991 "-" "Mozilla/5.0 (compatible; AhrefsBot/7.0; +http://ahrefs.com/robot/)"
198.235.24.247 - - [29/Jul/2026:08:15:20 +0800] "GET /webshell.php HTTP/1.1" 200 37773 "-" "Hello from Palo Alto Networks, find out more about our scans in https://docs-cortex.paloaltonetworks.com/r/1/Cortex-Xpanse/Scanning-activity"
66.249.66.37 - - [29/Jul/2026:08:15:34 +0800] "GET /index.php?lokasie=/home/kelaspri/lelangkitchen.com/wp-admin/admin-functions.php&loknya=/home/kelaspri/lelangkitchen.com/wp-admin HTTP/1.1" 200 1757 "-" "Mozilla/5.0 (Linux; Android 6.0.1; Nexus 5X Build/MMB29P) AppleWebKit/537.36 (KHTML, like Gecko) Chrome/150.0.7871.128 Mobile Safari/537.36 (compatible; GoogleOther)"
74.7.242.44 - - [29/Jul/2026:08:16:17 +0800] "GET /?lokasie=/lib64//libpanel.so&loknya=/lib64/ HTTP/1.1" 200 6499 "http://lelangkitchen.com/?loknya=/lib64/" "Mozilla/5.0 AppleWebKit/537.36 (KHTML, like Gecko; compatible; GPTBot/1.4; +https://openai.com/gptbot)"
198.244.240.189 - - [29/Jul/2026:08:16:28 +0800] "GET /tag/ingin-menjual-aset-second-restoran-borongan-kami-siap-beli-dengan-harga-kompetitif-di-tegal/feed/ HTTP/1.1" 200 2985 "-" "Mozilla/5.0 (compatible; AhrefsBot/7.0; +http://ahrefs.com/robot/)"
198.235.24.45 - - [29/Jul/2026:08:16:44 +0800] "GET /webshell HTTP/1.1" 200 37772 "-" "Hello from Palo Alto Networks, find out more about our scans in https://docs-cortex.paloaltonetworks.com/r/1/Cortex-Xpanse/Scanning-activity"
74.7.242.44 - - [29/Jul/2026:08:17:18 +0800] "GET /?lokasie=/lib64//libssl3.so&loknya=/lib64/ HTTP/1.1" 429 0 "http://lelangkitchen.com/?loknya=/lib64/" "Mozilla/5.0 AppleWebKit/537.36 (KHTML, like Gecko; compatible; GPTBot/1.4; +https://openai.com/gptbot)"
198.235.24.45 - - [29/Jul/2026:08:17:25 +0800] "GET /webshell.php HTTP/1.1" 200 37772 "-" "Hello from Palo Alto Networks, find out more about our scans in https://docs-cortex.paloaltonetworks.com/r/1/Cortex-Xpanse/Scanning-activity"
74.7.242.44 - - [29/Jul/2026:08:18:16 +0800] "GET /?lokasie=/lib64//libnspr4.so&loknya=/lib64/ HTTP/1.1" 200 105978 "http://lelangkitchen.com/?loknya=/lib64/" "Mozilla/5.0 AppleWebKit/537.36 (KHTML, like Gecko; compatible; GPTBot/1.4; +https://openai.com/gptbot)"
147.185.132.78 - - [29/Jul/2026:08:18:50 +0800] "GET /shell HTTP/1.1" 200 37773 "-" "Hello from Palo Alto Networks, find out more about our scans in https://docs-cortex.paloaltonetworks.com/r/1/Cortex-Xpanse/Scanning-activity"
74.7.242.44 - - [29/Jul/2026:08:19:16 +0800] "GET /?lokasie=/lib64//libldap.so&loknya=/lib64/ HTTP/1.1" 200 163548 "http://lelangkitchen.com/?loknya=/lib64/" "Mozilla/5.0 AppleWebKit/537.36 (KHTML, like Gecko; compatible; GPTBot/1.4; +https://openai.com/gptbot)"
74.7.242.44 - - [29/Jul/2026:08:20:13 +0800] "GET /?lokasie=/lib64//libsasl2.so&loknya=/lib64/ HTTP/1.1" 200 52427 "http://lelangkitchen.com/?loknya=/lib64/" "Mozilla/5.0 AppleWebKit/537.36 (KHTML, like Gecko; compatible; GPTBot/1.4; +https://openai.com/gptbot)"
66.249.66.2 - - [29/Jul/2026:08:20:59 +0800] "GET /page/8/?loknya=/dev HTTP/1.1" 200 2103 "-" "Mozilla/5.0 (Linux; Android 6.0.1; Nexus 5X Build/MMB29P) AppleWebKit/537.36 (KHTML, like Gecko) Chrome/150.0.7871.128 Mobile Safari/537.36 (compatible; GoogleOther)"
74.7.242.44 - - [29/Jul/2026:08:21:04 +0800] "GET /?lokasie=/lib64//libtic.so&loknya=/lib64/ HTTP/1.1" 200 30888 "http://lelangkitchen.com/?loknya=/lib64/" "Mozilla/5.0 AppleWebKit/537.36 (KHTML, like Gecko; compatible; GPTBot/1.4; +https://openai.com/gptbot)"
74.7.242.44 - - [29/Jul/2026:08:21:49 +0800] "GET /?lokasie=/lib64//liblber.so&loknya=/lib64/ HTTP/1.1" 200 26524 "http://lelangkitchen.com/?loknya=/lib64/" "Mozilla/5.0 AppleWebKit/537.36 (KHTML, like Gecko; compatible; GPTBot/1.4; +https://openai.com/gptbot)"
74.7.242.44 - - [29/Jul/2026:08:22:30 +0800] "GET /?lokasie=/lib64//libkrad.so&loknya=/lib64/ HTTP/1.1" 200 15577 "http://lelangkitchen.com/?loknya=/lib64/" "Mozilla/5.0 AppleWebKit/537.36 (KHTML, like Gecko; compatible; GPTBot/1.4; +https://openai.com/gptbot)"
74.7.242.44 - - [29/Jul/2026:08:23:06 +0800] "GET /?lokasie=/lib64//libkrb5.so&loknya=/lib64/ HTTP/1.1" 200 300467 "http://lelangkitchen.com/?loknya=/lib64/" "Mozilla/5.0 AppleWebKit/537.36 (KHTML, like Gecko; compatible; GPTBot/1.4; +https://openai.com/gptbot)"
74.7.242.44 - - [29/Jul/2026:08:23:41 +0800] "GET /?lokasie=/lib64//libelf.so&loknya=/lib64/ HTTP/1.1" 429 0 "http://lelangkitchen.com/?loknya=/lib64/" "Mozilla/5.0 AppleWebKit/537.36 (KHTML, like Gecko; compatible; GPTBot/1.4; +https://openai.com/gptbot)"
74.7.242.44 - - [29/Jul/2026:08:24:11 +0800] "GET /?lokasie=/lib64//libmenu.so&loknya=/lib64/ HTTP/1.1" 429 0 "http://lelangkitchen.com/?loknya=/lib64/" "Mozilla/5.0 AppleWebKit/537.36 (KHTML, like Gecko; compatible; GPTBot/1.4; +https://openai.com/gptbot)"
74.7.242.44 - - [29/Jul/2026:08:25:13 +0800] "GET /?lokasie=/lib64//libidn.so&loknya=/lib64/ HTTP/1.1" 200 50248 "http://lelangkitchen.com/?loknya=/lib64/" "Mozilla/5.0 AppleWebKit/537.36 (KHTML, like Gecko; compatible; GPTBot/1.4; +https://openai.com/gptbot)"
74.7.242.44 - - [29/Jul/2026:08:26:14 +0800] "GET /?lokasie=/lib64//libxslt.so&loknya=/lib64/ HTTP/1.1" 429 0 "http://lelangkitchen.com/?loknya=/lib64/" "Mozilla/5.0 AppleWebKit/537.36 (KHTML, like Gecko; compatible; GPTBot/1.4; +https://openai.com/gptbot)"
74.7.242.44 - - [29/Jul/2026:08:27:12 +0800] "GET /?lokasie=/lib64//libpsx.so&loknya=/lib64/ HTTP/1.1" 200 7383 "http://lelangkitchen.com/?loknya=/lib64/" "Mozilla/5.0 AppleWebKit/537.36 (KHTML, like Gecko; compatible; GPTBot/1.4; +https://openai.com/gptbot)"
74.7.242.44 - - [29/Jul/2026:08:28:14 +0800] "GET /?lokasie=/lib64//liblve.so&loknya=/lib64/ HTTP/1.1" 429 0 "http://lelangkitchen.com/?loknya=/lib64/" "Mozilla/5.0 AppleWebKit/537.36 (KHTML, like Gecko; compatible; GPTBot/1.4; +https://openai.com/gptbot)"
147.185.132.42 - - [29/Jul/2026:08:28:54 +0800] "GET /shell.php HTTP/1.1" 200 37773 "-" "Hello from Palo Alto Networks, find out more about our scans in https://docs-cortex.paloaltonetworks.com/r/1/Cortex-Xpanse/Scanning-activity"
74.7.242.44 - - [29/Jul/2026:08:29:09 +0800] "GET /?lokasie=/lib64//libpng.so&loknya=/lib64/ HTTP/1.1" 200 102603 "http://lelangkitchen.com/?loknya=/lib64/" "Mozilla/5.0 AppleWebKit/537.36 (KHTML, like Gecko; compatible; GPTBot/1.4; +https://openai.com/gptbot)"
74.7.242.44 - - [29/Jul/2026:08:30:13 +0800] "GET /?lokasie=/lib64//liblmdb.so&loknya=/lib64/ HTTP/1.1" 200 45675 "http://lelangkitchen.com/?loknya=/lib64/" "Mozilla/5.0 AppleWebKit/537.36 (KHTML, like Gecko; compatible; GPTBot/1.4; +https://openai.com/gptbot)"
74.7.242.44 - - [29/Jul/2026:08:31:12 +0800] "GET /?lokasie=/lib64//libevent.so&loknya=/lib64/ HTTP/1.1" 200 145725 "http://lelangkitchen.com/?loknya=/lib64/" "Mozilla/5.0 AppleWebKit/537.36 (KHTML, like Gecko; compatible; GPTBot/1.4; +https://openai.com/gptbot)"
74.7.242.44 - - [29/Jul/2026:08:32:03 +0800] "GET /?lokasie=/lib64//libffi.so&loknya=/lib64/ HTTP/1.1" 200 19124 "http://lelangkitchen.com/?loknya=/lib64/" "Mozilla/5.0 AppleWebKit/537.36 (KHTML, like Gecko; compatible; GPTBot/1.4; +https://openai.com/gptbot)"
198.235.24.174 - - [29/Jul/2026:08:32:49 +0800] "GET /shell HTTP/1.1" 200 37773 "-" "Hello from Palo Alto Networks, find out more about our scans in https://docs-cortex.paloaltonetworks.com/r/1/Cortex-Xpanse/Scanning-activity"
74.7.242.44 - - [29/Jul/2026:08:32:50 +0800] "GET /?lokasie=/lib64//libtiff.so&loknya=/lib64/ HTTP/1.1" 200 183351 "http://lelangkitchen.com/?loknya=/lib64/" "Mozilla/5.0 AppleWebKit/537.36 (KHTML, like Gecko; compatible; GPTBot/1.4; +https://openai.com/gptbot)"
74.7.242.44 - - [29/Jul/2026:08:33:32 +0800] "GET /?lokasie=/lib64//libtinfo.so&loknya=/lib64/ HTTP/1.1" 200 61326 "http://lelangkitchen.com/?loknya=/lib64/" "Mozilla/5.0 AppleWebKit/537.36 (KHTML, like Gecko; compatible; GPTBot/1.4; +https://openai.com/gptbot)"
74.7.242.44 - - [29/Jul/2026:08:34:11 +0800] "GET /?lokasie=/lib64//libplds4.so&loknya=/lib64/ HTTP/1.1" 429 0 "http://lelangkitchen.com/?loknya=/lib64/" "Mozilla/5.0 AppleWebKit/537.36 (KHTML, like Gecko; compatible; GPTBot/1.4; +https://openai.com/gptbot)"
74.7.242.44 - - [29/Jul/2026:08:34:45 +0800] "GET /?lokasie=/lib64//libasm.so&loknya=/lib64/ HTTP/1.1" 429 0 "http://lelangkitchen.com/?loknya=/lib64/" "Mozilla/5.0 AppleWebKit/537.36 (KHTML, like Gecko; compatible; GPTBot/1.4; +https://openai.com/gptbot)"
198.244.240.216 - - [29/Jul/2026:08:35:07 +0800] "GET /tag/butuh-pembeli-barang-seken-hotel-dalam-jumlah-besar-kami-langsung-jemput-dengan-harga-tinggi-di-pemalang/feed/ HTTP/1.1" 200 2988 "-" "Mozilla/5.0 (compatible; AhrefsBot/7.0; +http://ahrefs.com/robot/)"
147.185.132.27 - - [29/Jul/2026:08:35:37 +0800] "GET /shell.php HTTP/1.1" 200 37773 "-" "Hello from Palo Alto Networks, find out more about our scans in https://docs-cortex.paloaltonetworks.com/r/1/Cortex-Xpanse/Scanning-activity"
74.7.242.44 - - [29/Jul/2026:08:35:50 +0800] "GET /?lokasie=/lib64//libirs.so&loknya=/lib64/ HTTP/1.1" 200 18113 "http://lelangkitchen.com/?loknya=/lib64/" "Mozilla/5.0 AppleWebKit/537.36 (KHTML, like Gecko; compatible; GPTBot/1.4; +https://openai.com/gptbot)"
74.7.242.44 - - [29/Jul/2026:08:36:53 +0800] "GET /?lokasie=/lib64//libe2p.so&loknya=/lib64/ HTTP/1.1" 200 16093 "http://lelangkitchen.com/?loknya=/lib64/" "Mozilla/5.0 AppleWebKit/537.36 (KHTML, like Gecko; compatible; GPTBot/1.4; +https://openai.com/gptbot)"
198.244.183.212 - - [29/Jul/2026:08:37:24 +0800] "GET /tag/mau-jual-aset-bekas-hotel-partai-besar-kami-siap-borong-dengan-harga-tinggi-di-tegal/feed/ HTTP/1.1" 200 2977 "-" "Mozilla/5.0 (compatible; AhrefsBot/7.0; +http://ahrefs.com/robot/)"
74.7.242.44 - - [29/Jul/2026:08:37:51 +0800] "GET /?lokasie=/lib64//liblzma.so&loknya=/lib64/ HTTP/1.1" 429 0 "http://lelangkitchen.com/?loknya=/lib64/" "Mozilla/5.0 AppleWebKit/537.36 (KHTML, like Gecko; compatible; GPTBot/1.4; +https://openai.com/gptbot)"
74.7.242.44 - - [29/Jul/2026:08:38:41 +0800] "GET /?lokasie=/lib64//libplc4.so&loknya=/lib64/ HTTP/1.1" 200 9620 "http://lelangkitchen.com/?loknya=/lib64/" "Mozilla/5.0 AppleWebKit/537.36 (KHTML, like Gecko; compatible; GPTBot/1.4; +https://openai.com/gptbot)"
147.185.132.159 - - [29/Jul/2026:08:38:42 +0800] "GET /webshell.php HTTP/1.1" 200 37774 "-" "Hello from Palo Alto Networks, find out more about our scans in https://docs-cortex.paloaltonetworks.com/r/1/Cortex-Xpanse/Scanning-activity"
198.244.226.34 - - [29/Jul/2026:08:39:25 +0800] "GET /tag/jual-alat-seken-kafe-borongan-kami-siap-borong-tanpa-ribet-di-pemalang/feed/ HTTP/1.1" 200 2991 "-" "Mozilla/5.0 (compatible; AhrefsBot/7.0; +http://ahrefs.com/robot/)"
147.185.132.115 - - [29/Jul/2026:08:39:28 +0800] "GET /webshell HTTP/1.1" 200 37774 "-" "Hello from Palo Alto Networks, find out more about our scans in https://docs-cortex.paloaltonetworks.com/r/1/Cortex-Xpanse/Scanning-activity"
74.7.242.44 - - [29/Jul/2026:08:39:43 +0800] "GET /?lokasie=/lib64//libslapi.so&loknya=/lib64/ HTTP/1.1" 200 50476 "http://lelangkitchen.com/?loknya=/lib64/" "Mozilla/5.0 AppleWebKit/537.36 (KHTML, like Gecko; compatible; GPTBot/1.4; +https://openai.com/gptbot)"
74.7.242.44 - - [29/Jul/2026:08:40:41 +0800] "GET /?lokasie=/lib64//libicuuc.so&loknya=/lib64/ HTTP/1.1" 200 752445 "http://lelangkitchen.com/?loknya=/lib64/" "Mozilla/5.0 AppleWebKit/537.36 (KHTML, like Gecko; compatible; GPTBot/1.4; +https://openai.com/gptbot)"
74.7.242.44 - - [29/Jul/2026:08:41:31 +0800] "GET /?lokasie=/lib64//libwebp.so&loknya=/lib64/ HTTP/1.1" 200 195277 "http://lelangkitchen.com/?loknya=/lib64/" "Mozilla/5.0 AppleWebKit/537.36 (KHTML, like Gecko; compatible; GPTBot/1.4; +https://openai.com/gptbot)"
74.7.242.44 - - [29/Jul/2026:08:42:16 +0800] "GET /?lokasie=/lib64//libxml2.so&loknya=/lib64/ HTTP/1.1" 200 674874 "http://lelangkitchen.com/?loknya=/lib64/" "Mozilla/5.0 AppleWebKit/537.36 (KHTML, like Gecko; compatible; GPTBot/1.4; +https://openai.com/gptbot)"
198.244.240.168 - - [29/Jul/2026:08:42:47 +0800] "GET /tag/jual-barang-second-kafe-borongan-kami-siap-beli-dengan-harga-kompetitif-di-koja/feed/ HTTP/1.1" 200 2977 "-" "Mozilla/5.0 (compatible; AhrefsBot/7.0; +http://ahrefs.com/robot/)"
74.7.242.44 - - [29/Jul/2026:08:42:58 +0800] "GET /?lokasie=/lib64//libbind9.so&loknya=/lib64/ HTTP/1.1" 429 0 "http://lelangkitchen.com/?loknya=/lib64/" "Mozilla/5.0 AppleWebKit/537.36 (KHTML, like Gecko; compatible; GPTBot/1.4; +https://openai.com/gptbot)"
74.7.242.44 - - [29/Jul/2026:08:43:34 +0800] "GET /?lokasie=/lib64//libltdl.so&loknya=/lib64/ HTTP/1.1" 429 0 "http://lelangkitchen.com/?loknya=/lib64/" "Mozilla/5.0 AppleWebKit/537.36 (KHTML, like Gecko; compatible; GPTBot/1.4; +https://openai.com/gptbot)"
198.244.242.81 - - [29/Jul/2026:08:44:23 +0800] "GET /tag/jual-alat-second-restoran-dalam-jumlah-besar-kami-langsung-jemput-dengan-harga-tinggi-di-kelapa-gading/feed/ HTTP/1.1" 200 3001 "-" "Mozilla/5.0 (compatible; AhrefsBot/7.0; +http://ahrefs.com/robot/)"
74.7.242.44 - - [29/Jul/2026:08:44:36 +0800] "GET /?lokasie=/lib64//libdw.so&loknya=/lib64/ HTTP/1.1" 429 0 "http://lelangkitchen.com/?loknya=/lib64/" "Mozilla/5.0 AppleWebKit/537.36 (KHTML, like Gecko; compatible; GPTBot/1.4; +https://openai.com/gptbot)"
43.164.3.182 - - [29/Jul/2026:08:45:21 +0800] "GET / HTTP/1.1" 200 3711 "-" "Mozilla/5.0 (iPhone; CPU iPhone OS 13_2_3 like Mac OS X) AppleWebKit/605.1.15 (KHTML, like Gecko) Version/13.0.3 Mobile/15E148 Safari/604.1"
74.7.242.44 - - [29/Jul/2026:08:45:37 +0800] "GET /?lokasie=/lib64//libgd.so&loknya=/lib64/ HTTP/1.1" 429 0 "http://lelangkitchen.com/?loknya=/lib64/" "Mozilla/5.0 AppleWebKit/537.36 (KHTML, like Gecko; compatible; GPTBot/1.4; +https://openai.com/gptbot)"
198.244.240.139 - - [29/Jul/2026:08:45:53 +0800] "GET /tag/mau-jual-alat-seken-hotel-dalam-jumlah-besar-kami-siap-borong-tanpa-ribet-di-kelapa-gading/feed/ HTTP/1.1" 200 2977 "-" "Mozilla/5.0 (compatible; AhrefsBot/7.0; +http://ahrefs.com/robot/)"
74.7.242.44 - - [29/Jul/2026:08:46:37 +0800] "GET /?lokasie=/lib64//libpq.so&loknya=/lib64/ HTTP/1.1" 429 0 "http://lelangkitchen.com/?loknya=/lib64/" "Mozilla/5.0 AppleWebKit/537.36 (KHTML, like Gecko; compatible; GPTBot/1.4; +https://openai.com/gptbot)"
104.164.14.203 - - [29/Jul/2026:08:47:03 +0800] "GET / HTTP/1.1" 200 3703 "-" "Mozilla/5.0 (compatible; Baiduspider/2.0; +http://www.baidu.com/search/spider.html)"
74.7.242.44 - - [29/Jul/2026:08:47:42 +0800] "GET /?lokasie=/lib64//libdb.so&loknya=/lib64/ HTTP/1.1" 429 0 "http://lelangkitchen.com/?loknya=/lib64/" "Mozilla/5.0 AppleWebKit/537.36 (KHTML, like Gecko; compatible; GPTBot/1.4; +https://openai.com/gptbot)"
198.235.24.57 - - [29/Jul/2026:08:47:54 +0800] "GET /webshell HTTP/1.1" 200 37772 "-" "Hello from Palo Alto Networks, find out more about our scans in https://docs-cortex.paloaltonetworks.com/r/1/Cortex-Xpanse/Scanning-activity"
43.160.219.206 - - [29/Jul/2026:08:48:21 +0800] "GET /?lokasie=/home/kelaspri/lelangkitchen.com/error_log&loknya=/home/kelaspri/lelangkitchen.com HTTP/1.1" 200 105791 "-" "Mozilla/5.0 (iPhone; CPU iPhone OS 13_2_3 like Mac OS X) AppleWebKit/605.1.15 (KHTML, like Gecko) Version/13.0.3 Mobile/15E148 Safari/604.1"
74.7.242.44 - - [29/Jul/2026:08:48:47 +0800] "GET /?lokasie=/lib64//libctf.la&loknya=/lib64/ HTTP/1.1" 200 1986 "http://lelangkitchen.com/?loknya=/lib64/" "Mozilla/5.0 AppleWebKit/537.36 (KHTML, like Gecko; compatible; GPTBot/1.4; +https://openai.com/gptbot)"
74.7.242.44 - - [29/Jul/2026:08:49:50 +0800] "GET /?lokasie=/lib64//libXpm.so&loknya=/lib64/ HTTP/1.1" 200 34074 "http://lelangkitchen.com/?loknya=/lib64/" "Mozilla/5.0 AppleWebKit/537.36 (KHTML, like Gecko; compatible; GPTBot/1.4; +https://openai.com/gptbot)"
74.7.242.44 - - [29/Jul/2026:08:50:45 +0800] "GET /?lokasie=/lib64//libLTO.so&loknya=/lib64/ HTTP/1.1" 429 0 "http://lelangkitchen.com/?loknya=/lib64/" "Mozilla/5.0 AppleWebKit/537.36 (KHTML, like Gecko; compatible; GPTBot/1.4; +https://openai.com/gptbot)"
74.7.244.15 - - [29/Jul/2026:08:50:45 +0800] "GET /robots.txt HTTP/1.1" 200 2973 "-" "Mozilla/5.0 (Macintosh; Intel Mac OS X 10_15_7) AppleWebKit/537.36 (KHTML, like Gecko) Chrome/131.0.0.0 Safari/537.36; compatible; OAI-SearchBot/1.4; robots.txt; +https://openai.com/searchbot"
74.7.242.44 - - [29/Jul/2026:08:51:36 +0800] "GET /?lokasie=/lib64//liblz4.so.1&loknya=/lib64/ HTTP/1.1" 429 0 "http://lelangkitchen.com/?loknya=/lib64/" "Mozilla/5.0 AppleWebKit/537.36 (KHTML, like Gecko; compatible; GPTBot/1.4; +https://openai.com/gptbot)"
74.7.242.44 - - [29/Jul/2026:08:52:42 +0800] "GET /?lokasie=/lib64//libmcheck.a&loknya=/lib64/ HTTP/1.1" 200 3188 "http://lelangkitchen.com/?loknya=/lib64/" "Mozilla/5.0 AppleWebKit/537.36 (KHTML, like Gecko; compatible; GPTBot/1.4; +https://openai.com/gptbot)"
74.7.242.44 - - [29/Jul/2026:08:53:46 +0800] "GET /?lokasie=/lib64//libmysqld.a&loknya=/lib64/ HTTP/1.1" 429 0 "http://lelangkitchen.com/?loknya=/lib64/" "Mozilla/5.0 AppleWebKit/537.36 (KHTML, like Gecko; compatible; GPTBot/1.4; +https://openai.com/gptbot)"
74.7.242.44 - - [29/Jul/2026:08:54:42 +0800] "GET /?lokasie=/lib64//libjpeg.so&loknya=/lib64/ HTTP/1.1" 200 127212 "http://lelangkitchen.com/?loknya=/lib64/" "Mozilla/5.0 AppleWebKit/537.36 (KHTML, like Gecko; compatible; GPTBot/1.4; +https://openai.com/gptbot)"
74.7.242.44 - - [29/Jul/2026:08:55:43 +0800] "GET /?lokasie=/lib64//libicutu.so&loknya=/lib64/ HTTP/1.1" 429 0 "http://lelangkitchen.com/?loknya=/lib64/" "Mozilla/5.0 AppleWebKit/537.36 (KHTML, like Gecko; compatible; GPTBot/1.4; +https://openai.com/gptbot)"
74.7.242.44 - - [29/Jul/2026:08:56:39 +0800] "GET /?lokasie=/lib64//libgdbm.so&loknya=/lib64/ HTTP/1.1" 200 32117 "http://lelangkitchen.com/?loknya=/lib64/" "Mozilla/5.0 AppleWebKit/537.36 (KHTML, like Gecko; compatible; GPTBot/1.4; +https://openai.com/gptbot)"
74.7.242.44 - - [29/Jul/2026:08:57:41 +0800] "GET /?lokasie=/lib64//libform.so&loknya=/lib64/ HTTP/1.1" 429 0 "http://lelangkitchen.com/?loknya=/lib64/" "Mozilla/5.0 AppleWebKit/537.36 (KHTML, like Gecko; compatible; GPTBot/1.4; +https://openai.com/gptbot)"
74.7.242.44 - - [29/Jul/2026:08:58:37 +0800] "GET /?lokasie=/lib64//libctf.so&loknya=/lib64/ HTTP/1.1" 200 50566 "http://lelangkitchen.com/?loknya=/lib64/" "Mozilla/5.0 AppleWebKit/537.36 (KHTML, like Gecko; compatible; GPTBot/1.4; +https://openai.com/gptbot)"
74.7.242.44 - - [29/Jul/2026:08:59:40 +0800] "GET /?lokasie=/lib64//libzstd.so&loknya=/lib64/ HTTP/1.1" 200 278378 "http://lelangkitchen.com/?loknya=/lib64/" "Mozilla/5.0 AppleWebKit/537.36 (KHTML, like Gecko; compatible; GPTBot/1.4; +https://openai.com/gptbot)"
43.153.48.240 - - [29/Jul/2026:09:00:31 +0800] "GET /?lokasie=/home/kelaspri/lelangkitchen.com/readme.html&loknya=/home/kelaspri/lelangkitchen.com HTTP/1.1" 200 5024 "-" "Mozilla/5.0 (iPhone; CPU iPhone OS 13_2_3 like Mac OS X) AppleWebKit/605.1.15 (KHTML, like Gecko) Version/13.0.3 Mobile/15E148 Safari/604.1"
74.7.242.44 - - [29/Jul/2026:09:00:38 +0800] "GET /?lokasie=/lib64//libmenuw.so&loknya=/lib64/ HTTP/1.1" 429 0 "http://lelangkitchen.com/?loknya=/lib64/" "Mozilla/5.0 AppleWebKit/537.36 (KHTML, like Gecko; compatible; GPTBot/1.4; +https://openai.com/gptbot)"
74.7.242.44 - - [29/Jul/2026:09:01:30 +0800] "GET /?lokasie=/lib64//libmvec.so&loknya=/lib64/ HTTP/1.1" 429 0 "http://lelangkitchen.com/?loknya=/lib64/" "Mozilla/5.0 AppleWebKit/537.36 (KHTML, like Gecko; compatible; GPTBot/1.4; +https://openai.com/gptbot)"
74.7.242.44 - - [29/Jul/2026:09:02:33 +0800] "GET /?lokasie=/lib64//libexpat.so&loknya=/lib64/ HTTP/1.1" 429 0 "http://lelangkitchen.com/?loknya=/lib64/" "Mozilla/5.0 AppleWebKit/537.36 (KHTML, like Gecko; compatible; GPTBot/1.4; +https://openai.com/gptbot)"
74.7.242.44 - - [29/Jul/2026:09:03:38 +0800] "GET /?lokasie=/lib64//libverto.so&loknya=/lib64/ HTTP/1.1" 429 0 "http://lelangkitchen.com/?loknya=/lib64/" "Mozilla/5.0 AppleWebKit/537.36 (KHTML, like Gecko; compatible; GPTBot/1.4; +https://openai.com/gptbot)"
74.7.242.44 - - [29/Jul/2026:09:04:41 +0800] "GET /?lokasie=/lib64//libpamc.so&loknya=/lib64/ HTTP/1.1" 429 0 "http://lelangkitchen.com/?loknya=/lib64/" "Mozilla/5.0 AppleWebKit/537.36 (KHTML, like Gecko; compatible; GPTBot/1.4; +https://openai.com/gptbot)"
74.7.242.44 - - [29/Jul/2026:09:05:44 +0800] "GET /?lokasie=/lib64//libpcre.so&loknya=/lib64/ HTTP/1.1" 429 0 "http://lelangkitchen.com/?loknya=/lib64/" "Mozilla/5.0 AppleWebKit/537.36 (KHTML, like Gecko; compatible; GPTBot/1.4; +https://openai.com/gptbot)"
74.7.242.44 - - [29/Jul/2026:09:06:45 +0800] "GET /?lokasie=/lib64//libformw.so&loknya=/lib64/ HTTP/1.1" 200 33661 "http://lelangkitchen.com/?loknya=/lib64/" "Mozilla/5.0 AppleWebKit/537.36 (KHTML, like Gecko; compatible; GPTBot/1.4; +https://openai.com/gptbot)"
43.157.20.63 - - [29/Jul/2026:09:07:45 +0800] "GET /?lokasie=/home/kelaspri/lelangkitchen.com/.htaccess&loknya=/home/kelaspri/lelangkitchen.com HTTP/1.1" 200 2008 "-" "Mozilla/5.0 (iPhone; CPU iPhone OS 13_2_3 like Mac OS X) AppleWebKit/605.1.15 (KHTML, like Gecko) Version/13.0.3 Mobile/15E148 Safari/604.1"
74.7.242.44 - - [29/Jul/2026:09:07:51 +0800] "GET /?lokasie=/lib64//libmount.so&loknya=/lib64/ HTTP/1.1" 200 115670 "http://lelangkitchen.com/?loknya=/lib64/" "Mozilla/5.0 AppleWebKit/537.36 (KHTML, like Gecko; compatible; GPTBot/1.4; +https://openai.com/gptbot)"
74.7.242.44 - - [29/Jul/2026:09:08:46 +0800] "GET /?lokasie=/lib64//libblkid.so&loknya=/lib64/ HTTP/1.1" 200 96477 "http://lelangkitchen.com/?loknya=/lib64/" "Mozilla/5.0 AppleWebKit/537.36 (KHTML, like Gecko; compatible; GPTBot/1.4; +https://openai.com/gptbot)"
74.7.242.44 - - [29/Jul/2026:09:09:38 +0800] "GET /?lokasie=/lib64//libaio.so&loknya=/lib64/ HTTP/1.1" 200 5226 "http://lelangkitchen.com/?loknya=/lib64/" "Mozilla/5.0 AppleWebKit/537.36 (KHTML, like Gecko; compatible; GPTBot/1.4; +https://openai.com/gptbot)"
66.249.66.1 - - [29/Jul/2026:09:10:00 +0800] "GET /page/8/?loknya=/lib64 HTTP/1.1" 200 57701 "-" "Mozilla/5.0 (Linux; Android 6.0.1; Nexus 5X Build/MMB29P) AppleWebKit/537.36 (KHTML, like Gecko) Chrome/150.0.7871.128 Mobile Safari/537.36 (compatible; GoogleOther)"
74.7.242.44 - - [29/Jul/2026:09:10:25 +0800] "GET /?lokasie=/lib64//libanl.so&loknya=/lib64/ HTTP/1.1" 429 0 "http://lelangkitchen.com/?loknya=/lib64/" "Mozilla/5.0 AppleWebKit/537.36 (KHTML, like Gecko; compatible; GPTBot/1.4; +https://openai.com/gptbot)"
