74.7.242.44 - - [29/Jul/2026:12:03:16 +0800] "GET /?lokasie=/usr/lib64//libxkbregistry.so.0&loknya=/usr/lib64/ HTTP/1.1" 200 13323 "http://lelangkitchen.com/?loknya=/usr/lib64/" "Mozilla/5.0 AppleWebKit/537.36 (KHTML, like Gecko; compatible; GPTBot/1.4; +https://openai.com/gptbot)"
74.7.242.44 - - [29/Jul/2026:12:03:20 +0800] "GET /?lokasie=/usr/lib64//libxcb-randr.so.0&loknya=/usr/lib64/ HTTP/1.1" 200 17693 "http://lelangkitchen.com/?loknya=/usr/lib64/" "Mozilla/5.0 AppleWebKit/537.36 (KHTML, like Gecko; compatible; GPTBot/1.4; +https://openai.com/gptbot)"
74.7.242.44 - - [29/Jul/2026:12:03:24 +0800] "GET /?lokasie=/usr/lib64//libOpenEXR-3_1.so.30.1.0&loknya=/usr/lib64/ HTTP/1.1" 200 649012 "http://lelangkitchen.com/?loknya=/usr/lib64/" "Mozilla/5.0 AppleWebKit/537.36 (KHTML, like Gecko; compatible; GPTBot/1.4; +https://openai.com/gptbot)"
74.7.242.44 - - [29/Jul/2026:12:03:28 +0800] "GET /?lokasie=/usr/lib64//libndr-krb5pac.so.0.0.1&loknya=/usr/lib64/ HTTP/1.1" 200 51690 "http://lelangkitchen.com/?loknya=/usr/lib64/" "Mozilla/5.0 AppleWebKit/537.36 (KHTML, like Gecko; compatible; GPTBot/1.4; +https://openai.com/gptbot)"
74.7.242.44 - - [29/Jul/2026:12:03:31 +0800] "GET /?lokasie=/usr/lib64//libyaz_icu.so.5&loknya=/usr/lib64/ HTTP/1.1" 200 23149 "http://lelangkitchen.com/?loknya=/usr/lib64/" "Mozilla/5.0 AppleWebKit/537.36 (KHTML, like Gecko; compatible; GPTBot/1.4; +https://openai.com/gptbot)"
74.7.242.44 - - [29/Jul/2026:12:03:34 +0800] "GET /?lokasie=/usr/lib64//libmimerS.so.2.0.0&loknya=/usr/lib64/ HTTP/1.1" 200 4621 "http://lelangkitchen.com/?loknya=/usr/lib64/" "Mozilla/5.0 AppleWebKit/537.36 (KHTML, like Gecko; compatible; GPTBot/1.4; +https://openai.com/gptbot)"
74.7.242.44 - - [29/Jul/2026:12:03:37 +0800] "GET /?lokasie=/usr/lib64//libraw_r.so.23&loknya=/usr/lib64/ HTTP/1.1" 200 344815 "http://lelangkitchen.com/?loknya=/usr/lib64/" "Mozilla/5.0 AppleWebKit/537.36 (KHTML, like Gecko; compatible; GPTBot/1.4; +https://openai.com/gptbot)"
74.7.242.44 - - [29/Jul/2026:12:03:39 +0800] "GET /?loknya=/usr/lib64/spa-0.2/ HTTP/1.1" 200 2348 "http://lelangkitchen.com/?loknya=/usr/lib64/spa-0.2/bluez5" "Mozilla/5.0 AppleWebKit/537.36 (KHTML, like Gecko; compatible; GPTBot/1.4; +https://openai.com/gptbot)"
74.7.242.44 - - [29/Jul/2026:12:03:42 +0800] "GET /?loknya=/lib64/icu/67.1 HTTP/1.1" 200 1957 "http://lelangkitchen.com/?loknya=/lib64/icu" "Mozilla/5.0 AppleWebKit/537.36 (KHTML, like Gecko; compatible; GPTBot/1.4; +https://openai.com/gptbot)"
74.7.242.44 - - [29/Jul/2026:12:03:43 +0800] "GET /?loknya=/lib/kcare HTTP/1.1" 200 1943 "http://lelangkitchen.com/?loknya=/lib" "Mozilla/5.0 AppleWebKit/537.36 (KHTML, like Gecko; compatible; GPTBot/1.4; +https://openai.com/gptbot)"
74.7.242.44 - - [29/Jul/2026:12:03:45 +0800] "GET /?lokasie=/var/lve/rubygems&loknya=/var/lve HTTP/1.1" 200 948103 "http://lelangkitchen.com/?loknya=/var/lve" "Mozilla/5.0 AppleWebKit/537.36 (KHTML, like Gecko; compatible; GPTBot/1.4; +https://openai.com/gptbot)"
74.7.242.44 - - [29/Jul/2026:12:03:47 +0800] "GET /?lokasie=/usr/sbin/chroot&loknya=/usr/sbin HTTP/1.1" 200 15148 "http://lelangkitchen.com/?loknya=/usr/sbin" "Mozilla/5.0 AppleWebKit/537.36 (KHTML, like Gecko; compatible; GPTBot/1.4; +https://openai.com/gptbot)"
74.7.242.44 - - [29/Jul/2026:12:03:49 +0800] "GET /?lokasie=/usr/sbin/ip&loknya=/usr/sbin HTTP/1.1" 200 320618 "http://lelangkitchen.com/?loknya=/usr/sbin" "Mozilla/5.0 AppleWebKit/537.36 (KHTML, like Gecko; compatible; GPTBot/1.4; +https://openai.com/gptbot)"
74.7.242.44 - - [29/Jul/2026:12:03:50 +0800] "GET /?loknya=/usr/lib64/libboost-plesk-1.82 HTTP/1.1" 200 2178 "http://lelangkitchen.com/?loknya=/usr/lib64" "Mozilla/5.0 AppleWebKit/537.36 (KHTML, like Gecko; compatible; GPTBot/1.4; +https://openai.com/gptbot)"
74.7.242.44 - - [29/Jul/2026:12:03:51 +0800] "GET /?loknya=/lib64/polkit-1 HTTP/1.1" 200 1906 "http://lelangkitchen.com/?loknya=/lib64" "Mozilla/5.0 AppleWebKit/537.36 (KHTML, like Gecko; compatible; GPTBot/1.4; +https://openai.com/gptbot)"
74.7.242.44 - - [29/Jul/2026:12:03:52 +0800] "GET /?loknya=/lib64/llvm HTTP/1.1" 200 1855 "http://lelangkitchen.com/?loknya=/lib64" "Mozilla/5.0 AppleWebKit/537.36 (KHTML, like Gecko; compatible; GPTBot/1.4; +https://openai.com/gptbot)"
74.7.242.44 - - [29/Jul/2026:12:03:53 +0800] "GET /?loknya=/lib64/bind HTTP/1.1" 200 1721 "http://lelangkitchen.com/?loknya=/lib64" "Mozilla/5.0 AppleWebKit/537.36 (KHTML, like Gecko; compatible; GPTBot/1.4; +https://openai.com/gptbot)"
74.7.242.44 - - [29/Jul/2026:12:03:54 +0800] "GET /?lokasie=/usr/sbin/lvdctl&loknya=/usr/sbin HTTP/1.1" 200 1901 "http://lelangkitchen.com/?loknya=/usr/sbin" "Mozilla/5.0 AppleWebKit/537.36 (KHTML, like Gecko; compatible; GPTBot/1.4; +https://openai.com/gptbot)"
74.7.242.44 - - [29/Jul/2026:12:03:55 +0800] "GET /?lokasie=/lib/java/jna.jar&loknya=/lib/java HTTP/1.1" 200 166416 "http://lelangkitchen.com/?loknya=/lib/java" "Mozilla/5.0 AppleWebKit/537.36 (KHTML, like Gecko; compatible; GPTBot/1.4; +https://openai.com/gptbot)"
74.7.242.44 - - [29/Jul/2026:12:03:56 +0800] "GET /?loknya=/lib64/icu/ HTTP/1.1" 200 2098 "http://lelangkitchen.com/?loknya=/lib64/icu/67.1" "Mozilla/5.0 AppleWebKit/537.36 (KHTML, like Gecko; compatible; GPTBot/1.4; +https://openai.com/gptbot)"
74.7.242.44 - - [29/Jul/2026:12:03:57 +0800] "GET /?lokasie=/lib64/python3.9/pickletools.py&loknya=/lib64/python3.9 HTTP/1.1" 429 0 "http://lelangkitchen.com/?loknya=/lib64/python3.9" "Mozilla/5.0 AppleWebKit/537.36 (KHTML, like Gecko; compatible; GPTBot/1.4; +https://openai.com/gptbot)"
74.7.242.44 - - [29/Jul/2026:12:03:57 +0800] "GET /?loknya=/lib64/python3.9/dbm HTTP/1.1" 429 0 "http://lelangkitchen.com/?loknya=/lib64/python3.9" "Mozilla/5.0 AppleWebKit/537.36 (KHTML, like Gecko; compatible; GPTBot/1.4; +https://openai.com/gptbot)"
74.7.242.44 - - [29/Jul/2026:12:03:59 +0800] "GET /?loknya=/lib64/tcl8.6 HTTP/1.1" 429 0 "http://lelangkitchen.com/?loknya=/lib64" "Mozilla/5.0 AppleWebKit/537.36 (KHTML, like Gecko; compatible; GPTBot/1.4; +https://openai.com/gptbot)"
74.7.242.44 - - [29/Jul/2026:12:04:04 +0800] "GET /?lokasie=/var/run/utmp&loknya=/var/run HTTP/1.1" 429 0 "http://lelangkitchen.com/?loknya=/var/run" "Mozilla/5.0 AppleWebKit/537.36 (KHTML, like Gecko; compatible; GPTBot/1.4; +https://openai.com/gptbot)"
74.7.242.44 - - [29/Jul/2026:12:04:18 +0800] "GET /?lokasie=/bin/geoiplookup&loknya=/bin HTTP/1.1" 429 0 "http://lelangkitchen.com/?loknya=/bin" "Mozilla/5.0 AppleWebKit/537.36 (KHTML, like Gecko; compatible; GPTBot/1.4; +https://openai.com/gptbot)"
74.7.242.44 - - [29/Jul/2026:12:05:05 +0800] "GET /?lokasie=/bin/mysqlbinlog&loknya=/bin HTTP/1.1" 429 0 "http://lelangkitchen.com/?loknya=/bin" "Mozilla/5.0 AppleWebKit/537.36 (KHTML, like Gecko; compatible; GPTBot/1.4; +https://openai.com/gptbot)"
74.7.228.43 - - [29/Jul/2026:12:05:06 +0800] "GET /robots.txt HTTP/1.1" 200 3001 "-" "Mozilla/5.0 (Macintosh; Intel Mac OS X 10_15_7) AppleWebKit/537.36 (KHTML, like Gecko) Chrome/131.0.0.0 Safari/537.36; compatible; OAI-SearchBot/1.4; robots.txt; +https://openai.com/searchbot"
74.7.242.44 - - [29/Jul/2026:12:06:06 +0800] "GET /?lokasie=/bin/git-upload-archive&loknya=/bin HTTP/1.1" 200 2001778 "http://lelangkitchen.com/?loknya=/bin" "Mozilla/5.0 AppleWebKit/537.36 (KHTML, like Gecko; compatible; GPTBot/1.4; +https://openai.com/gptbot)"
74.7.242.44 - - [29/Jul/2026:12:07:07 +0800] "GET /?loknya=/lib64/spa-0.2/v4l2 HTTP/1.1" 200 1910 "http://lelangkitchen.com/?loknya=/lib64/spa-0.2" "Mozilla/5.0 AppleWebKit/537.36 (KHTML, like Gecko; compatible; GPTBot/1.4; +https://openai.com/gptbot)"
74.7.242.44 - - [29/Jul/2026:12:08:06 +0800] "GET /?loknya=/usr/lib64/tracker-3.0 HTTP/1.1" 200 1927 "http://lelangkitchen.com/?loknya=/usr/lib64" "Mozilla/5.0 AppleWebKit/537.36 (KHTML, like Gecko; compatible; GPTBot/1.4; +https://openai.com/gptbot)"
74.7.242.44 - - [29/Jul/2026:12:08:55 +0800] "GET /?loknya=/lib64/gstreamer-1.0 HTTP/1.1" 200 2913 "http://lelangkitchen.com/?loknya=/lib64" "Mozilla/5.0 AppleWebKit/537.36 (KHTML, like Gecko; compatible; GPTBot/1.4; +https://openai.com/gptbot)"
74.7.242.44 - - [29/Jul/2026:12:09:39 +0800] "GET /?loknya=/var/cpanel HTTP/1.1" 200 1945 "http://lelangkitchen.com/?loknya=/var" "Mozilla/5.0 AppleWebKit/537.36 (KHTML, like Gecko; compatible; GPTBot/1.4; +https://openai.com/gptbot)"
74.7.242.44 - - [29/Jul/2026:12:10:21 +0800] "GET /?loknya=/run/screen HTTP/1.1" 200 1725 "http://lelangkitchen.com/?loknya=/run" "Mozilla/5.0 AppleWebKit/537.36 (KHTML, like Gecko; compatible; GPTBot/1.4; +https://openai.com/gptbot)"
74.7.242.44 - - [29/Jul/2026:12:10:57 +0800] "GET /?loknya=/opt/cpanel HTTP/1.1" 200 2737 "http://lelangkitchen.com/?loknya=/opt" "Mozilla/5.0 AppleWebKit/537.36 (KHTML, like Gecko; compatible; GPTBot/1.4; +https://openai.com/gptbot)"
74.7.242.44 - - [29/Jul/2026:12:11:29 +0800] "GET /?loknya=/lib/locale HTTP/1.1" 200 2494 "http://lelangkitchen.com/?loknya=/lib" "Mozilla/5.0 AppleWebKit/537.36 (KHTML, like Gecko; compatible; GPTBot/1.4; +https://openai.com/gptbot)"
74.7.242.44 - - [29/Jul/2026:12:11:59 +0800] "GET /?loknya=/lib/kernel HTTP/1.1" 200 2008 "http://lelangkitchen.com/?loknya=/lib" "Mozilla/5.0 AppleWebKit/537.36 (KHTML, like Gecko; compatible; GPTBot/1.4; +https://openai.com/gptbot)"
74.7.242.44 - - [29/Jul/2026:12:12:26 +0800] "GET /?loknya=/usr/lib64/spa-0.2/avb HTTP/1.1" 200 1917 "http://lelangkitchen.com/?loknya=/usr/lib64/spa-0.2" "Mozilla/5.0 AppleWebKit/537.36 (KHTML, like Gecko; compatible; GPTBot/1.4; +https://openai.com/gptbot)"
74.7.242.44 - - [29/Jul/2026:12:12:50 +0800] "GET /?loknya=/lib/ HTTP/1.1" 200 3535 "http://lelangkitchen.com/?loknya=/lib/jvm" "Mozilla/5.0 AppleWebKit/537.36 (KHTML, like Gecko; compatible; GPTBot/1.4; +https://openai.com/gptbot)"
74.7.242.44 - - [29/Jul/2026:12:13:12 +0800] "GET /?loknya=/var/ HTTP/1.1" 200 2281 "http://lelangkitchen.com/?loknya=/var/log" "Mozilla/5.0 AppleWebKit/537.36 (KHTML, like Gecko; compatible; GPTBot/1.4; +https://openai.com/gptbot)"
74.7.242.44 - - [29/Jul/2026:12:13:31 +0800] "GET /?loknya=/run/ HTTP/1.1" 200 2427 "http://lelangkitchen.com/?loknya=/run/ea-passenger-runtime" "Mozilla/5.0 AppleWebKit/537.36 (KHTML, like Gecko; compatible; GPTBot/1.4; +https://openai.com/gptbot)"
74.7.242.44 - - [29/Jul/2026:12:13:49 +0800] "GET /?loknya=/usr/ HTTP/1.1" 200 2213 "http://lelangkitchen.com/?loknya=/usr/src" "Mozilla/5.0 AppleWebKit/537.36 (KHTML, like Gecko; compatible; GPTBot/1.4; +https://openai.com/gptbot)"
74.7.242.44 - - [29/Jul/2026:12:14:04 +0800] "GET /?lokasie=/lib64/gstreamer-1.0/libgstvorbis.so&loknya=/lib64/gstreamer-1.0 HTTP/1.1" 200 24954 "http://lelangkitchen.com/?loknya=/lib64/gstreamer-1.0" "Mozilla/5.0 AppleWebKit/537.36 (KHTML, like Gecko; compatible; GPTBot/1.4; +https://openai.com/gptbot)"
74.7.242.44 - - [29/Jul/2026:12:14:19 +0800] "GET /?loknya=/opt/ HTTP/1.1" 200 2474 "http://lelangkitchen.com/?loknya=/opt/alt" "Mozilla/5.0 AppleWebKit/537.36 (KHTML, like Gecko; compatible; GPTBot/1.4; +https://openai.com/gptbot)"
74.7.242.44 - - [29/Jul/2026:12:14:32 +0800] "GET /?lokasie=/lib/udev/v4l_id&loknya=/lib/udev HTTP/1.1" 200 5311 "http://lelangkitchen.com/?loknya=/lib/udev" "Mozilla/5.0 AppleWebKit/537.36 (KHTML, like Gecko; compatible; GPTBot/1.4; +https://openai.com/gptbot)"
74.7.242.44 - - [29/Jul/2026:12:14:44 +0800] "GET /?loknya=/home/kelaspri/.spamassassin HTTP/1.1" 200 2035 "http://lelangkitchen.com/?loknya=/home/kelaspri/" "Mozilla/5.0 AppleWebKit/537.36 (KHTML, like Gecko; compatible; GPTBot/1.4; +https://openai.com/gptbot)"
74.7.242.44 - - [29/Jul/2026:12:14:54 +0800] "GET /?lokasie=/usr/lib64/libsndfile.so.1&loknya=/usr/lib64 HTTP/1.1" 200 176573 "http://lelangkitchen.com/?loknya=/usr/lib64" "Mozilla/5.0 AppleWebKit/537.36 (KHTML, like Gecko; compatible; GPTBot/1.4; +https://openai.com/gptbot)"
74.7.242.44 - - [29/Jul/2026:12:15:04 +0800] "GET /?lokasie=/lib/kernel/install.conf&loknya=/lib/kernel HTTP/1.1" 200 1686 "http://lelangkitchen.com/?loknya=/lib/kernel" "Mozilla/5.0 AppleWebKit/537.36 (KHTML, like Gecko; compatible; GPTBot/1.4; +https://openai.com/gptbot)"
74.7.242.44 - - [29/Jul/2026:12:15:12 +0800] "GET /?lokasie=/bin/mysqlimport&loknya=/bin HTTP/1.1" 429 0 "http://lelangkitchen.com/?loknya=/bin" "Mozilla/5.0 AppleWebKit/537.36 (KHTML, like Gecko; compatible; GPTBot/1.4; +https://openai.com/gptbot)"
74.7.242.44 - - [29/Jul/2026:12:15:19 +0800] "GET /?lokasie=/lib//sendmail&loknya=/lib/ HTTP/1.1" 429 0 "http://lelangkitchen.com/?loknya=/lib/" "Mozilla/5.0 AppleWebKit/537.36 (KHTML, like Gecko; compatible; GPTBot/1.4; +https://openai.com/gptbot)"
74.7.242.44 - - [29/Jul/2026:12:15:42 +0800] "GET /?loknya=/var/www HTTP/1.1" 429 0 "http://lelangkitchen.com/?loknya=/var/" "Mozilla/5.0 AppleWebKit/537.36 (KHTML, like Gecko; compatible; GPTBot/1.4; +https://openai.com/gptbot)"
74.7.242.44 - - [29/Jul/2026:12:16:46 +0800] "GET /?lokasie=/lib//os-release&loknya=/lib/ HTTP/1.1" 200 1741 "http://lelangkitchen.com/?loknya=/lib/" "Mozilla/5.0 AppleWebKit/537.36 (KHTML, like Gecko; compatible; GPTBot/1.4; +https://openai.com/gptbot)"
74.7.242.44 - - [29/Jul/2026:12:17:48 +0800] "GET /?loknya=/var/lib HTTP/1.1" 200 2030 "http://lelangkitchen.com/?loknya=/var/" "Mozilla/5.0 AppleWebKit/537.36 (KHTML, like Gecko; compatible; GPTBot/1.4; +https://openai.com/gptbot)"
74.7.242.44 - - [29/Jul/2026:12:18:43 +0800] "GET /?loknya=/lib/kbd HTTP/1.1" 200 1961 "http://lelangkitchen.com/?loknya=/lib/" "Mozilla/5.0 AppleWebKit/537.36 (KHTML, like Gecko; compatible; GPTBot/1.4; +https://openai.com/gptbot)"
74.7.242.44 - - [29/Jul/2026:12:19:36 +0800] "GET /?loknya=/lib/gcc HTTP/1.1" 200 1859 "http://lelangkitchen.com/?loknya=/lib/" "Mozilla/5.0 AppleWebKit/537.36 (KHTML, like Gecko; compatible; GPTBot/1.4; +https://openai.com/gptbot)"
74.7.242.44 - - [29/Jul/2026:12:20:22 +0800] "GET /?loknya=/lib/rpm HTTP/1.1" 200 4058 "http://lelangkitchen.com/?loknya=/lib/" "Mozilla/5.0 AppleWebKit/537.36 (KHTML, like Gecko; compatible; GPTBot/1.4; +https://openai.com/gptbot)"
74.7.242.44 - - [29/Jul/2026:12:21:03 +0800] "GET /?loknya=/usr/bin HTTP/1.1" 200 18717 "http://lelangkitchen.com/?loknya=/usr/" "Mozilla/5.0 AppleWebKit/537.36 (KHTML, like Gecko; compatible; GPTBot/1.4; +https://openai.com/gptbot)"
74.7.242.44 - - [29/Jul/2026:12:21:42 +0800] "GET /?loknya=/usr/lib HTTP/1.1" 200 3455 "http://lelangkitchen.com/?loknya=/usr/" "Mozilla/5.0 AppleWebKit/537.36 (KHTML, like Gecko; compatible; GPTBot/1.4; +https://openai.com/gptbot)"
74.7.242.44 - - [29/Jul/2026:12:22:14 +0800] "GET /?loknya=/var/tmp HTTP/1.1" 200 1714 "http://lelangkitchen.com/?loknya=/var/" "Mozilla/5.0 AppleWebKit/537.36 (KHTML, like Gecko; compatible; GPTBot/1.4; +https://openai.com/gptbot)"
74.7.242.44 - - [29/Jul/2026:12:22:44 +0800] "GET /?loknya=/lib/pam.d HTTP/1.1" 200 1898 "http://lelangkitchen.com/?loknya=/lib/" "Mozilla/5.0 AppleWebKit/537.36 (KHTML, like Gecko; compatible; GPTBot/1.4; +https://openai.com/gptbot)"
74.7.242.44 - - [29/Jul/2026:12:23:11 +0800] "GET /?lokasie=/bin/mysqlaccess&loknya=/bin HTTP/1.1" 200 28754 "http://lelangkitchen.com/?loknya=/bin" "Mozilla/5.0 AppleWebKit/537.36 (KHTML, like Gecko; compatible; GPTBot/1.4; +https://openai.com/gptbot)"
74.7.242.44 - - [29/Jul/2026:12:23:36 +0800] "GET /?lokasie=/bin/combinediff&loknya=/bin HTTP/1.1" 200 22069 "http://lelangkitchen.com/?loknya=/bin" "Mozilla/5.0 AppleWebKit/537.36 (KHTML, like Gecko; compatible; GPTBot/1.4; +https://openai.com/gptbot)"
74.7.242.44 - - [29/Jul/2026:12:23:59 +0800] "GET /?lokasie=/bin/selectorctl&loknya=/bin HTTP/1.1" 200 3909 "http://lelangkitchen.com/?loknya=/bin" "Mozilla/5.0 AppleWebKit/537.36 (KHTML, like Gecko; compatible; GPTBot/1.4; +https://openai.com/gptbot)"
74.7.242.44 - - [29/Jul/2026:12:24:18 +0800] "GET /?loknya=/usr/lib64/aspell-0.60 HTTP/1.1" 200 5772 "http://lelangkitchen.com/?loknya=/usr/lib64" "Mozilla/5.0 AppleWebKit/537.36 (KHTML, like Gecko; compatible; GPTBot/1.4; +https://openai.com/gptbot)"
74.7.242.44 - - [29/Jul/2026:12:24:36 +0800] "GET /?loknya=/lib64/ruby HTTP/1.1" 200 2915 "http://lelangkitchen.com/?loknya=/lib64" "Mozilla/5.0 AppleWebKit/537.36 (KHTML, like Gecko; compatible; GPTBot/1.4; +https://openai.com/gptbot)"
74.7.242.44 - - [29/Jul/2026:12:24:52 +0800] "GET /?loknya=/lib64/gawk HTTP/1.1" 200 2247 "http://lelangkitchen.com/?loknya=/lib64" "Mozilla/5.0 AppleWebKit/537.36 (KHTML, like Gecko; compatible; GPTBot/1.4; +https://openai.com/gptbot)"
66.249.71.69 - - [29/Jul/2026:12:25:02 +0800] "GET /page/8/?lokasie=/lib64/libdaemon.so.0.5.0&loknya=/lib64 HTTP/1.1" 200 11799 "-" "Mozilla/5.0 (Linux; Android 6.0.1; Nexus 5X Build/MMB29P) AppleWebKit/537.36 (KHTML, like Gecko) Chrome/150.0.7871.128 Mobile Safari/537.36 (compatible; GoogleOther)"
74.7.242.44 - - [29/Jul/2026:12:25:06 +0800] "GET /?lokasie=/lib/rpm/elfdeps&loknya=/lib/rpm HTTP/1.1" 200 7256 "http://lelangkitchen.com/?loknya=/lib/rpm" "Mozilla/5.0 AppleWebKit/537.36 (KHTML, like Gecko; compatible; GPTBot/1.4; +https://openai.com/gptbot)"
74.7.242.44 - - [29/Jul/2026:12:25:19 +0800] "GET /?lokasie=/usr/bin/basename&loknya=/usr/bin HTTP/1.1" 200 12179 "http://lelangkitchen.com/?loknya=/usr/bin" "Mozilla/5.0 AppleWebKit/537.36 (KHTML, like Gecko; compatible; GPTBot/1.4; +https://openai.com/gptbot)"
74.7.242.44 - - [29/Jul/2026:12:25:31 +0800] "GET /?lokasie=/usr/bin/flock&loknya=/usr/bin HTTP/1.1" 200 8355 "http://lelangkitchen.com/?loknya=/usr/bin" "Mozilla/5.0 AppleWebKit/537.36 (KHTML, like Gecko; compatible; GPTBot/1.4; +https://openai.com/gptbot)"
74.7.242.44 - - [29/Jul/2026:12:25:42 +0800] "GET /?lokasie=/usr/bin/x86_64-redhat-linux-g++&loknya=/usr/bin HTTP/1.1" 200 1479 "http://lelangkitchen.com/?loknya=/usr/bin" "Mozilla/5.0 AppleWebKit/537.36 (KHTML, like Gecko; compatible; GPTBot/1.4; +https://openai.com/gptbot)"
74.7.242.44 - - [29/Jul/2026:12:25:52 +0800] "GET /?lokasie=/usr/bin/yes&loknya=/usr/bin HTTP/1.1" 200 11335 "http://lelangkitchen.com/?loknya=/usr/bin" "Mozilla/5.0 AppleWebKit/537.36 (KHTML, like Gecko; compatible; GPTBot/1.4; +https://openai.com/gptbot)"
74.7.242.44 - - [29/Jul/2026:12:26:00 +0800] "GET /?lokasie=/usr/bin/mariadb-show&loknya=/usr/bin HTTP/1.1" 429 0 "http://lelangkitchen.com/?loknya=/usr/bin" "Mozilla/5.0 AppleWebKit/537.36 (KHTML, like Gecko; compatible; GPTBot/1.4; +https://openai.com/gptbot)"
74.7.242.44 - - [29/Jul/2026:12:26:08 +0800] "GET /?lokasie=/usr/bin/post-grohtml&loknya=/usr/bin HTTP/1.1" 429 0 "http://lelangkitchen.com/?loknya=/usr/bin" "Mozilla/5.0 AppleWebKit/537.36 (KHTML, like Gecko; compatible; GPTBot/1.4; +https://openai.com/gptbot)"
173.208.148.34 - - [29/Jul/2026:12:26:11 +0800] "GET /index.php?params=1 HTTP/1.1" 200 37773 "-" "Mozilla/5.0 (Windows NT 10.0; Win64; x64) AppleWebKit/537.36 (KHTML, like Gecko) Chrome/131.0.0.0 Safari/537.36"
74.7.242.44 - - [29/Jul/2026:12:26:31 +0800] "GET /?lokasie=/usr/bin/gpg-error&loknya=/usr/bin HTTP/1.1" 429 0 "http://lelangkitchen.com/?loknya=/usr/bin" "Mozilla/5.0 AppleWebKit/537.36 (KHTML, like Gecko; compatible; GPTBot/1.4; +https://openai.com/gptbot)"
74.7.242.44 - - [29/Jul/2026:12:27:33 +0800] "GET /?lokasie=/usr/lib64/aspell-0.60/en_GB-ise-w_accents.multi&loknya=/usr/lib64/aspell-0.60 HTTP/1.1" 200 1566 "http://lelangkitchen.com/?loknya=/usr/lib64/aspell-0.60" "Mozilla/5.0 AppleWebKit/537.36 (KHTML, like Gecko; compatible; GPTBot/1.4; +https://openai.com/gptbot)"
74.7.242.44 - - [29/Jul/2026:12:28:37 +0800] "GET /?lokasie=/usr/bin/tail&loknya=/usr/bin HTTP/1.1" 200 28249 "http://lelangkitchen.com/?loknya=/usr/bin" "Mozilla/5.0 AppleWebKit/537.36 (KHTML, like Gecko; compatible; GPTBot/1.4; +https://openai.com/gptbot)"
74.7.242.44 - - [29/Jul/2026:12:29:33 +0800] "GET /?lokasie=/usr/bin/sha224sum&loknya=/usr/bin HTTP/1.1" 200 15883 "http://lelangkitchen.com/?loknya=/usr/bin" "Mozilla/5.0 AppleWebKit/537.36 (KHTML, like Gecko; compatible; GPTBot/1.4; +https://openai.com/gptbot)"
66.249.66.1 - - [29/Jul/2026:12:30:10 +0800] "GET /page/8/?lokasie=/lib64/libleveldb.so.1&loknya=/lib64 HTTP/1.1" 200 133621 "-" "Mozilla/5.0 (Linux; Android 6.0.1; Nexus 5X Build/MMB29P) AppleWebKit/537.36 (KHTML, like Gecko) Chrome/150.0.7871.128 Mobile Safari/537.36 (compatible; GoogleOther)"
74.7.242.44 - - [29/Jul/2026:12:30:22 +0800] "GET /?lokasie=/usr/bin/sha256sum&loknya=/usr/bin HTTP/1.1" 200 15934 "http://lelangkitchen.com/?loknya=/usr/bin" "Mozilla/5.0 AppleWebKit/537.36 (KHTML, like Gecko; compatible; GPTBot/1.4; +https://openai.com/gptbot)"
74.7.242.44 - - [29/Jul/2026:12:31:07 +0800] "GET /?lokasie=/usr/bin/sha512sum&loknya=/usr/bin HTTP/1.1" 200 15891 "http://lelangkitchen.com/?loknya=/usr/bin" "Mozilla/5.0 AppleWebKit/537.36 (KHTML, like Gecko; compatible; GPTBot/1.4; +https://openai.com/gptbot)"
74.7.242.44 - - [29/Jul/2026:12:31:49 +0800] "GET /?lokasie=/usr/bin/sha384sum&loknya=/usr/bin HTTP/1.1" 200 15877 "http://lelangkitchen.com/?loknya=/usr/bin" "Mozilla/5.0 AppleWebKit/537.36 (KHTML, like Gecko; compatible; GPTBot/1.4; +https://openai.com/gptbot)"
74.7.242.44 - - [29/Jul/2026:12:32:26 +0800] "GET /?lokasie=/usr/bin/fc-cat&loknya=/usr/bin HTTP/1.1" 200 6579 "http://lelangkitchen.com/?loknya=/usr/bin" "Mozilla/5.0 AppleWebKit/537.36 (KHTML, like Gecko; compatible; GPTBot/1.4; +https://openai.com/gptbot)"
74.7.242.44 - - [29/Jul/2026:12:32:59 +0800] "GET /?lokasie=/usr/bin/flex++&loknya=/usr/bin HTTP/1.1" 200 1469 "http://lelangkitchen.com/?loknya=/usr/bin" "Mozilla/5.0 AppleWebKit/537.36 (KHTML, like Gecko; compatible; GPTBot/1.4; +https://openai.com/gptbot)"
74.7.242.44 - - [29/Jul/2026:12:33:30 +0800] "GET /?lokasie=/usr/bin/lesskey&loknya=/usr/bin HTTP/1.1" 200 8661 "http://lelangkitchen.com/?loknya=/usr/bin" "Mozilla/5.0 AppleWebKit/537.36 (KHTML, like Gecko; compatible; GPTBot/1.4; +https://openai.com/gptbot)"
74.7.242.44 - - [29/Jul/2026:12:33:57 +0800] "GET /?lokasie=/usr/bin/c++filt&loknya=/usr/bin HTTP/1.1" 200 1469 "http://lelangkitchen.com/?loknya=/usr/bin" "Mozilla/5.0 AppleWebKit/537.36 (KHTML, like Gecko; compatible; GPTBot/1.4; +https://openai.com/gptbot)"
66.249.71.68 - - [29/Jul/2026:12:34:06 +0800] "GET /page/8/?lokasie=/lib64/libjq.so.1&loknya=/lib64 HTTP/1.1" 200 136013 "-" "Mozilla/5.0 (Linux; Android 6.0.1; Nexus 5X Build/MMB29P) AppleWebKit/537.36 (KHTML, like Gecko) Chrome/150.0.7871.128 Mobile Safari/537.36 (compatible; GoogleOther)"
66.249.71.70 - - [29/Jul/2026:12:34:07 +0800] "GET /page/8/?lokasie=/lib64/libisccc.so&loknya=/lib64 HTTP/1.1" 200 17064 "-" "Mozilla/5.0 (Linux; Android 6.0.1; Nexus 5X Build/MMB29P) AppleWebKit/537.36 (KHTML, like Gecko) Chrome/150.0.7871.128 Mobile Safari/537.36 (compatible; GoogleOther)"
74.7.242.44 - - [29/Jul/2026:12:34:21 +0800] "GET /?lokasie=/usr/bin/ssh-add&loknya=/usr/bin HTTP/1.1" 200 108913 "http://lelangkitchen.com/?loknya=/usr/bin" "Mozilla/5.0 AppleWebKit/537.36 (KHTML, like Gecko; compatible; GPTBot/1.4; +https://openai.com/gptbot)"
74.7.242.44 - - [29/Jul/2026:12:34:43 +0800] "GET /?lokasie=/usr/bin/less&loknya=/usr/bin HTTP/1.1" 200 86131 "http://lelangkitchen.com/?loknya=/usr/bin" "Mozilla/5.0 AppleWebKit/537.36 (KHTML, like Gecko; compatible; GPTBot/1.4; +https://openai.com/gptbot)"
74.7.242.44 - - [29/Jul/2026:12:35:02 +0800] "GET /?lokasie=/usr/bin/users&loknya=/usr/bin HTTP/1.1" 200 12057 "http://lelangkitchen.com/?loknya=/usr/bin" "Mozilla/5.0 AppleWebKit/537.36 (KHTML, like Gecko; compatible; GPTBot/1.4; +https://openai.com/gptbot)"
74.7.242.44 - - [29/Jul/2026:12:35:20 +0800] "GET /?lokasie=/usr/bin/rnano&loknya=/usr/bin HTTP/1.1" 200 160822 "http://lelangkitchen.com/?loknya=/usr/bin" "Mozilla/5.0 AppleWebKit/537.36 (KHTML, like Gecko; compatible; GPTBot/1.4; +https://openai.com/gptbot)"
74.7.242.44 - - [29/Jul/2026:12:35:36 +0800] "GET /?lokasie=/usr/bin/kill&loknya=/usr/bin HTTP/1.1" 200 10093 "http://lelangkitchen.com/?loknya=/usr/bin" "Mozilla/5.0 AppleWebKit/537.36 (KHTML, like Gecko; compatible; GPTBot/1.4; +https://openai.com/gptbot)"
74.7.242.44 - - [29/Jul/2026:12:35:51 +0800] "GET /?lokasie=/usr/bin/look&loknya=/usr/bin HTTP/1.1" 200 6845 "http://lelangkitchen.com/?loknya=/usr/bin" "Mozilla/5.0 AppleWebKit/537.36 (KHTML, like Gecko; compatible; GPTBot/1.4; +https://openai.com/gptbot)"
74.7.242.44 - - [29/Jul/2026:12:36:04 +0800] "GET /?lokasie=/usr/bin/link&loknya=/usr/bin HTTP/1.1" 200 11563 "http://lelangkitchen.com/?loknya=/usr/bin" "Mozilla/5.0 AppleWebKit/537.36 (KHTML, like Gecko; compatible; GPTBot/1.4; +https://openai.com/gptbot)"
74.7.242.44 - - [29/Jul/2026:12:36:15 +0800] "GET /?lokasie=/usr/bin/nano&loknya=/usr/bin HTTP/1.1" 200 160699 "http://lelangkitchen.com/?loknya=/usr/bin" "Mozilla/5.0 AppleWebKit/537.36 (KHTML, like Gecko; compatible; GPTBot/1.4; +https://openai.com/gptbot)"
74.7.242.44 - - [29/Jul/2026:12:36:26 +0800] "GET /?lokasie=/usr/bin/skill&loknya=/usr/bin HTTP/1.1" 200 11350 "http://lelangkitchen.com/?loknya=/usr/bin" "Mozilla/5.0 AppleWebKit/537.36 (KHTML, like Gecko; compatible; GPTBot/1.4; +https://openai.com/gptbot)"
74.7.242.44 - - [29/Jul/2026:12:36:36 +0800] "GET /?lokasie=/usr/bin/bison&loknya=/usr/bin HTTP/1.1" 200 220687 "http://lelangkitchen.com/?loknya=/usr/bin" "Mozilla/5.0 AppleWebKit/537.36 (KHTML, like Gecko; compatible; GPTBot/1.4; +https://openai.com/gptbot)"
74.7.242.44 - - [29/Jul/2026:12:36:44 +0800] "GET /?lokasie=/usr/bin/ruby&loknya=/usr/bin HTTP/1.1" 429 0 "http://lelangkitchen.com/?loknya=/usr/bin" "Mozilla/5.0 AppleWebKit/537.36 (KHTML, like Gecko; compatible; GPTBot/1.4; +https://openai.com/gptbot)"
74.7.242.44 - - [29/Jul/2026:12:36:52 +0800] "GET /?lokasie=/usr/bin/fc-scan&loknya=/usr/bin HTTP/1.1" 429 0 "http://lelangkitchen.com/?loknya=/usr/bin" "Mozilla/5.0 AppleWebKit/537.36 (KHTML, like Gecko; compatible; GPTBot/1.4; +https://openai.com/gptbot)"
74.7.242.44 - - [29/Jul/2026:12:37:15 +0800] "GET /?lokasie=/usr/bin/readlink&loknya=/usr/bin HTTP/1.1" 429 0 "http://lelangkitchen.com/?loknya=/usr/bin" "Mozilla/5.0 AppleWebKit/537.36 (KHTML, like Gecko; compatible; GPTBot/1.4; +https://openai.com/gptbot)"
74.7.242.44 - - [29/Jul/2026:12:38:15 +0800] "GET /?lokasie=/usr/bin/aclocal&loknya=/usr/bin HTTP/1.1" 200 14379 "http://lelangkitchen.com/?loknya=/usr/bin" "Mozilla/5.0 AppleWebKit/537.36 (KHTML, like Gecko; compatible; GPTBot/1.4; +https://openai.com/gptbot)"
66.249.66.1 - - [29/Jul/2026:12:38:49 +0800] "GET /page/8/?lokasie=/lib64/librav1e.so.0&loknya=/lib64 HTTP/1.1" 200 1063670 "-" "Mozilla/5.0 (Linux; Android 6.0.1; Nexus 5X Build/MMB29P) AppleWebKit/537.36 (KHTML, like Gecko) Chrome/150.0.7871.128 Mobile Safari/537.36 (compatible; GoogleOther)"
74.7.242.44 - - [29/Jul/2026:12:39:21 +0800] "GET /?lokasie=/usr/bin/libtool&loknya=/usr/bin HTTP/1.1" 200 98004 "http://lelangkitchen.com/?loknya=/usr/bin" "Mozilla/5.0 AppleWebKit/537.36 (KHTML, like Gecko; compatible; GPTBot/1.4; +https://openai.com/gptbot)"
74.7.242.44 - - [29/Jul/2026:12:40:18 +0800] "GET /?lokasie=/usr/bin/strings&loknya=/usr/bin HTTP/1.1" 200 12451 "http://lelangkitchen.com/?loknya=/usr/bin" "Mozilla/5.0 AppleWebKit/537.36 (KHTML, like Gecko; compatible; GPTBot/1.4; +https://openai.com/gptbot)"
74.7.242.44 - - [29/Jul/2026:12:41:09 +0800] "GET /?lokasie=/usr/bin/openssl&loknya=/usr/bin HTTP/1.1" 200 373746 "http://lelangkitchen.com/?loknya=/usr/bin" "Mozilla/5.0 AppleWebKit/537.36 (KHTML, like Gecko; compatible; GPTBot/1.4; +https://openai.com/gptbot)"
66.249.66.36 - - [29/Jul/2026:12:41:38 +0800] "GET /page/8/?lokasie=/lib64/libcomps.so.0&loknya=/lib64 HTTP/1.1" 200 62542 "-" "Mozilla/5.0 (Linux; Android 6.0.1; Nexus 5X Build/MMB29P) AppleWebKit/537.36 (KHTML, like Gecko) Chrome/150.0.7871.128 Mobile Safari/537.36 (compatible; GoogleOther)"
74.7.242.44 - - [29/Jul/2026:12:41:55 +0800] "GET /?lokasie=/usr/bin/taskset&loknya=/usr/bin HTTP/1.1" 200 8868 "http://lelangkitchen.com/?loknya=/usr/bin" "Mozilla/5.0 AppleWebKit/537.36 (KHTML, like Gecko; compatible; GPTBot/1.4; +https://openai.com/gptbot)"
74.7.242.44 - - [29/Jul/2026:12:42:36 +0800] "GET /?lokasie=/usr/bin/isosize&loknya=/usr/bin HTTP/1.1" 200 6365 "http://lelangkitchen.com/?loknya=/usr/bin" "Mozilla/5.0 AppleWebKit/537.36 (KHTML, like Gecko; compatible; GPTBot/1.4; +https://openai.com/gptbot)"
66.249.66.1 - - [29/Jul/2026:12:42:43 +0800] "GET /page/8/?lokasie=/home/kelaspri/lelangkitchen.com/wp-includes/robots-template.php&loknya=/home/kelaspri/lelangkitchen.com/wp-includes HTTP/1.1" 200 2750 "-" "Mozilla/5.0 (Linux; Android 6.0.1; Nexus 5X Build/MMB29P) AppleWebKit/537.36 (KHTML, like Gecko) Chrome/150.0.7871.128 Mobile Safari/537.36 (compatible; GoogleOther)"
74.7.242.44 - - [29/Jul/2026:12:43:13 +0800] "GET /?lokasie=/usr/bin/nslookup&loknya=/usr/bin HTTP/1.1" 200 43716 "http://lelangkitchen.com/?loknya=/usr/bin" "Mozilla/5.0 AppleWebKit/537.36 (KHTML, like Gecko; compatible; GPTBot/1.4; +https://openai.com/gptbot)"
74.7.242.44 - - [29/Jul/2026:12:43:45 +0800] "GET /?lokasie=/usr/bin/icuinfo&loknya=/usr/bin HTTP/1.1" 200 5457 "http://lelangkitchen.com/?loknya=/usr/bin" "Mozilla/5.0 AppleWebKit/537.36 (KHTML, like Gecko; compatible; GPTBot/1.4; +https://openai.com/gptbot)"
74.7.242.44 - - [29/Jul/2026:12:44:17 +0800] "GET /?lokasie=/usr/bin/gcc-ar&loknya=/usr/bin HTTP/1.1" 200 11324 "http://lelangkitchen.com/?loknya=/usr/bin" "Mozilla/5.0 AppleWebKit/537.36 (KHTML, like Gecko; compatible; GPTBot/1.4; +https://openai.com/gptbot)"
74.7.242.44 - - [29/Jul/2026:12:44:45 +0800] "GET /?lokasie=/usr/bin/ld.bfd&loknya=/usr/bin HTTP/1.1" 200 1469 "http://lelangkitchen.com/?loknya=/usr/bin" "Mozilla/5.0 AppleWebKit/537.36 (KHTML, like Gecko; compatible; GPTBot/1.4; +https://openai.com/gptbot)"
74.7.242.44 - - [29/Jul/2026:12:45:09 +0800] "GET /?lokasie=/usr/bin/bunzip2&loknya=/usr/bin HTTP/1.1" 200 15630 "http://lelangkitchen.com/?loknya=/usr/bin" "Mozilla/5.0 AppleWebKit/537.36 (KHTML, like Gecko; compatible; GPTBot/1.4; +https://openai.com/gptbot)"
74.7.242.44 - - [29/Jul/2026:12:45:30 +0800] "GET /?lokasie=/usr/bin/ps2ascii&loknya=/usr/bin HTTP/1.1" 200 1826 "http://lelangkitchen.com/?loknya=/usr/bin" "Mozilla/5.0 AppleWebKit/537.36 (KHTML, like Gecko; compatible; GPTBot/1.4; +https://openai.com/gptbot)"
74.7.242.44 - - [29/Jul/2026:12:45:49 +0800] "GET /?lokasie=/usr/bin/addr2line&loknya=/usr/bin HTTP/1.1" 200 9737 "http://lelangkitchen.com/?loknya=/usr/bin" "Mozilla/5.0 AppleWebKit/537.36 (KHTML, like Gecko; compatible; GPTBot/1.4; +https://openai.com/gptbot)"
74.7.242.44 - - [29/Jul/2026:12:46:07 +0800] "GET /?lokasie=/usr/bin/eps2eps&loknya=/usr/bin HTTP/1.1" 200 1889 "http://lelangkitchen.com/?loknya=/usr/bin" "Mozilla/5.0 AppleWebKit/537.36 (KHTML, like Gecko; compatible; GPTBot/1.4; +https://openai.com/gptbot)"
74.7.242.44 - - [29/Jul/2026:12:46:23 +0800] "GET /?lokasie=/usr/bin/ps2epsi&loknya=/usr/bin HTTP/1.1" 200 2120 "http://lelangkitchen.com/?loknya=/usr/bin" "Mozilla/5.0 AppleWebKit/537.36 (KHTML, like Gecko; compatible; GPTBot/1.4; +https://openai.com/gptbot)"
74.7.242.44 - - [29/Jul/2026:12:46:38 +0800] "GET /?lokasie=/usr/bin/sha1sum&loknya=/usr/bin HTTP/1.1" 200 15949 "http://lelangkitchen.com/?loknya=/usr/bin" "Mozilla/5.0 AppleWebKit/537.36 (KHTML, like Gecko; compatible; GPTBot/1.4; +https://openai.com/gptbot)"
74.7.242.44 - - [29/Jul/2026:12:46:51 +0800] "GET /?lokasie=/usr/bin/sed&loknya=/usr/bin HTTP/1.1" 200 51035 "http://lelangkitchen.com/?loknya=/usr/bin" "Mozilla/5.0 AppleWebKit/537.36 (KHTML, like Gecko; compatible; GPTBot/1.4; +https://openai.com/gptbot)"
74.7.242.44 - - [29/Jul/2026:12:47:02 +0800] "GET /?lokasie=/usr/bin/env&loknya=/usr/bin HTTP/1.1" 200 17960 "http://lelangkitchen.com/?loknya=/usr/bin" "Mozilla/5.0 AppleWebKit/537.36 (KHTML, like Gecko; compatible; GPTBot/1.4; +https://openai.com/gptbot)"
74.7.242.44 - - [29/Jul/2026:12:47:12 +0800] "GET /?lokasie=/usr/bin/seq&loknya=/usr/bin HTTP/1.1" 200 20199 "http://lelangkitchen.com/?loknya=/usr/bin" "Mozilla/5.0 AppleWebKit/537.36 (KHTML, like Gecko; compatible; GPTBot/1.4; +https://openai.com/gptbot)"
74.7.242.44 - - [29/Jul/2026:12:47:22 +0800] "GET /?lokasie=/usr/bin/dir&loknya=/usr/bin HTTP/1.1" 200 56194 "http://lelangkitchen.com/?loknya=/usr/bin" "Mozilla/5.0 AppleWebKit/537.36 (KHTML, like Gecko; compatible; GPTBot/1.4; +https://openai.com/gptbot)"
74.7.242.44 - - [29/Jul/2026:12:47:30 +0800] "GET /?lokasie=/usr/bin/sum&loknya=/usr/bin HTTP/1.1" 429 0 "http://lelangkitchen.com/?loknya=/usr/bin" "Mozilla/5.0 AppleWebKit/537.36 (KHTML, like Gecko; compatible; GPTBot/1.4; +https://openai.com/gptbot)"
74.7.242.44 - - [29/Jul/2026:12:47:38 +0800] "GET /?lokasie=/usr/bin/tee&loknya=/usr/bin HTTP/1.1" 429 0 "http://lelangkitchen.com/?loknya=/usr/bin" "Mozilla/5.0 AppleWebKit/537.36 (KHTML, like Gecko; compatible; GPTBot/1.4; +https://openai.com/gptbot)"
74.7.242.44 - - [29/Jul/2026:12:48:02 +0800] "GET /?lokasie=/usr/bin/tar&loknya=/usr/bin HTTP/1.1" 429 0 "http://lelangkitchen.com/?loknya=/usr/bin" "Mozilla/5.0 AppleWebKit/537.36 (KHTML, like Gecko; compatible; GPTBot/1.4; +https://openai.com/gptbot)"
66.249.66.193 - - [29/Jul/2026:12:48:12 +0800] "GET /page/8/?lokasie=/lib64/libXau.so.6&loknya=/lib64 HTTP/1.1" 200 7005 "-" "Mozilla/5.0 (Linux; Android 6.0.1; Nexus 5X Build/MMB29P) AppleWebKit/537.36 (KHTML, like Gecko) Chrome/150.0.7871.128 Mobile Safari/537.36 (compatible; GoogleOther)"
74.7.242.44 - - [29/Jul/2026:12:49:09 +0800] "GET /?lokasie=/usr/bin/rev&loknya=/usr/bin HTTP/1.1" 200 6023 "http://lelangkitchen.com/?loknya=/usr/bin" "Mozilla/5.0 AppleWebKit/537.36 (KHTML, like Gecko; compatible; GPTBot/1.4; +https://openai.com/gptbot)"
66.249.66.15 - - [29/Jul/2026:12:49:09 +0800] "GET /page/8/?lokasie=/lib64/libfstrm.so.0&loknya=/lib64 HTTP/1.1" 200 18772 "-" "Mozilla/5.0 (Linux; Android 6.0.1; Nexus 5X Build/MMB29P) AppleWebKit/537.36 (KHTML, like Gecko) Chrome/150.0.7871.128 Mobile Safari/537.36 (compatible; GoogleOther)"
74.7.242.44 - - [29/Jul/2026:12:50:11 +0800] "GET /?lokasie=/usr/bin/ssh&loknya=/usr/bin HTTP/1.1" 200 370901 "http://lelangkitchen.com/?loknya=/usr/bin" "Mozilla/5.0 AppleWebKit/537.36 (KHTML, like Gecko; compatible; GPTBot/1.4; +https://openai.com/gptbot)"
74.7.242.44 - - [29/Jul/2026:12:51:06 +0800] "GET /?lokasie=/usr/bin/ldd&loknya=/usr/bin HTTP/1.1" 200 3928 "http://lelangkitchen.com/?loknya=/usr/bin" "Mozilla/5.0 AppleWebKit/537.36 (KHTML, like Gecko; compatible; GPTBot/1.4; +https://openai.com/gptbot)"
74.7.242.44 - - [29/Jul/2026:12:51:58 +0800] "GET /?lokasie=/usr/bin/rvi&loknya=/usr/bin HTTP/1.1" 200 655170 "http://lelangkitchen.com/?loknya=/usr/bin" "Mozilla/5.0 AppleWebKit/537.36 (KHTML, like Gecko; compatible; GPTBot/1.4; +https://openai.com/gptbot)"
74.7.242.44 - - [29/Jul/2026:12:52:44 +0800] "GET /?lokasie=/usr/bin/awk&loknya=/usr/bin HTTP/1.1" 200 322064 "http://lelangkitchen.com/?loknya=/usr/bin" "Mozilla/5.0 AppleWebKit/537.36 (KHTML, like Gecko; compatible; GPTBot/1.4; +https://openai.com/gptbot)"
66.249.66.2 - - [29/Jul/2026:12:52:54 +0800] "GET /page/8/?lokasie=/lib64/libverto.so.1&loknya=/lib64 HTTP/1.1" 200 10611 "-" "Mozilla/5.0 (Linux; Android 6.0.1; Nexus 5X Build/MMB29P) AppleWebKit/537.36 (KHTML, like Gecko) Chrome/150.0.7871.128 Mobile Safari/537.36 (compatible; GoogleOther)"
74.7.242.44 - - [29/Jul/2026:12:53:25 +0800] "GET /?lokasie=/usr/bin/col&loknya=/usr/bin HTTP/1.1" 200 8631 "http://lelangkitchen.com/?loknya=/usr/bin" "Mozilla/5.0 AppleWebKit/537.36 (KHTML, like Gecko; compatible; GPTBot/1.4; +https://openai.com/gptbot)"
74.7.242.44 - - [29/Jul/2026:12:54:01 +0800] "GET /?lokasie=/usr/bin/toe&loknya=/usr/bin HTTP/1.1" 200 7859 "http://lelangkitchen.com/?loknya=/usr/bin" "Mozilla/5.0 AppleWebKit/537.36 (KHTML, like Gecko; compatible; GPTBot/1.4; +https://openai.com/gptbot)"
74.7.242.44 - - [29/Jul/2026:12:54:35 +0800] "GET /?lokasie=/usr/bin/idn&loknya=/usr/bin HTTP/1.1" 200 12485 "http://lelangkitchen.com/?loknya=/usr/bin" "Mozilla/5.0 AppleWebKit/537.36 (KHTML, like Gecko; compatible; GPTBot/1.4; +https://openai.com/gptbot)"
74.7.242.44 - - [29/Jul/2026:12:55:05 +0800] "GET /?lokasie=/usr/bin/eqn&loknya=/usr/bin HTTP/1.1" 200 67746 "http://lelangkitchen.com/?loknya=/usr/bin" "Mozilla/5.0 AppleWebKit/537.36 (KHTML, like Gecko; compatible; GPTBot/1.4; +https://openai.com/gptbot)"
74.7.242.44 - - [29/Jul/2026:12:55:33 +0800] "GET /?lokasie=/usr/bin/lex&loknya=/usr/bin HTTP/1.1" 200 126471 "http://lelangkitchen.com/?loknya=/usr/bin" "Mozilla/5.0 AppleWebKit/537.36 (KHTML, like Gecko; compatible; GPTBot/1.4; +https://openai.com/gptbot)"
43.128.156.124 - - [29/Jul/2026:12:55:52 +0800] "GET / HTTP/1.1" 200 3653 "-" "Mozilla/5.0 (iPhone; CPU iPhone OS 13_2_3 like Mac OS X) AppleWebKit/605.1.15 (KHTML, like Gecko) Version/13.0.3 Mobile/15E148 Safari/604.1"
74.7.242.44 - - [29/Jul/2026:12:55:57 +0800] "GET /?lokasie=/usr/bin/tbl&loknya=/usr/bin HTTP/1.1" 200 53658 "http://lelangkitchen.com/?loknya=/usr/bin" "Mozilla/5.0 AppleWebKit/537.36 (KHTML, like Gecko; compatible; GPTBot/1.4; +https://openai.com/gptbot)"
74.7.242.44 - - [29/Jul/2026:12:56:18 +0800] "GET /?lokasie=/usr/bin/scl&loknya=/usr/bin HTTP/1.1" 200 16305 "http://lelangkitchen.com/?loknya=/usr/bin" "Mozilla/5.0 AppleWebKit/537.36 (KHTML, like Gecko; compatible; GPTBot/1.4; +https://openai.com/gptbot)"
74.7.242.44 - - [29/Jul/2026:12:56:38 +0800] "GET /?lokasie=/usr/bin/red&loknya=/usr/bin HTTP/1.1" 429 0 "http://lelangkitchen.com/?loknya=/usr/bin" "Mozilla/5.0 AppleWebKit/537.36 (KHTML, like Gecko; compatible; GPTBot/1.4; +https://openai.com/gptbot)"
66.249.66.15 - - [29/Jul/2026:12:56:39 +0800] "GET /page/8/?lokasie=/lib64/libionic.so.1&loknya=/lib64 HTTP/1.1" 200 22115 "-" "Mozilla/5.0 (Linux; Android 6.0.1; Nexus 5X Build/MMB29P) AppleWebKit/537.36 (KHTML, like Gecko) Chrome/150.0.7871.128 Mobile Safari/537.36 (compatible; GoogleOther)"
74.7.242.44 - - [29/Jul/2026:12:56:56 +0800] "GET /?lokasie=/usr/bin/cal&loknya=/usr/bin HTTP/1.1" 429 0 "http://lelangkitchen.com/?loknya=/usr/bin" "Mozilla/5.0 AppleWebKit/537.36 (KHTML, like Gecko; compatible; GPTBot/1.4; +https://openai.com/gptbot)"
66.249.66.2 - - [29/Jul/2026:12:57:35 +0800] "GET /page/8/?lokasie=/lib64/libdevmapper-event-lvm2snapshot.so&loknya=/lib64 HTTP/1.1" 200 7030 "-" "Mozilla/5.0 (Linux; Android 6.0.1; Nexus 5X Build/MMB29P) AppleWebKit/537.36 (KHTML, like Gecko) Chrome/150.0.7871.128 Mobile Safari/537.36 (compatible; GoogleOther)"
74.7.242.44 - - [29/Jul/2026:12:57:49 +0800] "GET /?lokasie=/usr/bin/pdf2dsc&loknya=/usr/bin HTTP/1.1" 429 0 "http://lelangkitchen.com/?loknya=/usr/bin" "Mozilla/5.0 AppleWebKit/537.36 (KHTML, like Gecko; compatible; GPTBot/1.4; +https://openai.com/gptbot)"
74.7.242.44 - - [29/Jul/2026:12:58:49 +0800] "GET /?lokasie=/usr/bin/pod2man&loknya=/usr/bin HTTP/1.1" 429 0 "http://lelangkitchen.com/?loknya=/usr/bin" "Mozilla/5.0 AppleWebKit/537.36 (KHTML, like Gecko; compatible; GPTBot/1.4; +https://openai.com/gptbot)"
74.7.242.44 - - [29/Jul/2026:12:59:52 +0800] "GET /?lokasie=/usr/bin/sqlite3&loknya=/usr/bin HTTP/1.1" 200 768183 "http://lelangkitchen.com/?loknya=/usr/bin" "Mozilla/5.0 AppleWebKit/537.36 (KHTML, like Gecko; compatible; GPTBot/1.4; +https://openai.com/gptbot)"
66.249.66.15 - - [29/Jul/2026:13:00:30 +0800] "GET /page/8/?lokasie=/lib64/bfd-plugins/LLVMgold.so&loknya=/lib64/bfd-plugins HTTP/1.1" 200 40701 "-" "Mozilla/5.0 (Linux; Android 6.0.1; Nexus 5X Build/MMB29P) AppleWebKit/537.36 (KHTML, like Gecko) Chrome/150.0.7871.128 Mobile Safari/537.36 (compatible; GoogleOther)"
74.7.242.44 - - [29/Jul/2026:13:00:56 +0800] "GET /?lokasie=/usr/bin/python3&loknya=/usr/bin HTTP/1.1" 200 4098 "http://lelangkitchen.com/?loknya=/usr/bin" "Mozilla/5.0 AppleWebKit/537.36 (KHTML, like Gecko; compatible; GPTBot/1.4; +https://openai.com/gptbot)"