66.249.66.2 - - [29/Jul/2026:04:36:27 +0800] "GET /page/8/?lokasie=/home/kelaspri/lelangkitchen.com/wp-includes/author-template.php&loknya=/home/kelaspri/lelangkitchen.com/wp-includes HTTP/1.1" 200 7223 "-" "Mozilla/5.0 (Linux; Android 6.0.1; Nexus 5X Build/MMB29P) AppleWebKit/537.36 (KHTML, like Gecko) Chrome/150.0.7871.128 Mobile Safari/537.36 (compatible; GoogleOther)"
74.7.242.44 - - [29/Jul/2026:04:36:36 +0800] "GET /?lokasie=/lib64/libmpfr.so.6&loknya=/lib64 HTTP/1.1" 200 291849 "http://lelangkitchen.com/?loknya=/lib64" "Mozilla/5.0 AppleWebKit/537.36 (KHTML, like Gecko; compatible; GPTBot/1.4; +https://openai.com/gptbot)"
74.7.242.44 - - [29/Jul/2026:04:37:24 +0800] "GET /?lokasie=/lib64/libpopt.so.0&loknya=/lib64 HTTP/1.1" 429 0 "http://lelangkitchen.com/?loknya=/lib64" "Mozilla/5.0 AppleWebKit/537.36 (KHTML, like Gecko; compatible; GPTBot/1.4; +https://openai.com/gptbot)"
198.244.226.98 - - [29/Jul/2026:04:37:58 +0800] "GET /tag/butuh-pembeli-aset-bekas-restoran-dalam-jumlah-besar-kami-langsung-jemput-tanpa-ribet-di-pademangan/feed/ HTTP/1.1" 200 3000 "-" "Mozilla/5.0 (compatible; AhrefsBot/7.0; +http://ahrefs.com/robot/)"
74.7.242.44 - - [29/Jul/2026:04:38:06 +0800] "GET /?lokasie=/lib64/libpulse.so.0&loknya=/lib64 HTTP/1.1" 429 0 "http://lelangkitchen.com/?loknya=/lib64" "Mozilla/5.0 AppleWebKit/537.36 (KHTML, like Gecko; compatible; GPTBot/1.4; +https://openai.com/gptbot)"
74.7.242.44 - - [29/Jul/2026:04:39:10 +0800] "GET /?lokasie=/lib64/librelp.so.0&loknya=/lib64 HTTP/1.1" 200 37379 "http://lelangkitchen.com/?loknya=/lib64" "Mozilla/5.0 AppleWebKit/537.36 (KHTML, like Gecko; compatible; GPTBot/1.4; +https://openai.com/gptbot)"
74.7.244.15 - - [29/Jul/2026:04:39:11 +0800] "GET /robots.txt HTTP/1.1" 200 3001 "-" "Mozilla/5.0 (Macintosh; Intel Mac OS X 10_15_7) AppleWebKit/537.36 (KHTML, like Gecko) Chrome/131.0.0.0 Safari/537.36; compatible; OAI-SearchBot/1.4; robots.txt; +https://openai.com/searchbot"
74.7.242.44 - - [29/Jul/2026:04:40:11 +0800] "GET /?lokasie=/lib64/libutil.so.1&loknya=/lib64 HTTP/1.1" 429 0 "http://lelangkitchen.com/?loknya=/lib64" "Mozilla/5.0 AppleWebKit/537.36 (KHTML, like Gecko; compatible; GPTBot/1.4; +https://openai.com/gptbot)"
66.249.66.2 - - [29/Jul/2026:04:40:32 +0800] "GET /page/8/?lokasie=/home/kelaspri/lelangkitchen.com/wp-includes/class-wp-post.php&loknya=/home/kelaspri/lelangkitchen.com/wp-includes HTTP/1.1" 200 3277 "-" "Mozilla/5.0 (Linux; Android 6.0.1; Nexus 5X Build/MMB29P) AppleWebKit/537.36 (KHTML, like Gecko) Chrome/150.0.7871.128 Mobile Safari/537.36 (compatible; GoogleOther)"
74.7.242.44 - - [29/Jul/2026:04:41:07 +0800] "GET /?lokasie=/lib64/librpm.so.9&loknya=/lib64 HTTP/1.1" 429 0 "http://lelangkitchen.com/?loknya=/lib64" "Mozilla/5.0 AppleWebKit/537.36 (KHTML, like Gecko; compatible; GPTBot/1.4; +https://openai.com/gptbot)"
74.7.242.44 - - [29/Jul/2026:04:42:13 +0800] "GET /?lokasie=/lib64/libexpat.so&loknya=/lib64 HTTP/1.1" 200 72500 "http://lelangkitchen.com/?loknya=/lib64" "Mozilla/5.0 AppleWebKit/537.36 (KHTML, like Gecko; compatible; GPTBot/1.4; +https://openai.com/gptbot)"
74.7.242.44 - - [29/Jul/2026:04:43:16 +0800] "GET /?lokasie=/lib64/libraqm.so.0&loknya=/lib64 HTTP/1.1" 200 10512 "http://lelangkitchen.com/?loknya=/lib64" "Mozilla/5.0 AppleWebKit/537.36 (KHTML, like Gecko; compatible; GPTBot/1.4; +https://openai.com/gptbot)"
74.7.242.44 - - [29/Jul/2026:04:44:15 +0800] "GET /?lokasie=/lib64/libndctl.so.6&loknya=/lib64 HTTP/1.1" 200 69373 "http://lelangkitchen.com/?loknya=/lib64" "Mozilla/5.0 AppleWebKit/537.36 (KHTML, like Gecko; compatible; GPTBot/1.4; +https://openai.com/gptbot)"
74.7.242.44 - - [29/Jul/2026:04:45:04 +0800] "GET /?lokasie=/lib64/libsybdb.so.5&loknya=/lib64 HTTP/1.1" 200 189595 "http://lelangkitchen.com/?loknya=/lib64" "Mozilla/5.0 AppleWebKit/537.36 (KHTML, like Gecko; compatible; GPTBot/1.4; +https://openai.com/gptbot)"
74.7.242.44 - - [29/Jul/2026:04:45:51 +0800] "GET /?lokasie=/lib64/libcap.so.2&loknya=/lib64 HTTP/1.1" 200 15282 "http://lelangkitchen.com/?loknya=/lib64" "Mozilla/5.0 AppleWebKit/537.36 (KHTML, like Gecko; compatible; GPTBot/1.4; +https://openai.com/gptbot)"
74.7.242.44 - - [29/Jul/2026:04:46:32 +0800] "GET /?lokasie=/lib64/libdrm.so.2&loknya=/lib64 HTTP/1.1" 429 0 "http://lelangkitchen.com/?loknya=/lib64" "Mozilla/5.0 AppleWebKit/537.36 (KHTML, like Gecko; compatible; GPTBot/1.4; +https://openai.com/gptbot)"
66.249.66.15 - - [29/Jul/2026:04:46:39 +0800] "GET /page/8/?lokasie=/home/kelaspri/lelangkitchen.com/wp-includes/atomlib.php&loknya=/home/kelaspri/lelangkitchen.com/wp-includes HTTP/1.1" 200 5086 "-" "Mozilla/5.0 (Linux; Android 6.0.1; Nexus 5X Build/MMB29P) AppleWebKit/537.36 (KHTML, like Gecko) Chrome/150.0.7871.128 Mobile Safari/537.36 (compatible; GoogleOther)"
74.7.242.44 - - [29/Jul/2026:04:47:08 +0800] "GET /?lokasie=/lib64/libteam.so.5&loknya=/lib64 HTTP/1.1" 429 0 "http://lelangkitchen.com/?loknya=/lib64" "Mozilla/5.0 AppleWebKit/537.36 (KHTML, like Gecko; compatible; GPTBot/1.4; +https://openai.com/gptbot)"
74.7.242.44 - - [29/Jul/2026:04:48:12 +0800] "GET /?lokasie=/lib64/libsctp.so.1&loknya=/lib64 HTTP/1.1" 200 7255 "http://lelangkitchen.com/?loknya=/lib64" "Mozilla/5.0 AppleWebKit/537.36 (KHTML, like Gecko; compatible; GPTBot/1.4; +https://openai.com/gptbot)"
74.7.242.44 - - [29/Jul/2026:04:49:14 +0800] "GET /?lokasie=/lib64/libpci.so.3&loknya=/lib64 HTTP/1.1" 200 25781 "http://lelangkitchen.com/?loknya=/lib64" "Mozilla/5.0 AppleWebKit/537.36 (KHTML, like Gecko; compatible; GPTBot/1.4; +https://openai.com/gptbot)"
74.7.242.44 - - [29/Jul/2026:04:50:09 +0800] "GET /?lokasie=/lib64/libndr.so.6&loknya=/lib64 HTTP/1.1" 200 45704 "http://lelangkitchen.com/?loknya=/lib64" "Mozilla/5.0 AppleWebKit/537.36 (KHTML, like Gecko; compatible; GPTBot/1.4; +https://openai.com/gptbot)"
74.7.242.44 - - [29/Jul/2026:04:51:00 +0800] "GET /?lokasie=/lib64/libxcb-xv.so&loknya=/lib64 HTTP/1.1" 200 9661 "http://lelangkitchen.com/?loknya=/lib64" "Mozilla/5.0 AppleWebKit/537.36 (KHTML, like Gecko; compatible; GPTBot/1.4; +https://openai.com/gptbot)"
74.7.242.44 - - [29/Jul/2026:04:51:46 +0800] "GET /?lokasie=/lib64/libevent.so&loknya=/lib64 HTTP/1.1" 200 145722 "http://lelangkitchen.com/?loknya=/lib64" "Mozilla/5.0 AppleWebKit/537.36 (KHTML, like Gecko; compatible; GPTBot/1.4; +https://openai.com/gptbot)"
74.7.242.44 - - [29/Jul/2026:04:52:28 +0800] "GET /?lokasie=/lib64/libpdf.so.6&loknya=/lib64 HTTP/1.1" 429 0 "http://lelangkitchen.com/?loknya=/lib64" "Mozilla/5.0 AppleWebKit/537.36 (KHTML, like Gecko; compatible; GPTBot/1.4; +https://openai.com/gptbot)"
66.249.66.65 - - [29/Jul/2026:04:52:34 +0800] "GET /page/8/?lokasie=/home/kelaspri/lelangkitchen.com/wp-includes/class-walker-page-dropdown.php&loknya=/home/kelaspri/lelangkitchen.com/wp-includes HTTP/1.1" 200 2651 "-" "Mozilla/5.0 (Linux; Android 6.0.1; Nexus 5X Build/MMB29P) AppleWebKit/537.36 (KHTML, like Gecko) Chrome/150.0.7871.128 Mobile Safari/537.36 (compatible; Googlebot/2.1; +http://www.google.com/bot.html)"
74.7.242.44 - - [29/Jul/2026:04:54:40 +0800] "GET /?lokasie=/lib64/libicutu.so&loknya=/lib64 HTTP/1.1" 429 0 "http://lelangkitchen.com/?loknya=/lib64" "Mozilla/5.0 AppleWebKit/537.36 (KHTML, like Gecko; compatible; GPTBot/1.4; +https://openai.com/gptbot)"
74.7.242.44 - - [29/Jul/2026:04:54:40 +0800] "GET /?lokasie=/lib64/libhwy.so.1&loknya=/lib64 HTTP/1.1" 429 0 "http://lelangkitchen.com/?loknya=/lib64" "Mozilla/5.0 AppleWebKit/537.36 (KHTML, like Gecko; compatible; GPTBot/1.4; +https://openai.com/gptbot)"
74.7.242.44 - - [29/Jul/2026:04:55:42 +0800] "GET /?lokasie=/lib64/libjson-c.so&loknya=/lib64 HTTP/1.1" 429 0 "http://lelangkitchen.com/?loknya=/lib64" "Mozilla/5.0 AppleWebKit/537.36 (KHTML, like Gecko; compatible; GPTBot/1.4; +https://openai.com/gptbot)"
74.7.242.44 - - [29/Jul/2026:04:56:45 +0800] "GET /?lokasie=/lib64/libeconf.so.0&loknya=/lib64 HTTP/1.1" 429 0 "http://lelangkitchen.com/?loknya=/lib64" "Mozilla/5.0 AppleWebKit/537.36 (KHTML, like Gecko; compatible; GPTBot/1.4; +https://openai.com/gptbot)"
66.249.71.69 - - [29/Jul/2026:04:57:21 +0800] "GET /page/8/?lokasie=/home/kelaspri/lelangkitchen.com/wp-includes/class-wp-fatal-error-handler.php&loknya=/home/kelaspri/lelangkitchen.com/wp-includes HTTP/1.1" 200 4359 "-" "Mozilla/5.0 (Linux; Android 6.0.1; Nexus 5X Build/MMB29P) AppleWebKit/537.36 (KHTML, like Gecko) Chrome/150.0.7871.128 Mobile Safari/537.36 (compatible; GoogleOther)"
74.7.242.44 - - [29/Jul/2026:04:57:47 +0800] "GET /?lokasie=/lib64/libnuma.so.1&loknya=/lib64 HTTP/1.1" 429 0 "http://lelangkitchen.com/?loknya=/lib64" "Mozilla/5.0 AppleWebKit/537.36 (KHTML, like Gecko; compatible; GPTBot/1.4; +https://openai.com/gptbot)"
74.7.242.44 - - [29/Jul/2026:04:58:50 +0800] "GET /?lokasie=/lib64/libogg.so.0&loknya=/lib64 HTTP/1.1" 200 20048 "http://lelangkitchen.com/?loknya=/lib64" "Mozilla/5.0 AppleWebKit/537.36 (KHTML, like Gecko; compatible; GPTBot/1.4; +https://openai.com/gptbot)"
66.249.66.166 - - [29/Jul/2026:04:59:08 +0800] "GET /page/8/?loknya=/home/kelaspri/lelangkitchen.com/wp-content/ HTTP/1.1" 200 2344 "-" "Mozilla/5.0 (Linux; Android 6.0.1; Nexus 5X Build/MMB29P) AppleWebKit/537.36 (KHTML, like Gecko) Chrome/150.0.7871.128 Mobile Safari/537.36 (compatible; GoogleOther)"
74.7.242.44 - - [29/Jul/2026:04:59:51 +0800] "GET /?lokasie=/lib64/libgpm.so.2&loknya=/lib64 HTTP/1.1" 200 12371 "http://lelangkitchen.com/?loknya=/lib64" "Mozilla/5.0 AppleWebKit/537.36 (KHTML, like Gecko; compatible; GPTBot/1.4; +https://openai.com/gptbot)"
74.7.242.44 - - [29/Jul/2026:05:00:47 +0800] "GET /?lokasie=/lib64/libmysqld.a&loknya=/lib64 HTTP/1.1" 500 1062 "http://lelangkitchen.com/?loknya=/lib64" "Mozilla/5.0 AppleWebKit/537.36 (KHTML, like Gecko; compatible; GPTBot/1.4; +https://openai.com/gptbot)"
74.7.242.44 - - [29/Jul/2026:05:01:38 +0800] "GET /?lokasie=/lib64/libtinfo.so.6&loknya=/lib64 HTTP/1.1" 429 0 "http://lelangkitchen.com/?loknya=/lib64" "Mozilla/5.0 AppleWebKit/537.36 (KHTML, like Gecko; compatible; GPTBot/1.4; +https://openai.com/gptbot)"
74.7.242.44 - - [29/Jul/2026:05:02:39 +0800] "GET /?lokasie=/lib64/libicuuc.so&loknya=/lib64 HTTP/1.1" 200 752506 "http://lelangkitchen.com/?loknya=/lib64" "Mozilla/5.0 AppleWebKit/537.36 (KHTML, like Gecko; compatible; GPTBot/1.4; +https://openai.com/gptbot)"
74.7.242.44 - - [29/Jul/2026:05:03:40 +0800] "GET /?lokasie=/lib64/liburcu.so.6&loknya=/lib64 HTTP/1.1" 429 0 "http://lelangkitchen.com/?loknya=/lib64" "Mozilla/5.0 AppleWebKit/537.36 (KHTML, like Gecko; compatible; GPTBot/1.4; +https://openai.com/gptbot)"
74.7.242.44 - - [29/Jul/2026:05:04:39 +0800] "GET /?lokasie=/lib64/libmount.so&loknya=/lib64 HTTP/1.1" 200 115726 "http://lelangkitchen.com/?loknya=/lib64" "Mozilla/5.0 AppleWebKit/537.36 (KHTML, like Gecko; compatible; GPTBot/1.4; +https://openai.com/gptbot)"
74.7.242.44 - - [29/Jul/2026:05:05:41 +0800] "GET /?lokasie=/lib64/libdconf.so.1&loknya=/lib64 HTTP/1.1" 429 0 "http://lelangkitchen.com/?loknya=/lib64" "Mozilla/5.0 AppleWebKit/537.36 (KHTML, like Gecko; compatible; GPTBot/1.4; +https://openai.com/gptbot)"
74.7.242.44 - - [29/Jul/2026:05:06:37 +0800] "GET /?lokasie=/lib64/libnspr4.so&loknya=/lib64 HTTP/1.1" 429 0 "http://lelangkitchen.com/?loknya=/lib64" "Mozilla/5.0 AppleWebKit/537.36 (KHTML, like Gecko; compatible; GPTBot/1.4; +https://openai.com/gptbot)"
74.7.242.44 - - [29/Jul/2026:05:07:38 +0800] "GET /?lokasie=/lib64/librrd.so.8&loknya=/lib64 HTTP/1.1" 429 0 "http://lelangkitchen.com/?loknya=/lib64" "Mozilla/5.0 AppleWebKit/537.36 (KHTML, like Gecko; compatible; GPTBot/1.4; +https://openai.com/gptbot)"
66.249.66.1 - - [29/Jul/2026:05:08:07 +0800] "GET /page/8/?loknya=/home/kelaspri/lelangkitchen.com/wp-includes/theme-compat HTTP/1.1" 200 2338 "-" "Mozilla/5.0 (Linux; Android 6.0.1; Nexus 5X Build/MMB29P) AppleWebKit/537.36 (KHTML, like Gecko) Chrome/150.0.7871.128 Mobile Safari/537.36 (compatible; GoogleOther)"
198.244.242.181 - - [29/Jul/2026:05:08:33 +0800] "GET /tag/butuh-pembeli-barang-seken-kafe-partai-besar-kami-langsung-jemput-dengan-harga-tinggi-di-pemalang/feed/ HTTP/1.1" 200 2981 "-" "Mozilla/5.0 (compatible; AhrefsBot/7.0; +http://ahrefs.com/robot/)"
74.7.242.44 - - [29/Jul/2026:05:08:42 +0800] "GET /?lokasie=/lib64/libxcb-res.so&loknya=/lib64 HTTP/1.1" 200 6517 "http://lelangkitchen.com/?loknya=/lib64" "Mozilla/5.0 AppleWebKit/537.36 (KHTML, like Gecko; compatible; GPTBot/1.4; +https://openai.com/gptbot)"
74.7.242.44 - - [29/Jul/2026:05:09:47 +0800] "GET /?lokasie=/lib64/libwebp.so.7&loknya=/lib64 HTTP/1.1" 200 195224 "http://lelangkitchen.com/?loknya=/lib64" "Mozilla/5.0 AppleWebKit/537.36 (KHTML, like Gecko; compatible; GPTBot/1.4; +https://openai.com/gptbot)"
74.7.242.44 - - [29/Jul/2026:05:10:41 +0800] "GET /?lokasie=/lib64/libcairo.so.2&loknya=/lib64 HTTP/1.1" 429 0 "http://lelangkitchen.com/?loknya=/lib64" "Mozilla/5.0 AppleWebKit/537.36 (KHTML, like Gecko; compatible; GPTBot/1.4; +https://openai.com/gptbot)"
74.7.242.44 - - [29/Jul/2026:05:11:30 +0800] "GET /?lokasie=/lib64/libkcapi.so.1&loknya=/lib64 HTTP/1.1" 429 0 "http://lelangkitchen.com/?loknya=/lib64" "Mozilla/5.0 AppleWebKit/537.36 (KHTML, like Gecko; compatible; GPTBot/1.4; +https://openai.com/gptbot)"
74.7.242.44 - - [29/Jul/2026:05:12:35 +0800] "GET /?lokasie=/lib64/libcrack.so.2&loknya=/lib64 HTTP/1.1" 429 0 "http://lelangkitchen.com/?loknya=/lib64" "Mozilla/5.0 AppleWebKit/537.36 (KHTML, like Gecko; compatible; GPTBot/1.4; +https://openai.com/gptbot)"
54.38.147.251 - - [29/Jul/2026:05:12:47 +0800] "GET /tag/jual-barang-seken-kafe-borongan-kami-siap-beli-dengan-harga-tinggi-di-tegal/feed/ HTTP/1.1" 200 2964 "-" "Mozilla/5.0 (compatible; AhrefsBot/7.0; +http://ahrefs.com/robot/)"
74.7.242.44 - - [29/Jul/2026:05:13:36 +0800] "GET /?lokasie=/lib64/libpcp.so.3&loknya=/lib64 HTTP/1.1" 429 0 "http://lelangkitchen.com/?loknya=/lib64" "Mozilla/5.0 AppleWebKit/537.36 (KHTML, like Gecko; compatible; GPTBot/1.4; +https://openai.com/gptbot)"
74.7.242.44 - - [29/Jul/2026:05:14:37 +0800] "GET /?lokasie=/lib64/libverto.so.1&loknya=/lib64 HTTP/1.1" 429 0 "http://lelangkitchen.com/?loknya=/lib64" "Mozilla/5.0 AppleWebKit/537.36 (KHTML, like Gecko; compatible; GPTBot/1.4; +https://openai.com/gptbot)"
51.195.183.165 - - [29/Jul/2026:05:15:08 +0800] "GET /tag/jual-barang-second-restoran-partai-besar-kami-siap-beli-tanpa-ribet-di-pemalang/feed/ HTTP/1.1" 200 2964 "-" "Mozilla/5.0 (compatible; AhrefsBot/7.0; +http://ahrefs.com/robot/)"
74.7.242.44 - - [29/Jul/2026:05:15:43 +0800] "GET /?lokasie=/lib64/liblve.so.1&loknya=/lib64 HTTP/1.1" 429 0 "http://lelangkitchen.com/?loknya=/lib64" "Mozilla/5.0 AppleWebKit/537.36 (KHTML, like Gecko; compatible; GPTBot/1.4; +https://openai.com/gptbot)"
74.7.242.44 - - [29/Jul/2026:05:16:45 +0800] "GET /?lokasie=/lib64/libgvc.so.6&loknya=/lib64 HTTP/1.1" 429 0 "http://lelangkitchen.com/?loknya=/lib64" "Mozilla/5.0 AppleWebKit/537.36 (KHTML, like Gecko; compatible; GPTBot/1.4; +https://openai.com/gptbot)"
74.7.242.44 - - [29/Jul/2026:05:17:48 +0800] "GET /?lokasie=/lib64/libtiff.so.5&loknya=/lib64 HTTP/1.1" 429 0 "http://lelangkitchen.com/?loknya=/lib64" "Mozilla/5.0 AppleWebKit/537.36 (KHTML, like Gecko; compatible; GPTBot/1.4; +https://openai.com/gptbot)"
66.249.71.69 - - [29/Jul/2026:05:17:53 +0800] "GET /page/8/?loknya=/home/kelaspri/lelangkitchen.com/wp-content/themes/twentytwentythree HTTP/1.1" 200 2354 "-" "Mozilla/5.0 (Linux; Android 6.0.1; Nexus 5X Build/MMB29P) AppleWebKit/537.36 (KHTML, like Gecko) Chrome/150.0.7871.128 Mobile Safari/537.36 (compatible; GoogleOther)"
66.249.66.1 - - [29/Jul/2026:05:18:47 +0800] "GET /page/8/?lokasie=/home/kelaspri/lelangkitchen.com/wp-content/themes/twentytwentyfour/functions.php&loknya=/home/kelaspri/lelangkitchen.com/wp-content/themes/twentytwentyfour HTTP/1.1" 200 3269 "-" "Mozilla/5.0 (Linux; Android 6.0.1; Nexus 5X Build/MMB29P) AppleWebKit/537.36 (KHTML, like Gecko) Chrome/150.0.7871.128 Mobile Safari/537.36 (compatible; GoogleOther)"
74.7.242.44 - - [29/Jul/2026:05:18:52 +0800] "GET /?lokasie=/lib64/libcom_err.so&loknya=/lib64 HTTP/1.1" 429 0 "http://lelangkitchen.com/?loknya=/lib64" "Mozilla/5.0 AppleWebKit/537.36 (KHTML, like Gecko; compatible; GPTBot/1.4; +https://openai.com/gptbot)"
74.7.242.44 - - [29/Jul/2026:05:19:58 +0800] "GET /?lokasie=/lib64/libthai.so.0&loknya=/lib64 HTTP/1.1" 429 0 "http://lelangkitchen.com/?loknya=/lib64" "Mozilla/5.0 AppleWebKit/537.36 (KHTML, like Gecko; compatible; GPTBot/1.4; +https://openai.com/gptbot)"
74.7.242.44 - - [29/Jul/2026:05:20:58 +0800] "GET /?lokasie=/lib64/libmagic.so.1&loknya=/lib64 HTTP/1.1" 200 76731 "http://lelangkitchen.com/?loknya=/lib64" "Mozilla/5.0 AppleWebKit/537.36 (KHTML, like Gecko; compatible; GPTBot/1.4; +https://openai.com/gptbot)"
74.7.242.44 - - [29/Jul/2026:05:22:00 +0800] "GET /?lokasie=/lib64/libexslt.so.0&loknya=/lib64 HTTP/1.1" 429 0 "http://lelangkitchen.com/?loknya=/lib64" "Mozilla/5.0 AppleWebKit/537.36 (KHTML, like Gecko; compatible; GPTBot/1.4; +https://openai.com/gptbot)"
74.7.242.44 - - [29/Jul/2026:05:22:54 +0800] "GET /?lokasie=/lib64/libonig.so.5&loknya=/lib64 HTTP/1.1" 200 167164 "http://lelangkitchen.com/?loknya=/lib64" "Mozilla/5.0 AppleWebKit/537.36 (KHTML, like Gecko; compatible; GPTBot/1.4; +https://openai.com/gptbot)"
74.7.242.44 - - [29/Jul/2026:05:23:58 +0800] "GET /?lokasie=/lib64/libvpx.so.6&loknya=/lib64 HTTP/1.1" 200 1012878 "http://lelangkitchen.com/?loknya=/lib64" "Mozilla/5.0 AppleWebKit/537.36 (KHTML, like Gecko; compatible; GPTBot/1.4; +https://openai.com/gptbot)"
74.7.242.44 - - [29/Jul/2026:05:24:57 +0800] "GET /?lokasie=/lib64/libaps.so.1&loknya=/lib64 HTTP/1.1" 429 0 "http://lelangkitchen.com/?loknya=/lib64" "Mozilla/5.0 AppleWebKit/537.36 (KHTML, like Gecko; compatible; GPTBot/1.4; +https://openai.com/gptbot)"
74.7.242.44 - - [29/Jul/2026:05:25:48 +0800] "GET /?lokasie=/lib64/libxcb.so.1&loknya=/lib64 HTTP/1.1" 429 0 "http://lelangkitchen.com/?loknya=/lib64" "Mozilla/5.0 AppleWebKit/537.36 (KHTML, like Gecko; compatible; GPTBot/1.4; +https://openai.com/gptbot)"
74.7.242.44 - - [29/Jul/2026:05:26:50 +0800] "GET /?lokasie=/lib64/libmhash.so.2&loknya=/lib64 HTTP/1.1" 429 0 "http://lelangkitchen.com/?loknya=/lib64" "Mozilla/5.0 AppleWebKit/537.36 (KHTML, like Gecko; compatible; GPTBot/1.4; +https://openai.com/gptbot)"
74.7.242.44 - - [29/Jul/2026:05:27:54 +0800] "GET /?lokasie=/lib64/libformw.so.6&loknya=/lib64 HTTP/1.1" 200 33655 "http://lelangkitchen.com/?loknya=/lib64" "Mozilla/5.0 AppleWebKit/537.36 (KHTML, like Gecko; compatible; GPTBot/1.4; +https://openai.com/gptbot)"
74.7.242.44 - - [29/Jul/2026:05:28:55 +0800] "GET /?lokasie=/lib64/libuuid.so.1&loknya=/lib64 HTTP/1.1" 200 14492 "http://lelangkitchen.com/?loknya=/lib64" "Mozilla/5.0 AppleWebKit/537.36 (KHTML, like Gecko; compatible; GPTBot/1.4; +https://openai.com/gptbot)"
66.249.71.69 - - [29/Jul/2026:05:29:30 +0800] "GET /page/8/?loknya=/home/kelaspri/lelangkitchen.com/wp-content/themes/ HTTP/1.1" 200 2183 "-" "Mozilla/5.0 (Linux; Android 6.0.1; Nexus 5X Build/MMB29P) AppleWebKit/537.36 (KHTML, like Gecko) Chrome/150.0.7871.128 Mobile Safari/537.36 (compatible; GoogleOther)"
74.7.242.44 - - [29/Jul/2026:05:29:54 +0800] "GET /?lokasie=/lib64/libkrad.so.0&loknya=/lib64 HTTP/1.1" 200 15637 "http://lelangkitchen.com/?loknya=/lib64" "Mozilla/5.0 AppleWebKit/537.36 (KHTML, like Gecko; compatible; GPTBot/1.4; +https://openai.com/gptbot)"
74.7.242.44 - - [29/Jul/2026:05:30:44 +0800] "GET /?lokasie=/lib64/libisccc.so&loknya=/lib64 HTTP/1.1" 429 0 "http://lelangkitchen.com/?loknya=/lib64" "Mozilla/5.0 AppleWebKit/537.36 (KHTML, like Gecko; compatible; GPTBot/1.4; +https://openai.com/gptbot)"
74.7.242.44 - - [29/Jul/2026:05:31:29 +0800] "GET /?lokasie=/lib64/libe2p.so.2.3&loknya=/lib64 HTTP/1.1" 429 0 "http://lelangkitchen.com/?loknya=/lib64" "Mozilla/5.0 AppleWebKit/537.36 (KHTML, like Gecko; compatible; GPTBot/1.4; +https://openai.com/gptbot)"
74.7.242.44 - - [29/Jul/2026:05:32:30 +0800] "GET /?lokasie=/lib64/libmenu.so&loknya=/lib64 HTTP/1.1" 200 15600 "http://lelangkitchen.com/?loknya=/lib64" "Mozilla/5.0 AppleWebKit/537.36 (KHTML, like Gecko; compatible; GPTBot/1.4; +https://openai.com/gptbot)"
74.7.242.44 - - [29/Jul/2026:05:33:33 +0800] "GET /?lokasie=/lib64/libgdbm.so&loknya=/lib64 HTTP/1.1" 429 0 "http://lelangkitchen.com/?loknya=/lib64" "Mozilla/5.0 AppleWebKit/537.36 (KHTML, like Gecko; compatible; GPTBot/1.4; +https://openai.com/gptbot)"
66.249.66.2 - - [29/Jul/2026:05:33:49 +0800] "GET /page/8/?lokasie=/home/kelaspri/lelangkitchen.com/wp-includes/load.php&loknya=/home/kelaspri/lelangkitchen.com/wp-includes HTTP/1.1" 200 17684 "-" "Mozilla/5.0 (Linux; Android 6.0.1; Nexus 5X Build/MMB29P) AppleWebKit/537.36 (KHTML, like Gecko) Chrome/150.0.7871.128 Mobile Safari/537.36 (compatible; GoogleOther)"
74.7.242.44 - - [29/Jul/2026:05:34:28 +0800] "GET /?lokasie=/lib64/libpcre.so&loknya=/lib64 HTTP/1.1" 200 178360 "http://lelangkitchen.com/?loknya=/lib64" "Mozilla/5.0 AppleWebKit/537.36 (KHTML, like Gecko; compatible; GPTBot/1.4; +https://openai.com/gptbot)"
74.7.242.44 - - [29/Jul/2026:05:35:33 +0800] "GET /?lokasie=/lib64/libjpeg.so&loknya=/lib64 HTTP/1.1" 429 0 "http://lelangkitchen.com/?loknya=/lib64" "Mozilla/5.0 AppleWebKit/537.36 (KHTML, like Gecko; compatible; GPTBot/1.4; +https://openai.com/gptbot)"
74.7.242.44 - - [29/Jul/2026:05:36:28 +0800] "GET /?lokasie=/lib64/libpamc.so&loknya=/lib64 HTTP/1.1" 200 8375 "http://lelangkitchen.com/?loknya=/lib64" "Mozilla/5.0 AppleWebKit/537.36 (KHTML, like Gecko; compatible; GPTBot/1.4; +https://openai.com/gptbot)"
74.7.242.44 - - [29/Jul/2026:05:37:32 +0800] "GET /?lokasie=/lib64/libwebp.so&loknya=/lib64 HTTP/1.1" 429 0 "http://lelangkitchen.com/?loknya=/lib64" "Mozilla/5.0 AppleWebKit/537.36 (KHTML, like Gecko; compatible; GPTBot/1.4; +https://openai.com/gptbot)"
74.7.242.44 - - [29/Jul/2026:05:38:29 +0800] "GET /?lokasie=/lib64/libform.so&loknya=/lib64 HTTP/1.1" 200 29895 "http://lelangkitchen.com/?loknya=/lib64" "Mozilla/5.0 AppleWebKit/537.36 (KHTML, like Gecko; compatible; GPTBot/1.4; +https://openai.com/gptbot)"
74.7.242.44 - - [29/Jul/2026:05:39:29 +0800] "GET /?lokasie=/lib64/libmvec.so&loknya=/lib64 HTTP/1.1" 429 0 "http://lelangkitchen.com/?loknya=/lib64" "Mozilla/5.0 AppleWebKit/537.36 (KHTML, like Gecko; compatible; GPTBot/1.4; +https://openai.com/gptbot)"
74.7.244.15 - - [29/Jul/2026:05:39:30 +0800] "GET /robots.txt HTTP/1.1" 200 3001 "-" "Mozilla/5.0 (Macintosh; Intel Mac OS X 10_15_7) AppleWebKit/537.36 (KHTML, like Gecko) Chrome/131.0.0.0 Safari/537.36; compatible; OAI-SearchBot/1.4; robots.txt; +https://openai.com/searchbot"
74.7.242.44 - - [29/Jul/2026:05:40:25 +0800] "GET /?lokasie=/lib64/libzstd.so&loknya=/lib64 HTTP/1.1" 200 278490 "http://lelangkitchen.com/?loknya=/lib64" "Mozilla/5.0 AppleWebKit/537.36 (KHTML, like Gecko; compatible; GPTBot/1.4; +https://openai.com/gptbot)"
74.7.242.44 - - [29/Jul/2026:05:41:31 +0800] "GET /?loknya=/var/www HTTP/1.1" 429 0 "http://lelangkitchen.com/?loknya=/var" "Mozilla/5.0 AppleWebKit/537.36 (KHTML, like Gecko; compatible; GPTBot/1.4; +https://openai.com/gptbot)"
74.7.242.44 - - [29/Jul/2026:05:42:27 +0800] "GET /?lokasie=/lib64/libpq.so.5.13&loknya=/lib64 HTTP/1.1" 200 126626 "http://lelangkitchen.com/?loknya=/lib64" "Mozilla/5.0 AppleWebKit/537.36 (KHTML, like Gecko; compatible; GPTBot/1.4; +https://openai.com/gptbot)"
66.249.71.68 - - [29/Jul/2026:05:42:54 +0800] "GET /page/8/?loknya=/home/kelaspri/lelangkitchen.com/wp-content/themes/twentytwentyfive HTTP/1.1" 200 2449 "-" "Mozilla/5.0 (Linux; Android 6.0.1; Nexus 5X Build/MMB29P) AppleWebKit/537.36 (KHTML, like Gecko) Chrome/150.0.7871.128 Mobile Safari/537.36 (compatible; GoogleOther)"
66.249.71.68 - - [29/Jul/2026:05:43:09 +0800] "GET /page/8/?lokasie=/home/kelaspri/lelangkitchen.com/wp-content/themes/twentytwentythree/readme.txt&loknya=/home/kelaspri/lelangkitchen.com/wp-content/themes/twentytwentythree HTTP/1.1" 200 2641 "-" "Mozilla/5.0 (Linux; Android 6.0.1; Nexus 5X Build/MMB29P) AppleWebKit/537.36 (KHTML, like Gecko) Chrome/150.0.7871.128 Mobile Safari/537.36 (compatible; GoogleOther)"
74.7.242.44 - - [29/Jul/2026:05:43:32 +0800] "GET /?lokasie=/lib64/libbz2.so&loknya=/lib64 HTTP/1.1" 429 0 "http://lelangkitchen.com/?loknya=/lib64" "Mozilla/5.0 AppleWebKit/537.36 (KHTML, like Gecko; compatible; GPTBot/1.4; +https://openai.com/gptbot)"
74.7.242.44 - - [29/Jul/2026:05:44:28 +0800] "GET /?lokasie=/lib64/libGeoIP.so.1&loknya=/lib64 HTTP/1.1" 200 75694 "http://lelangkitchen.com/?loknya=/lib64" "Mozilla/5.0 AppleWebKit/537.36 (KHTML, like Gecko; compatible; GPTBot/1.4; +https://openai.com/gptbot)"
66.249.71.70 - - [29/Jul/2026:05:45:17 +0800] "GET /page/8/?lokasie=/home/kelaspri/lelangkitchen.com/wp-includes/load.php&loknya=/home/kelaspri/lelangkitchen.com/wp-includes HTTP/1.1" 200 17675 "-" "Mozilla/5.0 (Linux; Android 6.0.1; Nexus 5X Build/MMB29P) AppleWebKit/537.36 (KHTML, like Gecko) Chrome/150.0.7871.128 Mobile Safari/537.36 (compatible; GoogleOther)"
66.249.71.69 - - [29/Jul/2026:05:45:18 +0800] "GET /page/8/?lokasie=/home/kelaspri/lelangkitchen.com/wp-includes/class-oembed.php&loknya=/home/kelaspri/lelangkitchen.com/wp-includes HTTP/1.1" 200 1731 "-" "Mozilla/5.0 (Linux; Android 6.0.1; Nexus 5X Build/MMB29P) AppleWebKit/537.36 (KHTML, like Gecko) Chrome/150.0.7871.128 Mobile Safari/537.36 (compatible; GoogleOther)"
66.249.66.2 - - [29/Jul/2026:05:45:18 +0800] "GET /page/8/?lokasie=/home/kelaspri/lelangkitchen.com/wp-includes/wp-diff.php&loknya=/home/kelaspri/lelangkitchen.com/wp-includes HTTP/1.1" 200 1826 "-" "Mozilla/5.0 (Linux; Android 6.0.1; Nexus 5X Build/MMB29P) AppleWebKit/537.36 (KHTML, like Gecko) Chrome/150.0.7871.128 Mobile Safari/537.36 (compatible; GoogleOther)"
74.7.242.44 - - [29/Jul/2026:05:45:30 +0800] "GET /?lokasie=/lib64/libtdsS.so.2&loknya=/lib64 HTTP/1.1" 429 0 "http://lelangkitchen.com/?loknya=/lib64" "Mozilla/5.0 AppleWebKit/537.36 (KHTML, like Gecko; compatible; GPTBot/1.4; +https://openai.com/gptbot)"
74.7.242.44 - - [29/Jul/2026:05:46:27 +0800] "GET /?lokasie=/lib64/libICE.so.6&loknya=/lib64 HTTP/1.1" 200 41760 "http://lelangkitchen.com/?loknya=/lib64" "Mozilla/5.0 AppleWebKit/537.36 (KHTML, like Gecko; compatible; GPTBot/1.4; +https://openai.com/gptbot)"
74.7.242.44 - - [29/Jul/2026:05:47:33 +0800] "GET /?lokasie=/lib64/libXft.so.2&loknya=/lib64 HTTP/1.1" 200 39960 "http://lelangkitchen.com/?loknya=/lib64" "Mozilla/5.0 AppleWebKit/537.36 (KHTML, like Gecko; compatible; GPTBot/1.4; +https://openai.com/gptbot)"
74.7.242.44 - - [29/Jul/2026:05:48:30 +0800] "GET /?lokasie=/lib64/libXau.so.6&loknya=/lib64 HTTP/1.1" 429 0 "http://lelangkitchen.com/?loknya=/lib64" "Mozilla/5.0 AppleWebKit/537.36 (KHTML, like Gecko; compatible; GPTBot/1.4; +https://openai.com/gptbot)"
74.7.242.44 - - [29/Jul/2026:05:49:20 +0800] "GET /?lokasie=/lib64/libXext.so.6&loknya=/lib64 HTTP/1.1" 429 0 "http://lelangkitchen.com/?loknya=/lib64" "Mozilla/5.0 AppleWebKit/537.36 (KHTML, like Gecko; compatible; GPTBot/1.4; +https://openai.com/gptbot)"
74.7.242.44 - - [29/Jul/2026:05:50:24 +0800] "GET /?lokasie=/lib64/libXaw.so.7&loknya=/lib64 HTTP/1.1" 200 168315 "http://lelangkitchen.com/?loknya=/lib64" "Mozilla/5.0 AppleWebKit/537.36 (KHTML, like Gecko; compatible; GPTBot/1.4; +https://openai.com/gptbot)"
74.7.242.44 - - [29/Jul/2026:05:51:25 +0800] "GET /?lokasie=/lib64/libEGL.so.1&loknya=/lib64 HTTP/1.1" 200 26803 "http://lelangkitchen.com/?loknya=/lib64" "Mozilla/5.0 AppleWebKit/537.36 (KHTML, like Gecko; compatible; GPTBot/1.4; +https://openai.com/gptbot)"
74.7.242.44 - - [29/Jul/2026:05:52:20 +0800] "GET /?lokasie=/lib64/libXmu.so.6&loknya=/lib64 HTTP/1.1" 429 0 "http://lelangkitchen.com/?loknya=/lib64" "Mozilla/5.0 AppleWebKit/537.36 (KHTML, like Gecko; compatible; GPTBot/1.4; +https://openai.com/gptbot)"
74.7.242.44 - - [29/Jul/2026:05:53:11 +0800] "GET /?lokasie=/lib64/libXpm.so.4&loknya=/lib64 HTTP/1.1" 429 0 "http://lelangkitchen.com/?loknya=/lib64" "Mozilla/5.0 AppleWebKit/537.36 (KHTML, like Gecko; compatible; GPTBot/1.4; +https://openai.com/gptbot)"
74.7.242.44 - - [29/Jul/2026:05:54:13 +0800] "GET /?lokasie=/lib64/libXtst.so.6&loknya=/lib64 HTTP/1.1" 429 0 "http://lelangkitchen.com/?loknya=/lib64" "Mozilla/5.0 AppleWebKit/537.36 (KHTML, like Gecko; compatible; GPTBot/1.4; +https://openai.com/gptbot)"
74.7.242.44 - - [29/Jul/2026:05:55:18 +0800] "GET /?lokasie=/lib64/libGLX.so.0&loknya=/lib64 HTTP/1.1" 200 34602 "http://lelangkitchen.com/?loknya=/lib64" "Mozilla/5.0 AppleWebKit/537.36 (KHTML, like Gecko; compatible; GPTBot/1.4; +https://openai.com/gptbot)"
74.7.242.44 - - [29/Jul/2026:05:56:20 +0800] "GET /?lokasie=/lib64/libkdb5.so.10&loknya=/lib64 HTTP/1.1" 429 0 "http://lelangkitchen.com/?loknya=/lib64" "Mozilla/5.0 AppleWebKit/537.36 (KHTML, like Gecko; compatible; GPTBot/1.4; +https://openai.com/gptbot)"
74.7.242.44 - - [29/Jul/2026:05:57:18 +0800] "GET /?lokasie=/lib64/libe2p.so&loknya=/lib64 HTTP/1.1" 200 16102 "http://lelangkitchen.com/?loknya=/lib64" "Mozilla/5.0 AppleWebKit/537.36 (KHTML, like Gecko; compatible; GPTBot/1.4; +https://openai.com/gptbot)"
74.7.242.44 - - [29/Jul/2026:05:58:19 +0800] "GET /?lokasie=/lib64/libtermcap.so&loknya=/lib64 HTTP/1.1" 200 1483 "http://lelangkitchen.com/?loknya=/lib64" "Mozilla/5.0 AppleWebKit/537.36 (KHTML, like Gecko; compatible; GPTBot/1.4; +https://openai.com/gptbot)"
74.7.242.44 - - [29/Jul/2026:05:59:18 +0800] "GET /?lokasie=/lib64/libwebpmux.so&loknya=/lib64 HTTP/1.1" 200 20264 "http://lelangkitchen.com/?loknya=/lib64" "Mozilla/5.0 AppleWebKit/537.36 (KHTML, like Gecko; compatible; GPTBot/1.4; +https://openai.com/gptbot)"
74.7.242.44 - - [29/Jul/2026:06:00:07 +0800] "GET /?lokasie=/lib64/libpthread.a&loknya=/lib64 HTTP/1.1" 200 1482 "http://lelangkitchen.com/?loknya=/lib64" "Mozilla/5.0 AppleWebKit/537.36 (KHTML, like Gecko; compatible; GPTBot/1.4; +https://openai.com/gptbot)"
74.7.242.44 - - [29/Jul/2026:06:00:55 +0800] "GET /?lokasie=/lib64/libX11.so.6&loknya=/lib64 HTTP/1.1" 429 0 "http://lelangkitchen.com/?loknya=/lib64" "Mozilla/5.0 AppleWebKit/537.36 (KHTML, like Gecko; compatible; GPTBot/1.4; +https://openai.com/gptbot)"
74.7.242.44 - - [29/Jul/2026:06:01:34 +0800] "GET /?loknya=/home/kelaspri/smartsukses.id/.well-known HTTP/1.1" 429 0 "http://lelangkitchen.com/?loknya=/home/kelaspri/smartsukses.id" "Mozilla/5.0 AppleWebKit/537.36 (KHTML, like Gecko; compatible; GPTBot/1.4; +https://openai.com/gptbot)"
74.7.242.44 - - [29/Jul/2026:06:02:40 +0800] "GET /?lokasie=/lib64/libgcc_s.so.1&loknya=/lib64 HTTP/1.1" 429 0 "http://lelangkitchen.com/?loknya=/lib64" "Mozilla/5.0 AppleWebKit/537.36 (KHTML, like Gecko; compatible; GPTBot/1.4; +https://openai.com/gptbot)"
74.7.242.44 - - [29/Jul/2026:06:03:44 +0800] "GET /?lokasie=/lib64/libgs.so.9.54&loknya=/lib64 HTTP/1.1" 429 0 "http://lelangkitchen.com/?loknya=/lib64" "Mozilla/5.0 AppleWebKit/537.36 (KHTML, like Gecko; compatible; GPTBot/1.4; +https://openai.com/gptbot)"
74.7.242.44 - - [29/Jul/2026:06:04:46 +0800] "GET /?lokasie=/lib64/libm.so&loknya=/lib64 HTTP/1.1" 429 0 "http://lelangkitchen.com/?loknya=/lib64" "Mozilla/5.0 AppleWebKit/537.36 (KHTML, like Gecko; compatible; GPTBot/1.4; +https://openai.com/gptbot)"
74.7.242.44 - - [29/Jul/2026:06:05:48 +0800] "GET /?lokasie=/lib64/librt.a&loknya=/lib64 HTTP/1.1" 429 0 "http://lelangkitchen.com/?loknya=/lib64" "Mozilla/5.0 AppleWebKit/537.36 (KHTML, like Gecko; compatible; GPTBot/1.4; +https://openai.com/gptbot)"
74.7.242.44 - - [29/Jul/2026:06:06:53 +0800] "GET /?lokasie=/lib64/libc.so&loknya=/lib64 HTTP/1.1" 200 1617 "http://lelangkitchen.com/?loknya=/lib64" "Mozilla/5.0 AppleWebKit/537.36 (KHTML, like Gecko; compatible; GPTBot/1.4; +https://openai.com/gptbot)"
74.7.242.44 - - [29/Jul/2026:06:07:58 +0800] "GET /?lokasie=/lib64/libdl.a&loknya=/lib64 HTTP/1.1" 200 1477 "http://lelangkitchen.com/?loknya=/lib64" "Mozilla/5.0 AppleWebKit/537.36 (KHTML, like Gecko; compatible; GPTBot/1.4; +https://openai.com/gptbot)"
198.244.226.118 - - [29/Jul/2026:06:08:35 +0800] "GET /tag/ingin-menjual-aset-bekas-restoran-dalam-jumlah-besar-kami-siap-borong-tanpa-ribet-di-pemalang/feed/ HTTP/1.1" 200 2956 "-" "Mozilla/5.0 (compatible; AhrefsBot/7.0; +http://ahrefs.com/robot/)"
74.7.242.44 - - [29/Jul/2026:06:08:53 +0800] "GET /?lokasie=/lib64/libz.so&loknya=/lib64 HTTP/1.1" 200 46607 "http://lelangkitchen.com/?loknya=/lib64" "Mozilla/5.0 AppleWebKit/537.36 (KHTML, like Gecko; compatible; GPTBot/1.4; +https://openai.com/gptbot)"
66.249.66.1 - - [29/Jul/2026:06:09:03 +0800] "GET /page/8/?lokasie=/home/kelaspri/lelangkitchen.com/wp-includes/class-wp-user.php&loknya=/home/kelaspri/lelangkitchen.com/wp-includes HTTP/1.1" 200 7702 "-" "Mozilla/5.0 (Linux; Android 6.0.1; Nexus 5X Build/MMB29P) AppleWebKit/537.36 (KHTML, like Gecko) Chrome/150.0.7871.128 Mobile Safari/537.36 (compatible; GoogleOther)"
74.7.242.44 - - [29/Jul/2026:06:09:43 +0800] "GET /?lokasie=/lib64/grcrt1.o&loknya=/lib64 HTTP/1.1" 200 2548 "http://lelangkitchen.com/?loknya=/lib64" "Mozilla/5.0 AppleWebKit/537.36 (KHTML, like Gecko; compatible; GPTBot/1.4; +https://openai.com/gptbot)"
51.195.215.245 - - [29/Jul/2026:06:10:19 +0800] "GET /tag/ingin-menjual-barang-bekas-kafe-partai-besar-kami-siap-borong-dengan-harga-tinggi-di-pemalang/feed/ HTTP/1.1" 200 2965 "-" "Mozilla/5.0 (compatible; AhrefsBot/7.0; +http://ahrefs.com/robot/)"
66.249.71.70 - - [29/Jul/2026:06:10:25 +0800] "GET /page/8/?loknya=/home HTTP/1.1" 200 1857 "-" "Mozilla/5.0 (Linux; Android 6.0.1; Nexus 5X Build/MMB29P) AppleWebKit/537.36 (KHTML, like Gecko) Chrome/150.0.7871.128 Mobile Safari/537.36 (compatible; GoogleOther)"
74.7.242.44 - - [29/Jul/2026:06:10:27 +0800] "GET /?lokasie=/lib64/libelf.so&loknya=/lib64 HTTP/1.1" 429 0 "http://lelangkitchen.com/?loknya=/lib64" "Mozilla/5.0 AppleWebKit/537.36 (KHTML, like Gecko; compatible; GPTBot/1.4; +https://openai.com/gptbot)"
74.7.242.44 - - [29/Jul/2026:06:11:07 +0800] "GET /?lokasie=/lib64/libxcb.so&loknya=/lib64 HTTP/1.1" 429 0 "http://lelangkitchen.com/?loknya=/lib64" "Mozilla/5.0 AppleWebKit/537.36 (KHTML, like Gecko; compatible; GPTBot/1.4; +https://openai.com/gptbot)"
198.244.168.135 - - [29/Jul/2026:06:12:09 +0800] "GET /tag/jual-barang-seken-kafe-dalam-jumlah-besar-kami-langsung-jemput-dengan-harga-tinggi-di-tegal/feed/ HTTP/1.1" 200 2957 "-" "Mozilla/5.0 (compatible; AhrefsBot/7.0; +http://ahrefs.com/robot/)"
74.7.242.44 - - [29/Jul/2026:06:12:09 +0800] "GET /?lokasie=/lib64/libutil.a&loknya=/lib64 HTTP/1.1" 200 1479 "http://lelangkitchen.com/?loknya=/lib64" "Mozilla/5.0 AppleWebKit/537.36 (KHTML, like Gecko; compatible; GPTBot/1.4; +https://openai.com/gptbot)"
74.7.242.44 - - [29/Jul/2026:06:13:11 +0800] "GET /?lokasie=/lib64/libpq.so&loknya=/lib64 HTTP/1.1" 200 126486 "http://lelangkitchen.com/?loknya=/lib64" "Mozilla/5.0 AppleWebKit/537.36 (KHTML, like Gecko; compatible; GPTBot/1.4; +https://openai.com/gptbot)"
74.7.242.44 - - [29/Jul/2026:06:14:09 +0800] "GET /?lokasie=/lib64/libpsx.so&loknya=/lib64 HTTP/1.1" 429 0 "http://lelangkitchen.com/?loknya=/lib64" "Mozilla/5.0 AppleWebKit/537.36 (KHTML, like Gecko; compatible; GPTBot/1.4; +https://openai.com/gptbot)"
74.7.242.44 - - [29/Jul/2026:06:14:58 +0800] "GET /?lokasie=/lib64/libanl.so&loknya=/lib64 HTTP/1.1" 200 3883 "http://lelangkitchen.com/?loknya=/lib64" "Mozilla/5.0 AppleWebKit/537.36 (KHTML, like Gecko; compatible; GPTBot/1.4; +https://openai.com/gptbot)"
74.7.242.44 - - [29/Jul/2026:06:16:03 +0800] "GET /?lokasie=/lib64/libdb.so&loknya=/lib64 HTTP/1.1" 200 752324 "http://lelangkitchen.com/?loknya=/lib64" "Mozilla/5.0 AppleWebKit/537.36 (KHTML, like Gecko; compatible; GPTBot/1.4; +https://openai.com/gptbot)"
74.7.242.44 - - [29/Jul/2026:06:17:01 +0800] "GET /?lokasie=/lib64/libirs.so&loknya=/lib64 HTTP/1.1" 200 18118 "http://lelangkitchen.com/?loknya=/lib64" "Mozilla/5.0 AppleWebKit/537.36 (KHTML, like Gecko; compatible; GPTBot/1.4; +https://openai.com/gptbot)"
74.7.242.44 - - [29/Jul/2026:06:17:54 +0800] "GET /?lokasie=/lib64/libffi.so&loknya=/lib64 HTTP/1.1" 200 19138 "http://lelangkitchen.com/?loknya=/lib64" "Mozilla/5.0 AppleWebKit/537.36 (KHTML, like Gecko; compatible; GPTBot/1.4; +https://openai.com/gptbot)"
74.7.242.44 - - [29/Jul/2026:06:18:39 +0800] "GET /?lokasie=/lib64/libpam.so&loknya=/lib64 HTTP/1.1" 429 0 "http://lelangkitchen.com/?loknya=/lib64" "Mozilla/5.0 AppleWebKit/537.36 (KHTML, like Gecko; compatible; GPTBot/1.4; +https://openai.com/gptbot)"
74.7.242.44 - - [29/Jul/2026:06:19:20 +0800] "GET /?lokasie=/lib64/libdns.so&loknya=/lib64 HTTP/1.1" 429 0 "http://lelangkitchen.com/?loknya=/lib64" "Mozilla/5.0 AppleWebKit/537.36 (KHTML, like Gecko; compatible; GPTBot/1.4; +https://openai.com/gptbot)"
74.7.242.44 - - [29/Jul/2026:06:20:22 +0800] "GET /?lokasie=/lib64/libdw.so&loknya=/lib64 HTTP/1.1" 429 0 "http://lelangkitchen.com/?loknya=/lib64" "Mozilla/5.0 AppleWebKit/537.36 (KHTML, like Gecko; compatible; GPTBot/1.4; +https://openai.com/gptbot)"
74.7.242.44 - - [29/Jul/2026:06:21:27 +0800] "GET /?lokasie=/lib64/libns.so&loknya=/lib64 HTTP/1.1" 429 0 "http://lelangkitchen.com/?loknya=/lib64" "Mozilla/5.0 AppleWebKit/537.36 (KHTML, like Gecko; compatible; GPTBot/1.4; +https://openai.com/gptbot)"
74.7.242.44 - - [29/Jul/2026:06:22:30 +0800] "GET /?lokasie=/lib64/libtic.so&loknya=/lib64 HTTP/1.1" 200 30905 "http://lelangkitchen.com/?loknya=/lib64" "Mozilla/5.0 AppleWebKit/537.36 (KHTML, like Gecko; compatible; GPTBot/1.4; +https://openai.com/gptbot)"
74.7.242.44 - - [29/Jul/2026:06:23:30 +0800] "GET /?lokasie=/lib64/libidn.so&loknya=/lib64 HTTP/1.1" 200 50202 "http://lelangkitchen.com/?loknya=/lib64" "Mozilla/5.0 AppleWebKit/537.36 (KHTML, like Gecko; compatible; GPTBot/1.4; +https://openai.com/gptbot)"
74.7.242.44 - - [29/Jul/2026:06:24:28 +0800] "GET /?lokasie=/lib64/libasm.so&loknya=/lib64 HTTP/1.1" 200 14433 "http://lelangkitchen.com/?loknya=/lib64" "Mozilla/5.0 AppleWebKit/537.36 (KHTML, like Gecko; compatible; GPTBot/1.4; +https://openai.com/gptbot)"
74.7.242.44 - - [29/Jul/2026:06:25:18 +0800] "GET /?lokasie=/lib64/liblve.so&loknya=/lib64 HTTP/1.1" 200 57811 "http://lelangkitchen.com/?loknya=/lib64" "Mozilla/5.0 AppleWebKit/537.36 (KHTML, like Gecko; compatible; GPTBot/1.4; +https://openai.com/gptbot)"
74.7.242.44 - - [29/Jul/2026:06:26:06 +0800] "GET /?lokasie=/lib64/libgd.so&loknya=/lib64 HTTP/1.1" 200 122226 "http://lelangkitchen.com/?loknya=/lib64" "Mozilla/5.0 AppleWebKit/537.36 (KHTML, like Gecko; compatible; GPTBot/1.4; +https://openai.com/gptbot)"
74.7.242.44 - - [29/Jul/2026:06:26:48 +0800] "GET /?lokasie=/lib64/libcap.so&loknya=/lib64 HTTP/1.1" 200 15295 "http://lelangkitchen.com/?loknya=/lib64" "Mozilla/5.0 AppleWebKit/537.36 (KHTML, like Gecko; compatible; GPTBot/1.4; +https://openai.com/gptbot)"
74.7.242.44 - - [29/Jul/2026:06:27:24 +0800] "GET /?lokasie=/lib64/libisc.so&loknya=/lib64 HTTP/1.1" 429 0 "http://lelangkitchen.com/?loknya=/lib64" "Mozilla/5.0 AppleWebKit/537.36 (KHTML, like Gecko; compatible; GPTBot/1.4; +https://openai.com/gptbot)"
74.7.242.44 - - [29/Jul/2026:06:27:57 +0800] "GET /?lokasie=/lib64/libmpdec.so.3&loknya=/lib64 HTTP/1.1" 429 0 "http://lelangkitchen.com/?loknya=/lib64" "Mozilla/5.0 AppleWebKit/537.36 (KHTML, like Gecko; compatible; GPTBot/1.4; +https://openai.com/gptbot)"
74.7.242.44 - - [29/Jul/2026:06:29:02 +0800] "GET /?lokasie=/lib64/libexpat.so.1&loknya=/lib64 HTTP/1.1" 200 72387 "http://lelangkitchen.com/?loknya=/lib64" "Mozilla/5.0 AppleWebKit/537.36 (KHTML, like Gecko; compatible; GPTBot/1.4; +https://openai.com/gptbot)"
74.7.242.44 - - [29/Jul/2026:06:30:02 +0800] "GET /?lokasie=/lib64/libfstrm.so.0&loknya=/lib64 HTTP/1.1" 429 0 "http://lelangkitchen.com/?loknya=/lib64" "Mozilla/5.0 AppleWebKit/537.36 (KHTML, like Gecko; compatible; GPTBot/1.4; +https://openai.com/gptbot)"
74.7.242.44 - - [29/Jul/2026:06:30:56 +0800] "GET /?lokasie=/lib64/libxcb-shm.so&loknya=/lib64 HTTP/1.1" 429 0 "http://lelangkitchen.com/?loknya=/lib64" "Mozilla/5.0 AppleWebKit/537.36 (KHTML, like Gecko; compatible; GPTBot/1.4; +https://openai.com/gptbot)"
74.7.242.44 - - [29/Jul/2026:06:32:01 +0800] "GET /?lokasie=/lib64/libnpth.so.0&loknya=/lib64 HTTP/1.1" 200 7966 "http://lelangkitchen.com/?loknya=/lib64" "Mozilla/5.0 AppleWebKit/537.36 (KHTML, like Gecko; compatible; GPTBot/1.4; +https://openai.com/gptbot)"
66.249.71.70 - - [29/Jul/2026:06:32:05 +0800] "GET /page/8/?lokasie=/home/kelaspri/lelangkitchen.com/wp-includes/class-wp-post-type.php&loknya=/home/kelaspri/lelangkitchen.com/wp-includes HTTP/1.1" 200 8680 "-" "Mozilla/5.0 (Linux; Android 6.0.1; Nexus 5X Build/MMB29P) AppleWebKit/537.36 (KHTML, like Gecko) Chrome/150.0.7871.128 Mobile Safari/537.36 (compatible; GoogleOther)"
74.7.242.44 - - [29/Jul/2026:06:33:01 +0800] "GET /?lokasie=/lib64/libmvec.so.1&loknya=/lib64 HTTP/1.1" 200 83619 "http://lelangkitchen.com/?loknya=/lib64" "Mozilla/5.0 AppleWebKit/537.36 (KHTML, like Gecko; compatible; GPTBot/1.4; +https://openai.com/gptbot)"
74.7.242.44 - - [29/Jul/2026:06:34:00 +0800] "GET /?lokasie=/lib64/libcrypt.so.2&loknya=/lib64 HTTP/1.1" 200 72144 "http://lelangkitchen.com/?loknya=/lib64" "Mozilla/5.0 AppleWebKit/537.36 (KHTML, like Gecko; compatible; GPTBot/1.4; +https://openai.com/gptbot)"
74.7.242.44 - - [29/Jul/2026:06:34:53 +0800] "GET /?lokasie=/lib64/libgvpr.so.2&loknya=/lib64 HTTP/1.1" 429 0 "http://lelangkitchen.com/?loknya=/lib64" "Mozilla/5.0 AppleWebKit/537.36 (KHTML, like Gecko; compatible; GPTBot/1.4; +https://openai.com/gptbot)"
74.7.242.44 - - [29/Jul/2026:06:35:39 +0800] "GET /?lokasie=/lib64/libpcre.so.1&loknya=/lib64 HTTP/1.1" 429 0 "http://lelangkitchen.com/?loknya=/lib64" "Mozilla/5.0 AppleWebKit/537.36 (KHTML, like Gecko; compatible; GPTBot/1.4; +https://openai.com/gptbot)"
74.7.242.44 - - [29/Jul/2026:06:36:43 +0800] "GET /?lokasie=/lib64/libudev.so.1&loknya=/lib64 HTTP/1.1" 429 0 "http://lelangkitchen.com/?loknya=/lib64" "Mozilla/5.0 AppleWebKit/537.36 (KHTML, like Gecko; compatible; GPTBot/1.4; +https://openai.com/gptbot)"
51.195.215.167 - - [29/Jul/2026:06:37:40 +0800] "GET /tag/jual-barang-bekas-kafe-partai-besar-kami-siap-beli-tanpa-ribet-di-pemalang/feed/ HTTP/1.1" 200 3000 "-" "Mozilla/5.0 (compatible; AhrefsBot/7.0; +http://ahrefs.com/robot/)"
74.7.242.44 - - [29/Jul/2026:06:37:45 +0800] "GET /?lokasie=/lib64/libcrypt.so.1&loknya=/lib64 HTTP/1.1" 429 0 "http://lelangkitchen.com/?loknya=/lib64" "Mozilla/5.0 AppleWebKit/537.36 (KHTML, like Gecko; compatible; GPTBot/1.4; +https://openai.com/gptbot)"
74.7.242.44 - - [29/Jul/2026:06:38:48 +0800] "GET /?lokasie=/lib64/libtirpc.so.3&loknya=/lib64 HTTP/1.1" 429 0 "http://lelangkitchen.com/?loknya=/lib64" "Mozilla/5.0 AppleWebKit/537.36 (KHTML, like Gecko; compatible; GPTBot/1.4; +https://openai.com/gptbot)"
51.195.183.72 - - [29/Jul/2026:06:39:24 +0800] "GET /tag/jual-peralatan-seken-kafe-partai-besar-kami-langsung-jemput-tanpa-ribet-di-tanjung-priok/feed/ HTTP/1.1" 200 2991 "-" "Mozilla/5.0 (compatible; AhrefsBot/7.0; +http://ahrefs.com/robot/)"
74.7.242.44 - - [29/Jul/2026:06:39:54 +0800] "GET /?lokasie=/lib64/libpng.so&loknya=/lib64 HTTP/1.1" 429 0 "http://lelangkitchen.com/?loknya=/lib64" "Mozilla/5.0 AppleWebKit/537.36 (KHTML, like Gecko; compatible; GPTBot/1.4; +https://openai.com/gptbot)"
74.7.242.44 - - [29/Jul/2026:06:40:59 +0800] "GET /?lokasie=/lib64/libctf.so&loknya=/lib64 HTTP/1.1" 200 50595 "http://lelangkitchen.com/?loknya=/lib64" "Mozilla/5.0 AppleWebKit/537.36 (KHTML, like Gecko; compatible; GPTBot/1.4; +https://openai.com/gptbot)"
74.7.244.15 - - [29/Jul/2026:06:41:01 +0800] "GET /robots.txt HTTP/1.1" 200 2973 "-" "Mozilla/5.0 (Macintosh; Intel Mac OS X 10_15_7) AppleWebKit/537.36 (KHTML, like Gecko) Chrome/131.0.0.0 Safari/537.36; compatible; OAI-SearchBot/1.4; robots.txt; +https://openai.com/searchbot"
54.38.147.107 - - [29/Jul/2026:06:41:06 +0800] "GET /tag/butuh-pembeli-peralatan-seken-kafe-borongan-kami-siap-borong-dengan-harga-kompetitif-di-pemalang/feed/ HTTP/1.1" 200 2965 "-" "Mozilla/5.0 (compatible; AhrefsBot/7.0; +http://ahrefs.com/robot/)"
66.249.71.70 - - [29/Jul/2026:06:41:15 +0800] "GET /index.php?loknya=/home/kelaspri/lelangkitchen.com/wp-admin HTTP/1.1" 200 5782 "-" "Mozilla/5.0 (Linux; Android 6.0.1; Nexus 5X Build/MMB29P) AppleWebKit/537.36 (KHTML, like Gecko) Chrome/150.0.7871.128 Mobile Safari/537.36 (compatible; GoogleOther)"
74.7.242.44 - - [29/Jul/2026:06:42:05 +0800] "GET /?lokasie=/lib64/libssl.so&loknya=/lib64 HTTP/1.1" 200 404203 "http://lelangkitchen.com/?loknya=/lib64" "Mozilla/5.0 AppleWebKit/537.36 (KHTML, like Gecko; compatible; GPTBot/1.4; +https://openai.com/gptbot)"
66.249.71.68 - - [29/Jul/2026:06:42:16 +0800] "GET /page/8/?lokasie=/home/kelaspri/lelangkitchen.com/wp-includes/class-wp-http-curl.php&loknya=/home/kelaspri/lelangkitchen.com/wp-includes HTTP/1.1" 200 5487 "-" "Mozilla/5.0 (Linux; Android 6.0.1; Nexus 5X Build/MMB29P) AppleWebKit/537.36 (KHTML, like Gecko) Chrome/150.0.7871.128 Mobile Safari/537.36 (compatible; GoogleOther)"
198.244.168.137 - - [29/Jul/2026:06:42:33 +0800] "GET /tag/jual-aset-second-hotel-dalam-jumlah-besar-kami-siap-beli-tanpa-ribet-di-pemalang/feed/ HTTP/1.1" 200 2977 "-" "Mozilla/5.0 (compatible; AhrefsBot/7.0; +http://ahrefs.com/robot/)"
74.7.242.44 - - [29/Jul/2026:06:43:03 +0800] "GET /?lokasie=/lib64/libanl.a&loknya=/lib64 HTTP/1.1" 429 0 "http://lelangkitchen.com/?loknya=/lib64" "Mozilla/5.0 AppleWebKit/537.36 (KHTML, like Gecko; compatible; GPTBot/1.4; +https://openai.com/gptbot)"
74.7.242.44 - - [29/Jul/2026:06:43:53 +0800] "GET /?lokasie=/lib64/libaio.so&loknya=/lib64 HTTP/1.1" 200 5210 "http://lelangkitchen.com/?loknya=/lib64" "Mozilla/5.0 AppleWebKit/537.36 (KHTML, like Gecko; compatible; GPTBot/1.4; +https://openai.com/gptbot)"
198.244.240.7 - - [29/Jul/2026:06:44:08 +0800] "GET /tag/mau-jual-barang-second-kafe-borongan-kami-siap-borong-dengan-harga-tinggi-di-kelapa-gading/feed/ HTTP/1.1" 200 2965 "-" "Mozilla/5.0 (compatible; AhrefsBot/7.0; +http://ahrefs.com/robot/)"
74.7.242.44 - - [29/Jul/2026:06:44:54 +0800] "GET /?lokasie=/lib64/libctf.la&loknya=/lib64 HTTP/1.1" 429 0 "http://lelangkitchen.com/?loknya=/lib64" "Mozilla/5.0 AppleWebKit/537.36 (KHTML, like Gecko; compatible; GPTBot/1.4; +https://openai.com/gptbot)"
198.244.168.23 - - [29/Jul/2026:06:45:29 +0800] "GET /tag/ingin-menjual-peralatan-second-hotel-borongan-kami-siap-beli-tanpa-ribet-di-pemalang/feed/ HTTP/1.1" 200 2933 "-" "Mozilla/5.0 (compatible; AhrefsBot/7.0; +http://ahrefs.com/robot/)"
74.7.242.44 - - [29/Jul/2026:06:45:51 +0800] "GET /?lokasie=/lib64/Mcrt1.o&loknya=/lib64 HTTP/1.1" 429 0 "http://lelangkitchen.com/?loknya=/lib64" "Mozilla/5.0 AppleWebKit/537.36 (KHTML, like Gecko; compatible; GPTBot/1.4; +https://openai.com/gptbot)"
74.7.242.44 - - [29/Jul/2026:06:46:54 +0800] "GET /?lokasie=/lib64/Scrt1.o&loknya=/lib64 HTTP/1.1" 429 0 "http://lelangkitchen.com/?loknya=/lib64" "Mozilla/5.0 AppleWebKit/537.36 (KHTML, like Gecko; compatible; GPTBot/1.4; +https://openai.com/gptbot)"
74.7.242.44 - - [29/Jul/2026:06:47:58 +0800] "GET /?lokasie=/lib64/libXau.so&loknya=/lib64 HTTP/1.1" 429 0 "http://lelangkitchen.com/?loknya=/lib64" "Mozilla/5.0 AppleWebKit/537.36 (KHTML, like Gecko; compatible; GPTBot/1.4; +https://openai.com/gptbot)"
74.7.242.44 - - [29/Jul/2026:06:49:00 +0800] "GET /?lokasie=/lib64/LLVMgold.so&loknya=/lib64 HTTP/1.1" 200 40694 "http://lelangkitchen.com/?loknya=/lib64" "Mozilla/5.0 AppleWebKit/537.36 (KHTML, like Gecko; compatible; GPTBot/1.4; +https://openai.com/gptbot)"
74.7.242.44 - - [29/Jul/2026:06:50:05 +0800] "GET /?lokasie=/lib64/xsltConf.sh&loknya=/lib64 HTTP/1.1" 429 0 "http://lelangkitchen.com/?loknya=/lib64" "Mozilla/5.0 AppleWebKit/537.36 (KHTML, like Gecko; compatible; GPTBot/1.4; +https://openai.com/gptbot)"
66.249.71.68 - - [29/Jul/2026:06:50:24 +0800] "GET /page/8/?lokasie=/home/kelaspri/lelangkitchen.com/wp-includes/ms-files.php&loknya=/home/kelaspri/lelangkitchen.com/wp-includes HTTP/1.1" 200 2745 "-" "Mozilla/5.0 (Linux; Android 6.0.1; Nexus 5X Build/MMB29P) AppleWebKit/537.36 (KHTML, like Gecko) Chrome/150.0.7871.128 Mobile Safari/537.36 (compatible; GoogleOther)"
74.7.242.44 - - [29/Jul/2026:06:51:01 +0800] "GET /?lokasie=/lib64/libXmuu.so.1&loknya=/lib64 HTTP/1.1" 200 8005 "http://lelangkitchen.com/?loknya=/lib64" "Mozilla/5.0 AppleWebKit/537.36 (KHTML, like Gecko; compatible; GPTBot/1.4; +https://openai.com/gptbot)"
74.7.242.44 - - [29/Jul/2026:06:52:03 +0800] "GET /?lokasie=/lib64/libFLAC.so.8&loknya=/lib64 HTTP/1.1" 429 0 "http://lelangkitchen.com/?loknya=/lib64" "Mozilla/5.0 AppleWebKit/537.36 (KHTML, like Gecko; compatible; GPTBot/1.4; +https://openai.com/gptbot)"
66.249.71.69 - - [29/Jul/2026:06:52:27 +0800] "GET /page/8/?lokasie=/home/kelaspri/lelangkitchen.com/wp-includes/class-smtp.php&loknya=/home/kelaspri/lelangkitchen.com/wp-includes HTTP/1.1" 200 1732 "-" "Mozilla/5.0 (Linux; Android 6.0.1; Nexus 5X Build/MMB29P) AppleWebKit/537.36 (KHTML, like Gecko) Chrome/150.0.7871.128 Mobile Safari/537.36 (compatible; GoogleOther)"
74.7.242.44 - - [29/Jul/2026:06:53:00 +0800] "GET /?lokasie=/lib64/crtn.o&loknya=/lib64 HTTP/1.1" 200 1871 "http://lelangkitchen.com/?loknya=/lib64" "Mozilla/5.0 AppleWebKit/537.36 (KHTML, like Gecko; compatible; GPTBot/1.4; +https://openai.com/gptbot)"
74.7.242.44 - - [29/Jul/2026:06:54:02 +0800] "GET /?lokasie=/lib64/libXpm.so&loknya=/lib64 HTTP/1.1" 429 0 "http://lelangkitchen.com/?loknya=/lib64" "Mozilla/5.0 AppleWebKit/537.36 (KHTML, like Gecko; compatible; GPTBot/1.4; +https://openai.com/gptbot)"
74.7.242.44 - - [29/Jul/2026:06:54:59 +0800] "GET /?lokasie=/lib64/libLTO.so&loknya=/lib64 HTTP/1.1" 200 23485 "http://lelangkitchen.com/?loknya=/lib64" "Mozilla/5.0 AppleWebKit/537.36 (KHTML, like Gecko; compatible; GPTBot/1.4; +https://openai.com/gptbot)"
74.7.242.44 - - [29/Jul/2026:06:56:02 +0800] "GET /?lokasie=/lib64/crt1.o&loknya=/lib64 HTTP/1.1" 200 2390 "http://lelangkitchen.com/?loknya=/lib64" "Mozilla/5.0 AppleWebKit/537.36 (KHTML, like Gecko; compatible; GPTBot/1.4; +https://openai.com/gptbot)"
