216.73.216.175 - - [29/Jul/2026:05:10:28 +0800] "GET /?p=2080 HTTP/2" 429 0 "-" "Mozilla/5.0 AppleWebKit/537.36 (KHTML, like Gecko; compatible; ClaudeBot/1.0; +claudebot@anthropic.com)"
216.73.216.175 - - [29/Jul/2026:05:12:57 +0800] "GET /jual-beli-peralatan-restoran-bekas-di-jatinegara/feed/ HTTP/2" 429 0 "-" "Mozilla/5.0 AppleWebKit/537.36 (KHTML, like Gecko; compatible; ClaudeBot/1.0; +claudebot@anthropic.com)"
64.120.92.56 - - [29/Jul/2026:05:12:57 +0800] "POST /wp-cron.php?doing_wp_cron=1785273177.7477269172668457031250 HTTP/1.1" 200 0 "-" "WordPress/7.0.2; https://kitchensolusion.com"
216.73.216.175 - - [29/Jul/2026:05:12:57 +0800] "GET /wa-08111-9296-333-jual-beli-borongan-barang-bekas-alat-restoran-di-citra-raya/feed/ HTTP/2" 200 533 "-" "Mozilla/5.0 AppleWebKit/537.36 (KHTML, like Gecko; compatible; ClaudeBot/1.0; +claudebot@anthropic.com)"
216.73.216.175 - - [29/Jul/2026:05:13:08 +0800] "GET /wa-08111-9296-333-jual-beli-barang-bekas-restoran-di-citra-raya/feed/ HTTP/2" 429 0 "-" "Mozilla/5.0 AppleWebKit/537.36 (KHTML, like Gecko; compatible; ClaudeBot/1.0; +claudebot@anthropic.com)"
216.73.216.175 - - [29/Jul/2026:05:13:08 +0800] "GET /wa-08111-9296-333-jual-beli-alat-dapur-bekas-restoran-di-citra-raya/feed/ HTTP/2" 429 0 "-" "Mozilla/5.0 AppleWebKit/537.36 (KHTML, like Gecko; compatible; ClaudeBot/1.0; +claudebot@anthropic.com)"
216.73.216.175 - - [29/Jul/2026:05:13:17 +0800] "GET /wa-08111-9296-333-jual-beli-peralatan-restoran-bekas-di-citra-raya/feed/ HTTP/2" 429 0 "-" "Mozilla/5.0 AppleWebKit/537.36 (KHTML, like Gecko; compatible; ClaudeBot/1.0; +claudebot@anthropic.com)"
64.120.92.56 - - [29/Jul/2026:05:16:47 +0800] "POST /wp-cron.php?doing_wp_cron=1785273407.6655600070953369140625 HTTP/1.1" 200 0 "-" "WordPress/7.0.2; https://kitchensolusion.com"
216.73.216.175 - - [29/Jul/2026:05:16:46 +0800] "GET /wa-08111-9296-333-terima-jual-beli-alat-restoran-bekas-di-bogor-barat/ HTTP/2" 200 15946 "-" "Mozilla/5.0 AppleWebKit/537.36 (KHTML, like Gecko; compatible; ClaudeBot/1.0; +claudebot@anthropic.com)"
216.73.216.175 - - [29/Jul/2026:05:20:20 +0800] "GET /wa-08111-9296-333-terima-jual-beli-barang-bekas-restoran-di-bogor-barat/ HTTP/2" 200 16007 "-" "Mozilla/5.0 AppleWebKit/537.36 (KHTML, like Gecko; compatible; ClaudeBot/1.0; +claudebot@anthropic.com)"
64.120.92.56 - - [29/Jul/2026:05:21:39 +0800] "POST /wp-cron.php?doing_wp_cron=1785273699.2764019966125488281250 HTTP/1.1" 200 0 "-" "WordPress/7.0.2; https://kitchensolusion.com"
85.208.96.194 - - [29/Jul/2026:05:21:38 +0800] "GET /robots.txt HTTP/1.1" 200 130 "-" "Mozilla/5.0 (compatible; SemrushBot/7~bl; +http://www.semrush.com/bot.html)"
185.191.171.7 - - [29/Jul/2026:05:21:40 +0800] "GET /author/admin/page/7/ HTTP/1.1" 200 19203 "-" "Mozilla/5.0 (compatible; SemrushBot/7~bl; +http://www.semrush.com/bot.html)"
198.244.183.48 - - [29/Jul/2026:05:23:00 +0800] "GET /home/jual-beli-borongan-alat-kitchen-bekas-restauran-di-tangerang-selatan/ HTTP/2" 200 14735 "-" "Mozilla/5.0 (compatible; AhrefsBot/7.0; +http://ahrefs.com/robot/)"
216.73.216.175 - - [29/Jul/2026:05:23:33 +0800] "GET /robots.txt HTTP/2" 200 114 "-" "Mozilla/5.0 AppleWebKit/537.36 (KHTML, like Gecko; compatible; ClaudeBot/1.0; +claudebot@anthropic.com)"
216.73.216.175 - - [29/Jul/2026:05:23:36 +0800] "GET /?p=2258 HTTP/2" 429 0 "-" "Mozilla/5.0 AppleWebKit/537.36 (KHTML, like Gecko; compatible; ClaudeBot/1.0; +claudebot@anthropic.com)"
216.73.216.175 - - [29/Jul/2026:05:23:36 +0800] "GET /wa-08111-9296-333-terima-jual-beli-barang-bekas-restoran-ex-cafe-dan-resto-di-bogor-barat/ HTTP/2" 200 15942 "-" "Mozilla/5.0 AppleWebKit/537.36 (KHTML, like Gecko; compatible; ClaudeBot/1.0; +claudebot@anthropic.com)"
51.195.183.107 - - [29/Jul/2026:05:25:10 +0800] "GET /category/jual-beli-peralatan-restoran-bekas-di-cipayung/ HTTP/2" 200 14781 "-" "Mozilla/5.0 (compatible; AhrefsBot/7.0; +http://ahrefs.com/robot/)"
64.120.92.56 - - [29/Jul/2026:05:27:36 +0800] "POST /wp-cron.php?doing_wp_cron=1785274056.6665010452270507812500 HTTP/1.1" 200 0 "-" "WordPress/7.0.2; https://kitchensolusion.com"
51.195.183.62 - - [29/Jul/2026:05:27:35 +0800] "GET /category/jual-beli-peralatan-restoran-bekas-di-pondok-cabe/ HTTP/2" 200 15137 "-" "Mozilla/5.0 (compatible; AhrefsBot/7.0; +http://ahrefs.com/robot/)"
216.73.216.175 - - [29/Jul/2026:05:28:41 +0800] "GET /wa-08111-9296-333-terima-jual-beli-peralatan-restoran-bekas-di-bogor-barat/ HTTP/2" 200 16008 "-" "Mozilla/5.0 AppleWebKit/537.36 (KHTML, like Gecko; compatible; ClaudeBot/1.0; +claudebot@anthropic.com)"
198.244.183.16 - - [29/Jul/2026:05:29:41 +0800] "GET /category/jual-beli-peralatan-restoran-bekas-di-karawaci/ HTTP/2" 200 15078 "-" "Mozilla/5.0 (compatible; AhrefsBot/7.0; +http://ahrefs.com/robot/)"
64.120.92.56 - - [29/Jul/2026:05:31:42 +0800] "POST /wp-cron.php?doing_wp_cron=1785274302.5961580276489257812500 HTTP/1.1" 200 0 "-" "WordPress/7.0.2; https://kitchensolusion.com"
198.244.242.216 - - [29/Jul/2026:05:31:41 +0800] "GET /author/evo/ HTTP/2" 200 24523 "-" "Mozilla/5.0 (compatible; AhrefsBot/7.0; +http://ahrefs.com/robot/)"
216.73.216.175 - - [29/Jul/2026:05:32:03 +0800] "GET /category/jual-beli-borongan-bekas-restoran-di-bogor-barat/feed/ HTTP/2" 429 0 "-" "Mozilla/5.0 AppleWebKit/537.36 (KHTML, like Gecko; compatible; ClaudeBot/1.0; +claudebot@anthropic.com)"
85.138.218.124 - - [29/Jul/2026:05:32:02 +0800] "GET /jual-beli-alat-kitchen-bekas-kota-tangerang/jual-beli-borongan-alat-kitchen-bekas-restoran-di-cibodas/ HTTP/1.1" 200 14449 "-" "Mozilla/5.0 (Macintosh; Intel Mac OS X 14_3_1) AppleWebKit/537.36 (KHTML, like Gecko) Chrome/131.0.6778.204 Safari/537.36"
216.73.216.175 - - [29/Jul/2026:05:32:03 +0800] "GET /wa-08111-9296-333-terima-jual-beli-borongan-peralatan-restoran-bekas-di-bogor-barat/ HTTP/2" 200 16021 "-" "Mozilla/5.0 AppleWebKit/537.36 (KHTML, like Gecko; compatible; ClaudeBot/1.0; +claudebot@anthropic.com)"
216.73.216.175 - - [29/Jul/2026:05:33:00 +0800] "GET /wa-08111-9296-333-terima-jual-beli-equipment-restauran-hotel-di-bogor-barat/ HTTP/2" 200 15950 "-" "Mozilla/5.0 AppleWebKit/537.36 (KHTML, like Gecko; compatible; ClaudeBot/1.0; +claudebot@anthropic.com)"
216.73.216.175 - - [29/Jul/2026:05:33:05 +0800] "GET /wa-08111-9296-333-terima-borongan-alat-restoran-bekas-di-bogor-barat/ HTTP/2" 429 0 "-" "Mozilla/5.0 AppleWebKit/537.36 (KHTML, like Gecko; compatible; ClaudeBot/1.0; +claudebot@anthropic.com)"
216.244.66.250 - - [29/Jul/2026:05:34:09 +0800] "GET /robots.txt HTTP/1.1" 200 177 "-" "Mozilla/5.0 (compatible; DotBot/1.2; +https://opensiteexplorer.org/dotbot; help@moz.com)"
64.120.92.56 - - [29/Jul/2026:05:36:19 +0800] "POST /wp-cron.php?doing_wp_cron=1785274579.1034469604492187500000 HTTP/1.1" 200 0 "-" "WordPress/7.0.2; https://kitchensolusion.com"
64.120.92.56 - - [29/Jul/2026:05:45:46 +0800] "POST /wp-cron.php?doing_wp_cron=1785275146.3338429927825927734375 HTTP/1.1" 200 0 "-" "WordPress/7.0.2; https://kitchensolusion.com"
216.244.66.250 - - [29/Jul/2026:05:45:45 +0800] "GET /jual-beli-lelang-alat-dapur-di-menteng/ HTTP/1.1" 200 60434 "-" "Mozilla/5.0 (compatible; DotBot/1.2; +https://opensiteexplorer.org/dotbot; help@moz.com)"
216.244.66.250 - - [29/Jul/2026:05:45:54 +0800] "GET /jual-beli-alat-kitchen-ex-restoran-di-kecamatan-cempaka-putih/ HTTP/1.1" 200 61019 "-" "Mozilla/5.0 (compatible; DotBot/1.2; +https://opensiteexplorer.org/dotbot; help@moz.com)"
216.244.66.250 - - [29/Jul/2026:05:46:00 +0800] "GET /jual-beli-barang-bekas-restoran-di-daerah-cempaka-putih/ HTTP/1.1" 200 60817 "-" "Mozilla/5.0 (compatible; DotBot/1.2; +https://opensiteexplorer.org/dotbot; help@moz.com)"
216.244.66.250 - - [29/Jul/2026:05:46:06 +0800] "GET /jual-beli-lelang-alat-dapur-di-tanah-abang/ HTTP/1.1" 200 60566 "-" "Mozilla/5.0 (compatible; DotBot/1.2; +https://opensiteexplorer.org/dotbot; help@moz.com)"
216.244.66.250 - - [29/Jul/2026:05:46:12 +0800] "GET /wa-08111-9296-333-jual-beli-alat-dapur-bekas-restoran-di-pondok-ranji/ HTTP/1.1" 200 61615 "-" "Mozilla/5.0 (compatible; DotBot/1.2; +https://opensiteexplorer.org/dotbot; help@moz.com)"
216.244.66.250 - - [29/Jul/2026:05:46:33 +0800] "GET /chat-08111-9296-333-terima-jual-beli-borongan-barang-bekas-restoran-di-makasar/ HTTP/1.1" 200 61828 "-" "Mozilla/5.0 (compatible; DotBot/1.2; +https://opensiteexplorer.org/dotbot; help@moz.com)"
216.244.66.250 - - [29/Jul/2026:05:46:42 +0800] "GET /chat-08111-9296-333-terima-jual-beli-equipment-restoran-hotel-di-pancoran/ HTTP/1.1" 200 61692 "-" "Mozilla/5.0 (compatible; DotBot/1.2; +https://opensiteexplorer.org/dotbot; help@moz.com)"
216.244.66.250 - - [29/Jul/2026:05:46:51 +0800] "GET /jual-beli-borongan-barang-restoran-bekas-temukan-penawaran-terbaik-tambora/ HTTP/1.1" 200 61500 "-" "Mozilla/5.0 (compatible; DotBot/1.2; +https://opensiteexplorer.org/dotbot; help@moz.com)"
216.244.66.250 - - [29/Jul/2026:05:46:58 +0800] "GET /wa-08111-9296-333-jual-beli-borongan-barang-bekas-alat-restoran-di-citra-raya/ HTTP/1.1" 200 61918 "-" "Mozilla/5.0 (compatible; DotBot/1.2; +https://opensiteexplorer.org/dotbot; help@moz.com)"
64.120.92.56 - - [29/Jul/2026:05:48:00 +0800] "POST /wp-cron.php?doing_wp_cron=1785275280.8614261150360107421875 HTTP/1.1" 200 0 "-" "WordPress/7.0.2; https://kitchensolusion.com"
216.73.216.175 - - [29/Jul/2026:05:48:00 +0800] "GET /sitemap_index.xml HTTP/2" 200 317 "-" "Mozilla/5.0 AppleWebKit/537.36 (KHTML, like Gecko; compatible; ClaudeBot/1.0; +claudebot@anthropic.com)"
185.191.171.6 - - [29/Jul/2026:05:49:32 +0800] "GET /author/admin/page/180/ HTTP/1.1" 200 18757 "-" "Mozilla/5.0 (compatible; SemrushBot/7~bl; +http://www.semrush.com/bot.html)"
64.120.92.56 - - [29/Jul/2026:05:52:04 +0800] "POST /wp-cron.php?doing_wp_cron=1785275524.4328610897064208984375 HTTP/1.1" 200 0 "-" "WordPress/7.0.2; https://kitchensolusion.com"
197.200.155.219 - - [29/Jul/2026:05:52:03 +0800] "GET /chat-08111-9296-333-terima-jual-beli-barang-bekas-restoran-di-pademangan/ HTTP/1.1" 200 17961 "-" "Mozilla/5.0 (Windows NT 10.0; Win64; x64) AppleWebKit/537.36 (KHTML, like Gecko) Chrome/132.0.6834.160 Safari/537.36"
64.120.92.56 - - [29/Jul/2026:05:56:46 +0800] "POST /wp-cron.php?doing_wp_cron=1785275806.1870639324188232421875 HTTP/1.1" 200 0 "-" "WordPress/7.0.2; https://kitchensolusion.com"
57.141.18.71 - - [29/Jul/2026:05:56:45 +0800] "GET /news-sitemap.xml HTTP/2" 404 9199 "-" "Mozilla/5.0 (Windows NT 10.0; Win64; x64) AppleWebKit/537.36 (KHTML, like Gecko) Chrome/145.0.0.0 Safari/537.36 (compatible; meta-externalagent/1.1 (+https://developers.facebook.com/docs/sharing/webmasters/crawler))"
216.73.216.175 - - [29/Jul/2026:05:59:23 +0800] "GET /?p=2027 HTTP/2" 301 0 "-" "Mozilla/5.0 AppleWebKit/537.36 (KHTML, like Gecko; compatible; ClaudeBot/1.0; +claudebot@anthropic.com)"
216.73.216.175 - - [29/Jul/2026:05:59:23 +0800] "GET /wa-08111-9296-333-jual-beli-ex-resto-terdekat-di-cikokol/ HTTP/2" 429 0 "https://kitchensolusion.com/?p=2027" "Mozilla/5.0 AppleWebKit/537.36 (KHTML, like Gecko; compatible; ClaudeBot/1.0; +claudebot@anthropic.com)"
64.120.92.56 - - [29/Jul/2026:06:00:43 +0800] "POST /wp-cron.php?doing_wp_cron=1785276043.7996680736541748046875 HTTP/1.1" 200 0 "-" "WordPress/7.0.2; https://kitchensolusion.com"
198.244.168.129 - - [29/Jul/2026:06:00:41 +0800] "GET /category/jual-beli-peralatan-restoran-bekas-di-serpong/ HTTP/2" 200 15038 "-" "Mozilla/5.0 (compatible; AhrefsBot/7.0; +http://ahrefs.com/robot/)"
187.216.11.167 - - [29/Jul/2026:06:02:41 +0800] "GET / HTTP/2" 200 13713 "-" "Mozilla/5.0 (Linux; Android 6.0; Nexus 5 Build/MRA58N) AppleWebKit/537.36 (KHTML, like Gecko) Chrome/39.0.7225.1531 Mobile Safari/537.36"
185.210.205.84 - - [29/Jul/2026:06:12:03 +0800] "GET /wp-content/uploads/2023/06/layanan14.jpg HTTP/2" 200 114971 "https://kitchensolusion.com" "Mozilla/5.0 (Macintosh; Intel Mac OS X 10_15_7) AppleWebKit/537.36 (KHTML, like Gecko) Chrome/130.0.0.0 Safari/537.36"
64.120.92.56 - - [29/Jul/2026:06:13:56 +0800] "POST /wp-cron.php?doing_wp_cron=1785276836.9194090366363525390625 HTTP/1.1" 200 0 "-" "WordPress/7.0.2; https://kitchensolusion.com"
216.73.216.175 - - [29/Jul/2026:06:13:56 +0800] "GET /wa-08111-9296-333-jual-beli-ex-resto-terdekat-di-cikokol/feed/ HTTP/2" 200 522 "-" "Mozilla/5.0 AppleWebKit/537.36 (KHTML, like Gecko; compatible; ClaudeBot/1.0; +claudebot@anthropic.com)"
216.73.216.175 - - [29/Jul/2026:06:14:53 +0800] "GET /wa-08111-9296-333-jual-beli-peralatan-restoran-bekas-di-kedoya/feed/ HTTP/2" 200 538 "-" "Mozilla/5.0 AppleWebKit/537.36 (KHTML, like Gecko; compatible; ClaudeBot/1.0; +claudebot@anthropic.com)"
64.120.92.56 - - [29/Jul/2026:06:18:16 +0800] "POST /wp-cron.php?doing_wp_cron=1785277096.0308210849761962890625 HTTP/1.1" 200 0 "-" "WordPress/7.0.2; https://kitchensolusion.com"
216.73.216.175 - - [29/Jul/2026:06:18:15 +0800] "GET /?p=2501 HTTP/2" 301 0 "-" "Mozilla/5.0 AppleWebKit/537.36 (KHTML, like Gecko; compatible; ClaudeBot/1.0; +claudebot@anthropic.com)"
216.73.216.175 - - [29/Jul/2026:06:18:16 +0800] "GET /wa-08111-9296-333-jual-beli-barang-bekas-restoran-di-kedoya/ HTTP/2" 429 0 "https://kitchensolusion.com/?p=2501" "Mozilla/5.0 AppleWebKit/537.36 (KHTML, like Gecko; compatible; ClaudeBot/1.0; +claudebot@anthropic.com)"
216.244.66.250 - - [29/Jul/2026:06:18:40 +0800] "GET /robots.txt HTTP/1.1" 200 177 "-" "Mozilla/5.0 (compatible; DotBot/1.2; +https://opensiteexplorer.org/dotbot; help@moz.com)"
181.46.9.9 - - [29/Jul/2026:06:20:02 +0800] "GET /jual-beli-peralatan-dapur-restoran-stainless-bekas-di-pademangan/ HTTP/1.1" 200 17946 "-" "Mozilla/5.0 (Macintosh; U; PPC Mac OS X; en) AppleWebKit/85.8.2 (KHTML, like Gecko) Safari/85.8.1"
64.120.92.56 - - [29/Jul/2026:06:25:41 +0800] "POST /wp-cron.php?doing_wp_cron=1785277541.0397019386291503906250 HTTP/1.1" 200 0 "-" "WordPress/7.0.2; https://kitchensolusion.com"
85.208.96.193 - - [29/Jul/2026:06:25:40 +0800] "GET /robots.txt HTTP/1.1" 200 130 "-" "Mozilla/5.0 (compatible; SemrushBot/7~bl; +http://www.semrush.com/bot.html)"
185.191.171.13 - - [29/Jul/2026:06:25:43 +0800] "GET /category/jual-beli-barang-bekas-restoran-di-rempoa/ HTTP/1.1" 200 15816 "-" "Mozilla/5.0 (compatible; SemrushBot/7~bl; +http://www.semrush.com/bot.html)"
185.191.171.11 - - [29/Jul/2026:06:27:49 +0800] "GET /category/jual-beli-barang-bekas-restoran-jakarta/page/36/ HTTP/1.1" 200 18550 "-" "Mozilla/5.0 (compatible; SemrushBot/7~bl; +http://www.semrush.com/bot.html)"
216.73.216.175 - - [29/Jul/2026:06:29:19 +0800] "GET /robots.txt HTTP/2" 200 114 "-" "Mozilla/5.0 AppleWebKit/537.36 (KHTML, like Gecko; compatible; ClaudeBot/1.0; +claudebot@anthropic.com)"
216.73.216.175 - - [29/Jul/2026:06:29:22 +0800] "GET /?p=2504 HTTP/2" 301 0 "-" "Mozilla/5.0 AppleWebKit/537.36 (KHTML, like Gecko; compatible; ClaudeBot/1.0; +claudebot@anthropic.com)"
216.73.216.175 - - [29/Jul/2026:06:29:23 +0800] "GET /wa-08111-9296-333-jual-beli-peralatan-restoran-bekas-di-kedoya/ HTTP/2" 429 0 "https://kitchensolusion.com/?p=2504" "Mozilla/5.0 AppleWebKit/537.36 (KHTML, like Gecko; compatible; ClaudeBot/1.0; +claudebot@anthropic.com)"
64.120.92.56 - - [29/Jul/2026:06:30:41 +0800] "POST /wp-cron.php?doing_wp_cron=1785277841.4297919273376464843750 HTTP/1.1" 200 0 "-" "WordPress/7.0.2; https://kitchensolusion.com"
216.73.216.175 - - [29/Jul/2026:06:30:40 +0800] "GET /wa-08111-9296-333-jual-beli-barang-bekas-restoran-di-kedoya/feed/ HTTP/2" 200 512 "-" "Mozilla/5.0 AppleWebKit/537.36 (KHTML, like Gecko; compatible; ClaudeBot/1.0; +claudebot@anthropic.com)"
216.244.66.250 - - [29/Jul/2026:06:31:13 +0800] "GET /jual-beli-perlengkapan-restoran-bekas-di-tanjung-priok/ HTTP/1.1" 200 60950 "-" "Mozilla/5.0 (compatible; DotBot/1.2; +https://opensiteexplorer.org/dotbot; help@moz.com)"
216.244.66.250 - - [29/Jul/2026:06:31:21 +0800] "GET /peralatan-dapur-restoran-stainless-steel-bekas-di-cempaka-putih/ HTTP/1.1" 200 61059 "-" "Mozilla/5.0 (compatible; DotBot/1.2; +https://opensiteexplorer.org/dotbot; help@moz.com)"
216.244.66.250 - - [29/Jul/2026:06:31:26 +0800] "GET /chat-08111-9296-333-terima-jual-beli-borongan-kitchen-equipment-bekas-restoran-di-penjaringan/ HTTP/1.1" 200 62140 "-" "Mozilla/5.0 (compatible; DotBot/1.2; +https://opensiteexplorer.org/dotbot; help@moz.com)"
216.73.216.175 - - [29/Jul/2026:06:33:16 +0800] "GET /wa-08111-9296-333-jual-beli-ex-resto-terdekat-di-kedoya/feed/ HTTP/2" 200 521 "-" "Mozilla/5.0 AppleWebKit/537.36 (KHTML, like Gecko; compatible; ClaudeBot/1.0; +claudebot@anthropic.com)"
114.119.157.166 - - [29/Jul/2026:06:33:19 +0800] "GET /robots.txt HTTP/1.1" 200 114 "https://kitchensolusion.com/robots.txt" "Mozilla/5.0 (compatible;PetalBot;+https://webmaster.petalsearch.com/site/petalbot)"
216.244.66.250 - - [29/Jul/2026:06:33:21 +0800] "GET /category/jual-beli-barang-bekas-restoran-di-beji/page/2/ HTTP/1.1" 200 69287 "-" "Mozilla/5.0 (compatible; DotBot/1.2; +https://opensiteexplorer.org/dotbot; help@moz.com)"
216.73.216.175 - - [29/Jul/2026:06:35:18 +0800] "GET /?p=2499 HTTP/2" 301 0 "-" "Mozilla/5.0 AppleWebKit/537.36 (KHTML, like Gecko; compatible; ClaudeBot/1.0; +claudebot@anthropic.com)"
216.73.216.175 - - [29/Jul/2026:06:35:18 +0800] "GET /wa-08111-9296-333-jual-beli-ex-resto-terdekat-di-kedoya/ HTTP/2" 429 0 "https://kitchensolusion.com/?p=2499" "Mozilla/5.0 AppleWebKit/537.36 (KHTML, like Gecko; compatible; ClaudeBot/1.0; +claudebot@anthropic.com)"
64.120.92.56 - - [29/Jul/2026:06:36:22 +0800] "POST /wp-cron.php?doing_wp_cron=1785278182.8006610870361328125000 HTTP/1.1" 200 0 "-" "WordPress/7.0.2; https://kitchensolusion.com"
216.73.216.175 - - [29/Jul/2026:06:36:22 +0800] "GET /sitemap_index.xml HTTP/2" 200 317 "-" "Mozilla/5.0 AppleWebKit/537.36 (KHTML, like Gecko; compatible; ClaudeBot/1.0; +claudebot@anthropic.com)"
74.7.242.39 - - [29/Jul/2026:06:38:48 +0800] "GET /sitemap_index.xml HTTP/2" 200 317 "-" "Mozilla/5.0 AppleWebKit/537.36 (KHTML, like Gecko; compatible; GPTBot/1.4; +https://openai.com/gptbot)"
64.120.92.56 - - [29/Jul/2026:06:44:55 +0800] "POST /wp-cron.php?doing_wp_cron=1785278695.5578179359436035156250 HTTP/1.1" 200 0 "-" "WordPress/7.0.2; https://kitchensolusion.com"
216.73.216.175 - - [29/Jul/2026:06:44:54 +0800] "GET /?p=2498 HTTP/2" 301 0 "-" "Mozilla/5.0 AppleWebKit/537.36 (KHTML, like Gecko; compatible; ClaudeBot/1.0; +claudebot@anthropic.com)"
216.73.216.175 - - [29/Jul/2026:06:44:55 +0800] "GET /wa-08111-9296-333-jual-beli-alat-dapur-bekas-restoran-di-kedoya/ HTTP/2" 429 0 "https://kitchensolusion.com/?p=2498" "Mozilla/5.0 AppleWebKit/537.36 (KHTML, like Gecko; compatible; ClaudeBot/1.0; +claudebot@anthropic.com)"
216.73.216.175 - - [29/Jul/2026:06:47:26 +0800] "GET /wa-08111-9296-333-jual-beli-perkakas-dapur-restoran-di-kedoya/feed/ HTTP/2" 429 0 "-" "Mozilla/5.0 AppleWebKit/537.36 (KHTML, like Gecko; compatible; ClaudeBot/1.0; +claudebot@anthropic.com)"
64.120.92.56 - - [29/Jul/2026:06:47:27 +0800] "POST /wp-cron.php?doing_wp_cron=1785278847.4217009544372558593750 HTTP/1.1" 200 0 "-" "WordPress/7.0.2; https://kitchensolusion.com"
216.73.216.175 - - [29/Jul/2026:06:47:26 +0800] "GET /?p=2502 HTTP/2" 301 0 "-" "Mozilla/5.0 AppleWebKit/537.36 (KHTML, like Gecko; compatible; ClaudeBot/1.0; +claudebot@anthropic.com)"
216.73.216.175 - - [29/Jul/2026:06:47:28 +0800] "GET /wa-08111-9296-333-jual-beli-perkakas-dapur-restoran-di-kedoya/ HTTP/2" 429 0 "https://kitchensolusion.com/?p=2502" "Mozilla/5.0 AppleWebKit/537.36 (KHTML, like Gecko; compatible; ClaudeBot/1.0; +claudebot@anthropic.com)"
216.73.216.175 - - [29/Jul/2026:06:48:37 +0800] "GET /wa-08111-9296-333-jual-beli-alat-dapur-bekas-restoran-di-kedoya/feed/ HTTP/2" 200 529 "-" "Mozilla/5.0 AppleWebKit/537.36 (KHTML, like Gecko; compatible; ClaudeBot/1.0; +claudebot@anthropic.com)"
17.241.219.57 - - [29/Jul/2026:06:49:27 +0800] "GET /borongan-lelang-alat-dapur-di-daerah-johar-baru/feed/ HTTP/2" 200 534 "-" "Mozilla/5.0 (Macintosh; Intel Mac OS X 10_15_7) AppleWebKit/605.1.15 (KHTML, like Gecko) Version/17.4 Safari/605.1.15 (Applebot/0.1; +http://www.apple.com/go/applebot)"
94.98.134.84 - - [29/Jul/2026:06:50:02 +0800] "GET /jual-beli-alat-kitchen-ex-restoran-di-cilincing-jakarta-utara/ HTTP/1.1" 200 17895 "-" "Mozilla/5.0 (Macintosh; Intel Mac OS X 11.1; rv:130.0) Gecko/20100101 Firefox/130.0"
64.120.92.56 - - [29/Jul/2026:06:54:41 +0800] "POST /wp-cron.php?doing_wp_cron=1785279281.9676880836486816406250 HTTP/1.1" 200 0 "-" "WordPress/7.0.2; https://kitchensolusion.com"
85.208.96.208 - - [29/Jul/2026:06:54:41 +0800] "GET /category/jual-beli-borongan-bekas-restoran-di-tanah-sareal/ HTTP/1.1" 200 17603 "-" "Mozilla/5.0 (compatible; SemrushBot/7~bl; +http://www.semrush.com/bot.html)"
64.120.92.56 - - [29/Jul/2026:07:01:40 +0800] "POST /wp-cron.php?doing_wp_cron=1785279700.7596778869628906250000 HTTP/1.1" 200 0 "-" "WordPress/7.0.2; https://kitchensolusion.com"
84.124.182.17 - - [29/Jul/2026:07:01:40 +0800] "GET /chat-08111-9296-333-terima-jual-beli-borongan-peralatan-restoran-bekas-di-cilandak/ HTTP/1.1" 200 17988 "-" "Mozilla/5.0 (Macintosh; Intel Mac OS X 12.6; rv:129.0) Gecko/20100101 Firefox/129.0"
216.244.66.250 - - [29/Jul/2026:07:03:51 +0800] "GET /robots.txt HTTP/1.1" 200 177 "-" "Mozilla/5.0 (compatible; DotBot/1.2; +https://opensiteexplorer.org/dotbot; help@moz.com)"
64.120.92.56 - - [29/Jul/2026:07:10:23 +0800] "POST /wp-cron.php?doing_wp_cron=1785280223.8440270423889160156250 HTTP/1.1" 200 0 "-" "WordPress/7.0.2; https://kitchensolusion.com"
185.191.171.2 - - [29/Jul/2026:07:10:23 +0800] "GET /category/jual-beli-ex-resto-terdekat-di-cipinang/page/2/ HTTP/1.1" 200 16376 "-" "Mozilla/5.0 (compatible; SemrushBot/7~bl; +http://www.semrush.com/bot.html)"
64.120.92.56 - - [29/Jul/2026:07:14:07 +0800] "POST /wp-cron.php?doing_wp_cron=1785280447.2461059093475341796875 HTTP/1.1" 200 0 "-" "WordPress/7.0.2; https://kitchensolusion.com"
216.73.216.175 - - [29/Jul/2026:07:14:06 +0800] "GET /wa-08111-9296-333-terima-jual-beli-barang-bekas-restoran-di-bogor-barat/feed/ HTTP/2" 200 531 "-" "Mozilla/5.0 AppleWebKit/537.36 (KHTML, like Gecko; compatible; ClaudeBot/1.0; +claudebot@anthropic.com)"
216.73.216.175 - - [29/Jul/2026:07:14:59 +0800] "GET /?p=2939 HTTP/2" 301 0 "-" "Mozilla/5.0 AppleWebKit/537.36 (KHTML, like Gecko; compatible; ClaudeBot/1.0; +claudebot@anthropic.com)"
216.73.216.175 - - [29/Jul/2026:07:15:00 +0800] "GET /wa-08111-9296-333-terima-jual-beli-barang-bekas-restoran-di-bogor-barat/ HTTP/2" 429 0 "https://kitchensolusion.com/?p=2939" "Mozilla/5.0 AppleWebKit/537.36 (KHTML, like Gecko; compatible; ClaudeBot/1.0; +claudebot@anthropic.com)"
64.120.92.56 - - [29/Jul/2026:07:15:59 +0800] "POST /wp-cron.php?doing_wp_cron=1785280559.3003520965576171875000 HTTP/1.1" 200 0 "-" "WordPress/7.0.2; https://kitchensolusion.com"
216.244.66.250 - - [29/Jul/2026:07:15:58 +0800] "GET /category/jual-beli-kitchen-equipment-bekas/page/4/ HTTP/1.1" 200 123646 "-" "Mozilla/5.0 (compatible; DotBot/1.2; +https://opensiteexplorer.org/dotbot; help@moz.com)"
216.244.66.250 - - [29/Jul/2026:07:16:05 +0800] "GET /jual-beli-alat-kitchen-ex-restoran-di-cempaka-putih/ HTTP/1.1" 200 60875 "-" "Mozilla/5.0 (compatible; DotBot/1.2; +https://opensiteexplorer.org/dotbot; help@moz.com)"
216.244.66.250 - - [29/Jul/2026:07:16:15 +0800] "GET /jual-beli-lelang-alat-dapur-di-jakarta-timur/ HTTP/1.1" 200 60431 "-" "Mozilla/5.0 (compatible; DotBot/1.2; +https://opensiteexplorer.org/dotbot; help@moz.com)"
216.244.66.250 - - [29/Jul/2026:07:16:46 +0800] "GET /jual-beli-peralatan-dapur-bekas-resto-restoran-di-kecamatan-tanah-abang/ HTTP/1.1" 200 61542 "-" "Mozilla/5.0 (compatible; DotBot/1.2; +https://opensiteexplorer.org/dotbot; help@moz.com)"
216.244.66.250 - - [29/Jul/2026:07:17:17 +0800] "GET /08111-9296-333-terima-jual-beli-alat-restoran-bekas-kitchen-di-taman-sari/ HTTP/1.1" 200 61774 "-" "Mozilla/5.0 (compatible; DotBot/1.2; +https://opensiteexplorer.org/dotbot; help@moz.com)"
216.244.66.250 - - [29/Jul/2026:07:17:46 +0800] "GET /chat-08111-9296-333-terima-jual-beli-alat-restoran-bekas-di-kebayoran-lama/ HTTP/1.1" 200 61740 "-" "Mozilla/5.0 (compatible; DotBot/1.2; +https://opensiteexplorer.org/dotbot; help@moz.com)"
216.244.66.250 - - [29/Jul/2026:07:18:15 +0800] "GET /chat-08111-9296-333-terima-jual-beli-barang-bekas-restoran-cafe-resto-di-kalibata/ HTTP/1.1" 200 61921 "-" "Mozilla/5.0 (compatible; DotBot/1.2; +https://opensiteexplorer.org/dotbot; help@moz.com)"
216.244.66.250 - - [29/Jul/2026:07:18:42 +0800] "GET /chat-08111-9296-333-terima-jual-beli-barang-bekas-restoran-cafe-resto-di-petogogan/ HTTP/1.1" 200 61991 "-" "Mozilla/5.0 (compatible; DotBot/1.2; +https://opensiteexplorer.org/dotbot; help@moz.com)"
216.244.66.250 - - [29/Jul/2026:07:19:08 +0800] "GET /chat-08111-9296-333-terima-jual-beli-borongan-barang-bekas-restoran-di-kalibata/ HTTP/1.1" 200 61856 "-" "Mozilla/5.0 (compatible; DotBot/1.2; +https://opensiteexplorer.org/dotbot; help@moz.com)"
216.244.66.250 - - [29/Jul/2026:07:19:38 +0800] "GET /wa-08111-9296-333-jual-beli-borongan-barang-bekas-alat-restoran-di-pondok-cabe/ HTTP/1.1" 200 61882 "-" "Mozilla/5.0 (compatible; DotBot/1.2; +https://opensiteexplorer.org/dotbot; help@moz.com)"
216.73.216.175 - - [29/Jul/2026:07:20:01 +0800] "GET /?p=2940 HTTP/2" 301 0 "-" "Mozilla/5.0 AppleWebKit/537.36 (KHTML, like Gecko; compatible; ClaudeBot/1.0; +claudebot@anthropic.com)"
216.73.216.175 - - [29/Jul/2026:07:20:02 +0800] "GET /wa-08111-9296-333-terima-jual-beli-barang-bekas-restoran-ex-cafe-dan-resto-di-bogor-barat/ HTTP/2" 429 0 "https://kitchensolusion.com/?p=2940" "Mozilla/5.0 AppleWebKit/537.36 (KHTML, like Gecko; compatible; ClaudeBot/1.0; +claudebot@anthropic.com)"
216.244.66.250 - - [29/Jul/2026:07:20:09 +0800] "GET /wa-08111-9296-333-jual-beli-borongan-peralatan-restoran-bekas-di-petogogan/ HTTP/1.1" 200 61722 "-" "Mozilla/5.0 (compatible; DotBot/1.2; +https://opensiteexplorer.org/dotbot; help@moz.com)"
64.120.92.56 - - [29/Jul/2026:07:21:13 +0800] "POST /wp-cron.php?doing_wp_cron=1785280873.4981989860534667968750 HTTP/1.1" 200 0 "-" "WordPress/7.0.2; https://kitchensolusion.com"
216.73.216.175 - - [29/Jul/2026:07:21:12 +0800] "GET /wa-08111-9296-333-terima-jual-beli-barang-bekas-restoran-ex-cafe-dan-resto-di-bogor-barat/feed/ HTTP/2" 200 542 "-" "Mozilla/5.0 AppleWebKit/537.36 (KHTML, like Gecko; compatible; ClaudeBot/1.0; +claudebot@anthropic.com)"
54.222.227.133 - - [29/Jul/2026:07:22:48 +0800] "GET /blog/ HTTP/2" 200 35983 "-" "Mozilla/5.0 (iPhone; CPU iPhone OS 11_0 like Mac OS X) AppleWebKit/537.36 (KHTML, like Gecko) Chrome/48.0.3859.1147 Mobile Safari/537.36"
216.73.216.175 - - [29/Jul/2026:07:25:26 +0800] "GET /?p=2934 HTTP/2" 301 0 "-" "Mozilla/5.0 AppleWebKit/537.36 (KHTML, like Gecko; compatible; ClaudeBot/1.0; +claudebot@anthropic.com)"
216.73.216.175 - - [29/Jul/2026:07:25:27 +0800] "GET /wa-08111-9296-333-terima-jual-beli-alat-restoran-bekas-di-bogor-barat/ HTTP/2" 429 0 "https://kitchensolusion.com/?p=2934" "Mozilla/5.0 AppleWebKit/537.36 (KHTML, like Gecko; compatible; ClaudeBot/1.0; +claudebot@anthropic.com)"
64.120.92.56 - - [29/Jul/2026:07:25:43 +0800] "POST /wp-cron.php?doing_wp_cron=1785281143.3666179180145263671875 HTTP/1.1" 200 0 "-" "WordPress/7.0.2; https://kitchensolusion.com"
186.189.101.124 - - [29/Jul/2026:07:25:42 +0800] "GET /jual-beli-barang-bekas-restoran-di-daerah-menteng/ HTTP/1.1" 200 17894 "-" "Mozilla/5.0 (Windows NT 10.0; Win64; x64) AppleWebKit/537.36 (KHTML, like Gecko) Chrome/131.0.6778.265 Safari/537.36"
216.73.216.175 - - [29/Jul/2026:07:25:52 +0800] "GET /wa-08111-9296-333-terima-jual-beli-alat-restoran-bekas-di-bogor-barat/feed/ HTTP/2" 429 0 "-" "Mozilla/5.0 AppleWebKit/537.36 (KHTML, like Gecko; compatible; ClaudeBot/1.0; +claudebot@anthropic.com)"
36.140.126.176 - - [29/Jul/2026:07:26:47 +0800] "GET / HTTP/2" 200 13713 "-" "Mozilla/5.0 (Linux; Android 8.0; Pixel 2 Build/OPD3.170816.012) AppleWebKit/537.36 (KHTML, like Gecko) Chrome/43.0.6024.1519 Mobile Safari/537.36"
36.140.126.176 - - [29/Jul/2026:07:26:50 +0800] "GET /wp-content/plugins/elementor/assets/lib/eicons/css/elementor-icons.min.css?ver=5.43.0 HTTP/2" 200 4195 "https://kitchensolusion.com/" "Mozilla/5.0 (Linux; Android 8.0; Pixel 2 Build/OPD3.170816.012) AppleWebKit/537.36 (KHTML, like Gecko) Chrome/43.0.6024.1519 Mobile Safari/537.36"
36.140.126.176 - - [29/Jul/2026:07:26:50 +0800] "GET /wp-content/plugins/elementor/assets/css/conditionals/e-swiper.min.css?ver=3.31.3 HTTP/2" 200 753 "https://kitchensolusion.com/" "Mozilla/5.0 (Linux; Android 8.0; Pixel 2 Build/OPD3.170816.012) AppleWebKit/537.36 (KHTML, like Gecko) Chrome/43.0.6024.1519 Mobile Safari/537.36"
36.140.126.176 - - [29/Jul/2026:07:26:50 +0800] "GET /wp-content/plugins/elementor/assets/css/frontend.min.css?ver=3.31.3 HTTP/2" 200 7350 "https://kitchensolusion.com/" "Mozilla/5.0 (Linux; Android 8.0; Pixel 2 Build/OPD3.170816.012) AppleWebKit/537.36 (KHTML, like Gecko) Chrome/43.0.6024.1519 Mobile Safari/537.36"
36.140.126.176 - - [29/Jul/2026:07:26:50 +0800] "GET /wp-content/plugins/elementor/assets/css/widget-heading.min.css?ver=3.31.3 HTTP/2" 200 162 "https://kitchensolusion.com/" "Mozilla/5.0 (Linux; Android 8.0; Pixel 2 Build/OPD3.170816.012) AppleWebKit/537.36 (KHTML, like Gecko) Chrome/43.0.6024.1519 Mobile Safari/537.36"
36.140.126.176 - - [29/Jul/2026:07:26:50 +0800] "GET /wp-content/plugins/elementor/assets/lib/swiper/v8/css/swiper.min.css?ver=8.4.5 HTTP/2" 200 4544 "https://kitchensolusion.com/" "Mozilla/5.0 (Linux; Android 8.0; Pixel 2 Build/OPD3.170816.012) AppleWebKit/537.36 (KHTML, like Gecko) Chrome/43.0.6024.1519 Mobile Safari/537.36"
36.140.126.176 - - [29/Jul/2026:07:26:50 +0800] "GET /wp-content/plugins/elementor/assets/css/widget-image.min.css?ver=3.31.3 HTTP/2" 200 131 "https://kitchensolusion.com/" "Mozilla/5.0 (Linux; Android 8.0; Pixel 2 Build/OPD3.170816.012) AppleWebKit/537.36 (KHTML, like Gecko) Chrome/43.0.6024.1519 Mobile Safari/537.36"
36.140.126.176 - - [29/Jul/2026:07:26:50 +0800] "GET /wp-content/plugins/elementor/assets/css/widget-divider.min.css?ver=3.31.3 HTTP/2" 200 766 "https://kitchensolusion.com/" "Mozilla/5.0 (Linux; Android 8.0; Pixel 2 Build/OPD3.170816.012) AppleWebKit/537.36 (KHTML, like Gecko) Chrome/43.0.6024.1519 Mobile Safari/537.36"
36.140.126.176 - - [29/Jul/2026:07:26:50 +0800] "GET /wp-content/plugins/elementor/assets/css/widget-spacer.min.css?ver=3.31.3 HTTP/2" 200 349 "https://kitchensolusion.com/" "Mozilla/5.0 (Linux; Android 8.0; Pixel 2 Build/OPD3.170816.012) AppleWebKit/537.36 (KHTML, like Gecko) Chrome/43.0.6024.1519 Mobile Safari/537.36"
36.140.126.176 - - [29/Jul/2026:07:26:50 +0800] "GET /wp-content/plugins/elementor/assets/css/widget-image-carousel.min.css?ver=3.31.3 HTTP/2" 200 178 "https://kitchensolusion.com/" "Mozilla/5.0 (Linux; Android 8.0; Pixel 2 Build/OPD3.170816.012) AppleWebKit/537.36 (KHTML, like Gecko) Chrome/43.0.6024.1519 Mobile Safari/537.36"
36.140.126.176 - - [29/Jul/2026:07:26:50 +0800] "GET /wp-content/uploads/elementor/google-fonts/css/roboto.css?ver=1756880823 HTTP/2" 200 2007 "https://kitchensolusion.com/" "Mozilla/5.0 (Linux; Android 8.0; Pixel 2 Build/OPD3.170816.012) AppleWebKit/537.36 (KHTML, like Gecko) Chrome/43.0.6024.1519 Mobile Safari/537.36"
36.140.126.176 - - [29/Jul/2026:07:26:51 +0800] "GET /wp-content/uploads/elementor/google-fonts/css/robotoslab.css?ver=1756880824 HTTP/2" 200 772 "https://kitchensolusion.com/" "Mozilla/5.0 (Linux; Android 8.0; Pixel 2 Build/OPD3.170816.012) AppleWebKit/537.36 (KHTML, like Gecko) Chrome/43.0.6024.1519 Mobile Safari/537.36"
36.140.126.176 - - [29/Jul/2026:07:26:51 +0800] "GET /wp-content/uploads/2023/06/layanan3.jpg HTTP/2" 206 500 "https://kitchensolusion.com/" "Mozilla/5.0 (Linux; Android 8.0; Pixel 2 Build/OPD3.170816.012) AppleWebKit/537.36 (KHTML, like Gecko) Chrome/43.0.6024.1519 Mobile Safari/537.36"
36.140.126.176 - - [29/Jul/2026:07:26:51 +0800] "GET /wp-content/uploads/2023/06/3.webp HTTP/2" 206 500 "https://kitchensolusion.com/" "Mozilla/5.0 (Linux; Android 8.0; Pixel 2 Build/OPD3.170816.012) AppleWebKit/537.36 (KHTML, like Gecko) Chrome/43.0.6024.1519 Mobile Safari/537.36"
36.140.126.176 - - [29/Jul/2026:07:26:51 +0800] "GET /wp-content/uploads/2023/06/2.webp HTTP/2" 206 500 "https://kitchensolusion.com/" "Mozilla/5.0 (Linux; Android 8.0; Pixel 2 Build/OPD3.170816.012) AppleWebKit/537.36 (KHTML, like Gecko) Chrome/43.0.6024.1519 Mobile Safari/537.36"
36.140.126.176 - - [29/Jul/2026:07:26:51 +0800] "GET /wp-content/uploads/2023/06/layanan3.jpg HTTP/2" 304 0 "https://kitchensolusion.com/" "Mozilla/5.0 (Linux; Android 8.0; Pixel 2 Build/OPD3.170816.012) AppleWebKit/537.36 (KHTML, like Gecko) Chrome/43.0.6024.1519 Mobile Safari/537.36"
36.140.126.176 - - [29/Jul/2026:07:26:51 +0800] "GET /wp-content/uploads/2023/06/4.webp HTTP/2" 206 500 "https://kitchensolusion.com/" "Mozilla/5.0 (Linux; Android 8.0; Pixel 2 Build/OPD3.170816.012) AppleWebKit/537.36 (KHTML, like Gecko) Chrome/43.0.6024.1519 Mobile Safari/537.36"
36.140.126.176 - - [29/Jul/2026:07:26:51 +0800] "GET /wp-content/uploads/2023/06/5.webp HTTP/2" 206 500 "https://kitchensolusion.com/" "Mozilla/5.0 (Linux; Android 8.0; Pixel 2 Build/OPD3.170816.012) AppleWebKit/537.36 (KHTML, like Gecko) Chrome/43.0.6024.1519 Mobile Safari/537.36"
36.140.126.176 - - [29/Jul/2026:07:26:51 +0800] "GET /wp-content/plugins/elementor/assets/js/webpack.runtime.min.js?ver=3.31.3 HTTP/2" 200 2528 "https://kitchensolusion.com/" "Mozilla/5.0 (Linux; Android 8.0; Pixel 2 Build/OPD3.170816.012) AppleWebKit/537.36 (KHTML, like Gecko) Chrome/43.0.6024.1519 Mobile Safari/537.36"
36.140.126.176 - - [29/Jul/2026:07:26:51 +0800] "GET /wp-content/plugins/elementor/assets/js/frontend-modules.min.js?ver=3.31.3 HTTP/2" 200 16108 "https://kitchensolusion.com/" "Mozilla/5.0 (Linux; Android 8.0; Pixel 2 Build/OPD3.170816.012) AppleWebKit/537.36 (KHTML, like Gecko) Chrome/43.0.6024.1519 Mobile Safari/537.36"
36.140.126.176 - - [29/Jul/2026:07:26:51 +0800] "GET /wp-content/uploads/2023/06/layanan3.jpg HTTP/2" 206 467269 "https://kitchensolusion.com/" "Mozilla/5.0 (Linux; Android 8.0; Pixel 2 Build/OPD3.170816.012) AppleWebKit/537.36 (KHTML, like Gecko) Chrome/43.0.6024.1519 Mobile Safari/537.36"
36.140.126.176 - - [29/Jul/2026:07:26:51 +0800] "GET /wp-includes/js/jquery/ui/core.min.js?ver=1.13.3 HTTP/2" 200 7257 "https://kitchensolusion.com/" "Mozilla/5.0 (Linux; Android 8.0; Pixel 2 Build/OPD3.170816.012) AppleWebKit/537.36 (KHTML, like Gecko) Chrome/43.0.6024.1519 Mobile Safari/537.36"
36.140.126.176 - - [29/Jul/2026:07:26:51 +0800] "GET /wp-content/uploads/2023/06/1-1.webp HTTP/2" 206 500 "https://kitchensolusion.com/" "Mozilla/5.0 (Linux; Android 8.0; Pixel 2 Build/OPD3.170816.012) AppleWebKit/537.36 (KHTML, like Gecko) Chrome/43.0.6024.1519 Mobile Safari/537.36"
36.140.126.176 - - [29/Jul/2026:07:26:51 +0800] "GET /wp-content/plugins/elementor/assets/js/frontend.min.js?ver=3.31.3 HTTP/2" 200 11088 "https://kitchensolusion.com/" "Mozilla/5.0 (Linux; Android 8.0; Pixel 2 Build/OPD3.170816.012) AppleWebKit/537.36 (KHTML, like Gecko) Chrome/43.0.6024.1519 Mobile Safari/537.36"
36.140.126.176 - - [29/Jul/2026:07:26:51 +0800] "GET /wp-content/plugins/elementor/assets/lib/swiper/v8/swiper.min.js?ver=8.4.5 HTTP/2" 200 40868 "https://kitchensolusion.com/" "Mozilla/5.0 (Linux; Android 8.0; Pixel 2 Build/OPD3.170816.012) AppleWebKit/537.36 (KHTML, like Gecko) Chrome/43.0.6024.1519 Mobile Safari/537.36"
36.140.126.176 - - [29/Jul/2026:07:26:51 +0800] "GET /wp-content/uploads/2023/06/layanan-1.jpg HTTP/2" 206 500 "https://kitchensolusion.com/" "Mozilla/5.0 (Linux; Android 8.0; Pixel 2 Build/OPD3.170816.012) AppleWebKit/537.36 (KHTML, like Gecko) Chrome/43.0.6024.1519 Mobile Safari/537.36"
36.140.126.176 - - [29/Jul/2026:07:26:52 +0800] "GET /wp-content/uploads/2023/06/layanan-1.jpg HTTP/2" 304 0 "https://kitchensolusion.com/" "Mozilla/5.0 (Linux; Android 8.0; Pixel 2 Build/OPD3.170816.012) AppleWebKit/537.36 (KHTML, like Gecko) Chrome/43.0.6024.1519 Mobile Safari/537.36"
36.140.126.176 - - [29/Jul/2026:07:26:52 +0800] "GET /wp-content/uploads/2023/06/layanan4.jpg HTTP/2" 206 500 "https://kitchensolusion.com/" "Mozilla/5.0 (Linux; Android 8.0; Pixel 2 Build/OPD3.170816.012) AppleWebKit/537.36 (KHTML, like Gecko) Chrome/43.0.6024.1519 Mobile Safari/537.36"
36.140.126.176 - - [29/Jul/2026:07:26:52 +0800] "GET /wp-content/uploads/2023/06/layanan14.jpg HTTP/2" 206 500 "https://kitchensolusion.com/" "Mozilla/5.0 (Linux; Android 8.0; Pixel 2 Build/OPD3.170816.012) AppleWebKit/537.36 (KHTML, like Gecko) Chrome/43.0.6024.1519 Mobile Safari/537.36"
36.140.126.176 - - [29/Jul/2026:07:26:52 +0800] "GET /wp-content/uploads/2023/06/layanan12.jpg HTTP/2" 206 500 "https://kitchensolusion.com/" "Mozilla/5.0 (Linux; Android 8.0; Pixel 2 Build/OPD3.170816.012) AppleWebKit/537.36 (KHTML, like Gecko) Chrome/43.0.6024.1519 Mobile Safari/537.36"
36.140.126.176 - - [29/Jul/2026:07:26:52 +0800] "GET /wp-content/plugins/elementor/assets/js/image-carousel.6167d20b95b33386757b.bundle.min.js HTTP/2" 200 280 "https://kitchensolusion.com/" "Mozilla/5.0 (Linux; Android 8.0; Pixel 2 Build/OPD3.170816.012) AppleWebKit/537.36 (KHTML, like Gecko) Chrome/43.0.6024.1519 Mobile Safari/537.36"
36.140.126.176 - - [29/Jul/2026:07:26:52 +0800] "GET /wp-content/plugins/elementor/assets/js/shared-frontend-handlers.4c8abccc3e268b0767b2.bundle.min.js HTTP/2" 200 2747 "https://kitchensolusion.com/" "Mozilla/5.0 (Linux; Android 8.0; Pixel 2 Build/OPD3.170816.012) AppleWebKit/537.36 (KHTML, like Gecko) Chrome/43.0.6024.1519 Mobile Safari/537.36"
36.140.126.176 - - [29/Jul/2026:07:26:52 +0800] "GET /wp-content/plugins/elementor/assets/js/section-frontend-handlers.d85ab872da118940910d.bundle.min.js HTTP/2" 200 281 "https://kitchensolusion.com/" "Mozilla/5.0 (Linux; Android 8.0; Pixel 2 Build/OPD3.170816.012) AppleWebKit/537.36 (KHTML, like Gecko) Chrome/43.0.6024.1519 Mobile Safari/537.36"
36.140.126.176 - - [29/Jul/2026:07:26:52 +0800] "GET /wp-content/uploads/2023/06/layanan12.jpg HTTP/2" 304 0 "https://kitchensolusion.com/" "Mozilla/5.0 (Linux; Android 8.0; Pixel 2 Build/OPD3.170816.012) AppleWebKit/537.36 (KHTML, like Gecko) Chrome/43.0.6024.1519 Mobile Safari/537.36"
36.140.126.176 - - [29/Jul/2026:07:26:52 +0800] "GET /wp-content/uploads/2023/06/layanan4.jpg HTTP/2" 304 0 "https://kitchensolusion.com/" "Mozilla/5.0 (Linux; Android 8.0; Pixel 2 Build/OPD3.170816.012) AppleWebKit/537.36 (KHTML, like Gecko) Chrome/43.0.6024.1519 Mobile Safari/537.36"
36.140.126.176 - - [29/Jul/2026:07:26:52 +0800] "GET /wp-content/uploads/2023/06/layanan-1.jpg HTTP/2" 206 680112 "https://kitchensolusion.com/" "Mozilla/5.0 (Linux; Android 8.0; Pixel 2 Build/OPD3.170816.012) AppleWebKit/537.36 (KHTML, like Gecko) Chrome/43.0.6024.1519 Mobile Safari/537.36"
36.140.126.176 - - [29/Jul/2026:07:26:52 +0800] "GET /wp-content/plugins/elementor/assets/js/text-editor.abc8f59c62f2820dc25a.bundle.min.js HTTP/2" 200 672 "https://kitchensolusion.com/" "Mozilla/5.0 (Linux; Android 8.0; Pixel 2 Build/OPD3.170816.012) AppleWebKit/537.36 (KHTML, like Gecko) Chrome/43.0.6024.1519 Mobile Safari/537.36"
36.140.126.176 - - [29/Jul/2026:07:26:51 +0800] "GET /wp-content/uploads/2023/06/layanan13.jpg HTTP/2" 206 500 "https://kitchensolusion.com/" "Mozilla/5.0 (Linux; Android 8.0; Pixel 2 Build/OPD3.170816.012) AppleWebKit/537.36 (KHTML, like Gecko) Chrome/43.0.6024.1519 Mobile Safari/537.36"
36.140.126.176 - - [29/Jul/2026:07:26:52 +0800] "GET /wp-content/uploads/2023/06/layanan14.jpg HTTP/2" 304 0 "https://kitchensolusion.com/" "Mozilla/5.0 (Linux; Android 8.0; Pixel 2 Build/OPD3.170816.012) AppleWebKit/537.36 (KHTML, like Gecko) Chrome/43.0.6024.1519 Mobile Safari/537.36"
36.140.126.176 - - [29/Jul/2026:07:26:52 +0800] "GET /wp-content/uploads/2023/06/layanan4.jpg HTTP/2" 206 104022 "https://kitchensolusion.com/" "Mozilla/5.0 (Linux; Android 8.0; Pixel 2 Build/OPD3.170816.012) AppleWebKit/537.36 (KHTML, like Gecko) Chrome/43.0.6024.1519 Mobile Safari/537.36"
36.140.126.176 - - [29/Jul/2026:07:26:52 +0800] "GET /wp-content/uploads/2023/06/layanan12.jpg HTTP/2" 206 475913 "https://kitchensolusion.com/" "Mozilla/5.0 (Linux; Android 8.0; Pixel 2 Build/OPD3.170816.012) AppleWebKit/537.36 (KHTML, like Gecko) Chrome/43.0.6024.1519 Mobile Safari/537.36"
36.140.126.176 - - [29/Jul/2026:07:26:52 +0800] "GET /wp-content/uploads/2023/06/layanan14.jpg HTTP/2" 206 114471 "https://kitchensolusion.com/" "Mozilla/5.0 (Linux; Android 8.0; Pixel 2 Build/OPD3.170816.012) AppleWebKit/537.36 (KHTML, like Gecko) Chrome/43.0.6024.1519 Mobile Safari/537.36"
36.140.126.176 - - [29/Jul/2026:07:26:52 +0800] "GET /wp-content/uploads/2023/06/layanan13.jpg HTTP/2" 304 0 "https://kitchensolusion.com/" "Mozilla/5.0 (Linux; Android 8.0; Pixel 2 Build/OPD3.170816.012) AppleWebKit/537.36 (KHTML, like Gecko) Chrome/43.0.6024.1519 Mobile Safari/537.36"
36.140.126.176 - - [29/Jul/2026:07:26:53 +0800] "GET /wp-content/uploads/2023/06/layanan13.jpg HTTP/2" 206 455386 "https://kitchensolusion.com/" "Mozilla/5.0 (Linux; Android 8.0; Pixel 2 Build/OPD3.170816.012) AppleWebKit/537.36 (KHTML, like Gecko) Chrome/43.0.6024.1519 Mobile Safari/537.36"
64.120.92.56 - - [29/Jul/2026:07:30:52 +0800] "POST /wp-cron.php?doing_wp_cron=1785281452.9219379425048828125000 HTTP/1.1" 200 0 "-" "WordPress/7.0.2; https://kitchensolusion.com"
171.220.233.186 - - [29/Jul/2026:07:30:52 +0800] "GET / HTTP/2" 200 13713 "-" "Mozilla/5.0 (iPhone; CPU iPhone OS 11_0 like Mac OS X) AppleWebKit/537.36 (KHTML, like Gecko) Chrome/50.0.7690.1915 Mobile Safari/537.36"
216.73.216.175 - - [29/Jul/2026:07:31:48 +0800] "GET /robots.txt HTTP/2" 200 114 "-" "Mozilla/5.0 AppleWebKit/537.36 (KHTML, like Gecko; compatible; ClaudeBot/1.0; +claudebot@anthropic.com)"
216.73.216.175 - - [29/Jul/2026:07:31:53 +0800] "GET /sitemap_index.xml HTTP/2" 200 317 "-" "Mozilla/5.0 AppleWebKit/537.36 (KHTML, like Gecko; compatible; ClaudeBot/1.0; +claudebot@anthropic.com)"
216.73.216.175 - - [29/Jul/2026:07:32:31 +0800] "GET /wa-08111-9296-333-terima-jual-beli-equipment-restauran-hotel-di-bogor-barat/feed/ HTTP/2" 200 549 "-" "Mozilla/5.0 AppleWebKit/537.36 (KHTML, like Gecko; compatible; ClaudeBot/1.0; +claudebot@anthropic.com)"
216.73.216.175 - - [29/Jul/2026:07:33:41 +0800] "GET /?p=2933 HTTP/2" 301 0 "-" "Mozilla/5.0 AppleWebKit/537.36 (KHTML, like Gecko; compatible; ClaudeBot/1.0; +claudebot@anthropic.com)"
216.73.216.175 - - [29/Jul/2026:07:33:43 +0800] "GET /wa-08111-9296-333-terima-jual-beli-peralatan-restoran-bekas-di-bogor-barat/ HTTP/2" 429 0 "https://kitchensolusion.com/?p=2933" "Mozilla/5.0 AppleWebKit/537.36 (KHTML, like Gecko; compatible; ClaudeBot/1.0; +claudebot@anthropic.com)"
216.73.216.175 - - [29/Jul/2026:07:33:55 +0800] "GET /?p=2937 HTTP/2" 429 0 "-" "Mozilla/5.0 AppleWebKit/537.36 (KHTML, like Gecko; compatible; ClaudeBot/1.0; +claudebot@anthropic.com)"
85.208.96.203 - - [29/Jul/2026:07:34:02 +0800] "GET /robots.txt HTTP/1.1" 200 130 "-" "Mozilla/5.0 (compatible; SemrushBot/7~bl; +http://www.semrush.com/bot.html)"
185.191.171.8 - - [29/Jul/2026:07:34:04 +0800] "GET /blog/page/181/ HTTP/1.1" 200 18486 "-" "Mozilla/5.0 (compatible; SemrushBot/7~bl; +http://www.semrush.com/bot.html)"
64.120.92.56 - - [29/Jul/2026:07:37:41 +0800] "POST /wp-cron.php?doing_wp_cron=1785281860.9644119739532470703125 HTTP/1.1" 200 0 "-" "WordPress/7.0.2; https://kitchensolusion.com"
167.86.130.82 - - [29/Jul/2026:07:37:40 +0800] "GET /jual-beli-borongan-peralatan-restoran-di-daerah-senen/ HTTP/1.1" 200 17919 "-" "Mozilla/5.0 (Macintosh; Intel Mac OS X 13_7_1) AppleWebKit/537.36 (KHTML, like Gecko) Chrome/133.0.6943.141 Safari/537.36"
216.73.216.175 - - [29/Jul/2026:07:38:19 +0800] "GET /wa-08111-9296-333-terima-jual-beli-peralatan-restoran-bekas-di-bogor-barat/feed/ HTTP/2" 200 528 "-" "Mozilla/5.0 AppleWebKit/537.36 (KHTML, like Gecko; compatible; ClaudeBot/1.0; +claudebot@anthropic.com)"
64.120.92.56 - - [29/Jul/2026:07:48:33 +0800] "POST /wp-cron.php?doing_wp_cron=1785282513.0537939071655273437500 HTTP/1.1" 200 0 "-" "WordPress/7.0.2; https://kitchensolusion.com"
85.208.96.208 - - [29/Jul/2026:07:48:32 +0800] "GET /category/jual-beli-barang-bekas-restoran-jakarta/page/2/ HTTP/1.1" 200 18482 "-" "Mozilla/5.0 (compatible; SemrushBot/7~bl; +http://www.semrush.com/bot.html)"
85.208.96.193 - - [29/Jul/2026:07:48:35 +0800] "GET /blog/page/97/ HTTP/1.1" 200 18482 "-" "Mozilla/5.0 (compatible; SemrushBot/7~bl; +http://www.semrush.com/bot.html)"
216.244.66.250 - - [29/Jul/2026:07:48:35 +0800] "GET /robots.txt HTTP/1.1" 200 177 "-" "Mozilla/5.0 (compatible; DotBot/1.2; +https://opensiteexplorer.org/dotbot; help@moz.com)"
68.67.112.0 - - [29/Jul/2026:07:48:57 +0800] "GET /robots.txt HTTP/1.1" 200 114 "-" "Mozilla/5.0 AppleWebKit/537.36 (KHTML, like Gecko; compatible; YouBot/1.0; +https://docs.you.com/youbot; env:prod) Chrome/142.0.0.0 Safari/537.36"
68.67.112.0 - - [29/Jul/2026:07:48:59 +0800] "GET /category/jual-beli-barang-bekas-restoran-di-bekasi-barat/ HTTP/1.1" 200 14486 "-" "Mozilla/5.0 AppleWebKit/537.36 (KHTML, like Gecko; compatible; YouBot/1.0; +https://docs.you.com/youbot; env:prod) Chrome/142.0.0.0 Safari/537.36"
185.138.37.121 - - [29/Jul/2026:07:49:40 +0800] "GET /wa-08111-9296-333-jual-beli-perkakas-dapur-restoran-di-serdang/ HTTP/1.1" 200 17973 "-" "Mozilla/5.0 (Macintosh; Intel Mac OS X 13.7; rv:126.0) Gecko/20100101 Firefox/126.0"
216.73.216.175 - - [29/Jul/2026:07:50:15 +0800] "GET /wa-08111-9296-333-terima-jual-beli-borongan-peralatan-restoran-bekas-di-bogor-barat/feed/ HTTP/2" 200 531 "-" "Mozilla/5.0 AppleWebKit/537.36 (KHTML, like Gecko; compatible; ClaudeBot/1.0; +claudebot@anthropic.com)"
64.120.92.56 - - [29/Jul/2026:07:53:20 +0800] "POST /wp-cron.php?doing_wp_cron=1785282800.2182679176330566406250 HTTP/1.1" 200 0 "-" "WordPress/7.0.2; https://kitchensolusion.com"
216.73.216.175 - - [29/Jul/2026:07:53:19 +0800] "GET /?p=2936 HTTP/2" 301 0 "-" "Mozilla/5.0 AppleWebKit/537.36 (KHTML, like Gecko; compatible; ClaudeBot/1.0; +claudebot@anthropic.com)"
216.73.216.175 - - [29/Jul/2026:07:53:20 +0800] "GET /wa-08111-9296-333-terima-jual-beli-equipment-restauran-hotel-di-bogor-barat/ HTTP/2" 429 0 "https://kitchensolusion.com/?p=2936" "Mozilla/5.0 AppleWebKit/537.36 (KHTML, like Gecko; compatible; ClaudeBot/1.0; +claudebot@anthropic.com)"
85.208.96.211 - - [29/Jul/2026:07:54:03 +0800] "GET /category/jual-beli-barang-bekas-restoran-jakarta/page/38/ HTTP/1.1" 200 18457 "-" "Mozilla/5.0 (compatible; SemrushBot/7~bl; +http://www.semrush.com/bot.html)"
64.120.92.56 - - [29/Jul/2026:07:56:10 +0800] "POST /wp-cron.php?doing_wp_cron=1785282970.5615079402923583984375 HTTP/1.1" 200 0 "-" "WordPress/7.0.2; https://kitchensolusion.com"
216.73.216.175 - - [29/Jul/2026:07:56:09 +0800] "GET /?p=2269 HTTP/2" 301 0 "-" "Mozilla/5.0 AppleWebKit/537.36 (KHTML, like Gecko; compatible; ClaudeBot/1.0; +claudebot@anthropic.com)"
216.73.216.175 - - [29/Jul/2026:07:56:10 +0800] "GET /wa-08111-9296-333-jual-beli-barang-bekas-restoran-cafe-kitchen-equipment-di-kemayoran/ HTTP/2" 429 0 "https://kitchensolusion.com/?p=2269" "Mozilla/5.0 AppleWebKit/537.36 (KHTML, like Gecko; compatible; ClaudeBot/1.0; +claudebot@anthropic.com)"
216.73.216.175 - - [29/Jul/2026:07:59:09 +0800] "GET /?p=1803 HTTP/2" 301 0 "-" "Mozilla/5.0 AppleWebKit/537.36 (KHTML, like Gecko; compatible; ClaudeBot/1.0; +claudebot@anthropic.com)"
216.73.216.175 - - [29/Jul/2026:07:59:10 +0800] "GET /jual-beli-peralatan-dapur-restoran-stainless-bekas-di-cipayung/ HTTP/2" 429 0 "https://kitchensolusion.com/?p=1803" "Mozilla/5.0 AppleWebKit/537.36 (KHTML, like Gecko; compatible; ClaudeBot/1.0; +claudebot@anthropic.com)"
216.244.66.250 - - [29/Jul/2026:07:59:44 +0800] "GET /category/jual-beli-barang-bekas-restoran-jakarta/page/4/ HTTP/1.1" 200 125473 "-" "Mozilla/5.0 (compatible; DotBot/1.2; +https://opensiteexplorer.org/dotbot; help@moz.com)"
216.244.66.250 - - [29/Jul/2026:07:59:54 +0800] "GET /jual-beli-alat-kitchen-ex-restoran-di-jakarta-barat/ HTTP/1.1" 200 60566 "-" "Mozilla/5.0 (compatible; DotBot/1.2; +https://opensiteexplorer.org/dotbot; help@moz.com)"
216.244.66.250 - - [29/Jul/2026:08:00:02 +0800] "GET /jual-beli-lelang-barang-bekas-restoran-ex-cafe-dan-resto-di-penjaringan/ HTTP/1.1" 200 61516 "-" "Mozilla/5.0 (compatible; DotBot/1.2; +https://opensiteexplorer.org/dotbot; help@moz.com)"
216.244.66.250 - - [29/Jul/2026:08:00:09 +0800] "GET /chat-08111-9296-333-terima-jual-beli-barang-bekas-restoran-di-pondok-aren/ HTTP/1.1" 200 61312 "-" "Mozilla/5.0 (compatible; DotBot/1.2; +https://opensiteexplorer.org/dotbot; help@moz.com)"
216.244.66.250 - - [29/Jul/2026:08:00:16 +0800] "GET /chat-08111-9296-333-terima-jual-beli-equipment-restoran-hotel-di-matraman/ HTTP/1.1" 200 61676 "-" "Mozilla/5.0 (compatible; DotBot/1.2; +https://opensiteexplorer.org/dotbot; help@moz.com)"
216.244.66.250 - - [29/Jul/2026:08:00:22 +0800] "GET /category/jual-beli-kitchen-equipment-bekas/page/7/ HTTP/1.1" 200 123394 "-" "Mozilla/5.0 (compatible; DotBot/1.2; +https://opensiteexplorer.org/dotbot; help@moz.com)"
64.120.92.56 - - [29/Jul/2026:08:01:53 +0800] "POST /wp-cron.php?doing_wp_cron=1785283313.8973569869995117187500 HTTP/1.1" 200 0 "-" "WordPress/7.0.2; https://kitchensolusion.com"
216.73.216.175 - - [29/Jul/2026:08:01:53 +0800] "GET /?p=4375 HTTP/2" 301 0 "-" "Mozilla/5.0 AppleWebKit/537.36 (KHTML, like Gecko; compatible; ClaudeBot/1.0; +claudebot@anthropic.com)"
216.73.216.175 - - [29/Jul/2026:08:01:54 +0800] "GET /08111-9296-333-terima-jual-beli-alat-restoran-bekas-kitchen-di-palmerah/ HTTP/2" 429 0 "https://kitchensolusion.com/?p=4375" "Mozilla/5.0 AppleWebKit/537.36 (KHTML, like Gecko; compatible; ClaudeBot/1.0; +claudebot@anthropic.com)"
216.244.66.250 - - [29/Jul/2026:08:02:08 +0800] "GET /08111-9296-333-terima-jual-beli-bekas-restoran-di-kembangan/feed/ HTTP/1.1" 200 1012 "-" "Mozilla/5.0 (compatible; DotBot/1.2; +https://opensiteexplorer.org/dotbot; help@moz.com)"
64.120.92.56 - - [29/Jul/2026:08:06:43 +0800] "POST /wp-cron.php?doing_wp_cron=1785283603.8484239578247070312500 HTTP/1.1" 200 0 "-" "WordPress/7.0.2; https://kitchensolusion.com"
