| Server IP : 64.120.92.56 / Your IP : 216.73.217.1 Web Server : LiteSpeed System : Linux sgl14.dewaweb.com 5.14.0-687.17.1.el9_8.x86_64 #1 SMP PREEMPT_DYNAMIC Mon Jun 22 07:21:26 EDT 2026 x86_64 User : kelaspri ( 1181) PHP Version : 8.1.34 Disable Function : NONE MySQL : OFF | cURL : ON | WGET : ON | Perl : ON | Python : OFF | Sudo : OFF | Pkexec : OFF Directory : /home/kelaspri/access-logs/ |
Upload File : |
198.244.168.226 - - [28/Jul/2026:20:02:47 +0800] "GET /wa-08111-9296-333-jual-beli-barang-bekas-restoran-di-paseban/feed/ HTTP/2" 304 0 "-" "Mozilla/5.0 (compatible; AhrefsBot/7.0; +http://ahrefs.com/robot/)"
216.73.216.175 - - [28/Jul/2026:20:03:07 +0800] "GET /jual-beli-peralatan-dapur-restoran-stainless-bekas-di-kramat-jati/ HTTP/2" 429 0 "-" "Mozilla/5.0 AppleWebKit/537.36 (KHTML, like Gecko; compatible; ClaudeBot/1.0; +claudebot@anthropic.com)"
216.73.216.175 - - [28/Jul/2026:20:03:07 +0800] "GET /?p=1761 HTTP/2" 301 0 "-" "Mozilla/5.0 AppleWebKit/537.36 (KHTML, like Gecko; compatible; ClaudeBot/1.0; +claudebot@anthropic.com)"
216.73.216.175 - - [28/Jul/2026:20:03:10 +0800] "GET /jual-beli-ex-resto-terdekat-di-klender/ HTTP/2" 429 0 "https://kitchensolusion.com/?p=1761" "Mozilla/5.0 AppleWebKit/537.36 (KHTML, like Gecko; compatible; ClaudeBot/1.0; +claudebot@anthropic.com)"
216.73.216.175 - - [28/Jul/2026:20:03:13 +0800] "GET /?p=1828 HTTP/2" 429 0 "-" "Mozilla/5.0 AppleWebKit/537.36 (KHTML, like Gecko; compatible; ClaudeBot/1.0; +claudebot@anthropic.com)"
216.73.216.175 - - [28/Jul/2026:20:04:01 +0800] "GET /jual-beli-alat-dapur-bekas-restoran-di-pinang-ranti/feed/ HTTP/2" 429 0 "-" "Mozilla/5.0 AppleWebKit/537.36 (KHTML, like Gecko; compatible; ClaudeBot/1.0; +claudebot@anthropic.com)"
216.73.216.175 - - [28/Jul/2026:20:04:01 +0800] "GET /chat-08111-9296-333-terima-jual-beli-barang-bekas-restoran-di-kebon-jeruk/feed/ HTTP/2" 200 527 "-" "Mozilla/5.0 AppleWebKit/537.36 (KHTML, like Gecko; compatible; ClaudeBot/1.0; +claudebot@anthropic.com)"
216.73.216.175 - - [28/Jul/2026:20:04:04 +0800] "GET /jual-beli-alat-dapur-bekas-restoran-di-ciracas/feed/ HTTP/2" 429 0 "-" "Mozilla/5.0 AppleWebKit/537.36 (KHTML, like Gecko; compatible; ClaudeBot/1.0; +claudebot@anthropic.com)"
216.73.216.175 - - [28/Jul/2026:20:04:05 +0800] "GET /?p=1829 HTTP/2" 429 0 "-" "Mozilla/5.0 AppleWebKit/537.36 (KHTML, like Gecko; compatible; ClaudeBot/1.0; +claudebot@anthropic.com)"
198.244.226.2 - - [28/Jul/2026:20:04:06 +0800] "GET /jual-beli-lelang-alat-dapur-di-jakarta-barat/feed/ HTTP/2" 304 0 "-" "Mozilla/5.0 (compatible; AhrefsBot/7.0; +http://ahrefs.com/robot/)"
216.73.216.175 - - [28/Jul/2026:20:04:41 +0800] "GET /jual-beli-alat-dapur-bekas-restoran-di-malaka-jaya/feed/ HTTP/2" 200 507 "-" "Mozilla/5.0 AppleWebKit/537.36 (KHTML, like Gecko; compatible; ClaudeBot/1.0; +claudebot@anthropic.com)"
198.244.242.119 - - [28/Jul/2026:20:05:08 +0800] "GET /borongan-lelang-alat-dapur-di-daerah-tanah-abang/feed/ HTTP/2" 304 0 "-" "Mozilla/5.0 (compatible; AhrefsBot/7.0; +http://ahrefs.com/robot/)"
85.57.17.37 - - [28/Jul/2026:20:05:19 +0800] "GET /chat-08111-9296-333-terima-jual-beli-equipment-restoran-hotel-di-karawaci/ HTTP/1.1" 200 17988 "-" "Mozilla/5.0 (Windows NT 10.0; Win64; x64) AppleWebKit/537.36 (KHTML, like Gecko) Chrome/131.0.6778.139 Safari/537.36"
64.120.92.56 - - [28/Jul/2026:20:06:13 +0800] "POST /wp-cron.php?doing_wp_cron=1785240373.2591199874877929687500 HTTP/1.1" 200 0 "-" "WordPress/7.0.2; https://kitchensolusion.com"
51.195.183.32 - - [28/Jul/2026:20:06:12 +0800] "GET /wa-08111-9296-333-jual-beli-peralatan-kitchen-cafe-bekas-di-pondok-ranji/feed/ HTTP/2" 304 0 "-" "Mozilla/5.0 (compatible; AhrefsBot/7.0; +http://ahrefs.com/robot/)"
216.73.216.175 - - [28/Jul/2026:20:07:13 +0800] "GET /jual-beli-alat-dapur-bekas-restoran-di-cipinang/feed/ HTTP/2" 200 502 "-" "Mozilla/5.0 AppleWebKit/537.36 (KHTML, like Gecko; compatible; ClaudeBot/1.0; +claudebot@anthropic.com)"
216.73.216.175 - - [28/Jul/2026:20:09:16 +0800] "GET /jual-beli-peralatan-dapur-restoran-stainless-bekas-di-kramat-jati/feed/ HTTP/2" 200 519 "-" "Mozilla/5.0 AppleWebKit/537.36 (KHTML, like Gecko; compatible; ClaudeBot/1.0; +claudebot@anthropic.com)"
43.246.225.31 - - [28/Jul/2026:20:10:04 +0800] "GET /jual-beli-perlengkapan-restoran-bekas-di-jakarta-timur/ HTTP/1.1" 200 15849 "-" "Mozilla/5.0 (Macintosh; Intel Mac OS X 10_15_7) AppleWebKit/537.36 (KHTML, like Gecko) Chrome/133.0.0.0 Safari/537.36"
216.73.216.175 - - [28/Jul/2026:20:10:07 +0800] "GET /?p=1496 HTTP/2" 301 0 "-" "Mozilla/5.0 AppleWebKit/537.36 (KHTML, like Gecko; compatible; ClaudeBot/1.0; +claudebot@anthropic.com)"
216.73.216.175 - - [28/Jul/2026:20:10:08 +0800] "GET /jual-beli-borongan-alat-dapur-di-daerah-kemayoran/ HTTP/2" 429 0 "https://kitchensolusion.com/?p=1496" "Mozilla/5.0 AppleWebKit/537.36 (KHTML, like Gecko; compatible; ClaudeBot/1.0; +claudebot@anthropic.com)"
64.120.92.56 - - [28/Jul/2026:20:10:56 +0800] "POST /wp-cron.php?doing_wp_cron=1785240656.3272259235382080078125 HTTP/1.1" 200 0 "-" "WordPress/7.0.2; https://kitchensolusion.com"
97.74.87.194 - - [28/Jul/2026:20:10:55 +0800] "POST /xmlrpc.php HTTP/1.1" 200 216 "-" "Mozilla/5.0 (Windows NT 10.0; Win64; x64) AppleWebKit/537.36 (KHTML, like Gecko) Chrome/150.0.0.0 Safari/537.36"
198.38.94.66 - - [28/Jul/2026:20:11:00 +0800] "GET /wp-login.php HTTP/1.1" 200 2812 "-" "Mozilla/5.0 (Windows NT 10.0; Win64; x64) AppleWebKit/537.36 (KHTML, like Gecko) Chrome/150.0.0.0 Safari/537.36"
198.38.94.66 - - [28/Jul/2026:20:11:02 +0800] "POST /wp-login.php HTTP/1.1" 200 2928 "https://kitchensolusion.com/wp-login.php" "Mozilla/5.0 (Windows NT 10.0; Win64; x64) AppleWebKit/537.36 (KHTML, like Gecko) Chrome/150.0.0.0 Safari/537.36"
129.159.56.14 - - [28/Jul/2026:20:12:51 +0800] "GET /.env HTTP/1.1" 403 1242 "-" "Mozilla/5.0 (Windows NT 10.0; Win64; x64) AppleWebKit/537.36"
64.120.92.56 - - [28/Jul/2026:20:13:08 +0800] "POST /wp-cron.php?doing_wp_cron=1785240788.6918780803680419921875 HTTP/1.1" 200 0 "-" "WordPress/7.0.2; https://kitchensolusion.com"
85.208.96.211 - - [28/Jul/2026:20:13:07 +0800] "GET /robots.txt HTTP/1.1" 200 130 "-" "Mozilla/5.0 (compatible; SemrushBot/7~bl; +http://www.semrush.com/bot.html)"
185.191.171.6 - - [28/Jul/2026:20:13:10 +0800] "GET /blog/page/162/ HTTP/1.1" 200 18716 "-" "Mozilla/5.0 (compatible; SemrushBot/7~bl; +http://www.semrush.com/bot.html)"
205.210.31.38 - - [28/Jul/2026:20:13:21 +0800] "GET / HTTP/1.1" 301 0 "-" "Hello from Palo Alto Networks, find out more about our scans in https://docs-cortex.paloaltonetworks.com/r/1/Cortex-Xpanse/Scanning-activity"
205.210.31.38 - - [28/Jul/2026:20:13:23 +0800] "GET / HTTP/1.1" 200 67800 "-" "Hello from Palo Alto Networks, find out more about our scans in https://docs-cortex.paloaltonetworks.com/r/1/Cortex-Xpanse/Scanning-activity"
192.250.239.173 - - [28/Jul/2026:20:13:28 +0800] "GET /wp-login.php HTTP/1.1" 200 2821 "-" "Mozilla/5.0 (Windows NT 10.0; Win64; x64) AppleWebKit/537.36 (KHTML, like Gecko) Chrome/150.0.0.0 Safari/537.36"
192.250.239.173 - - [28/Jul/2026:20:13:29 +0800] "POST /wp-login.php HTTP/1.1" 200 2918 "https://kitchensolusion.com/wp-login.php" "Mozilla/5.0 (Windows NT 10.0; Win64; x64) AppleWebKit/537.36 (KHTML, like Gecko) Chrome/150.0.0.0 Safari/537.36"
64.120.92.56 - - [28/Jul/2026:20:15:39 +0800] "POST /wp-cron.php?doing_wp_cron=1785240939.1195371150970458984375 HTTP/1.1" 200 0 "-" "WordPress/7.0.2; https://kitchensolusion.com"
52.232.35.131 - - [28/Jul/2026:20:15:38 +0800] "POST /xmlrpc.php HTTP/1.1" 200 216 "-" "Mozilla/5.0 (Windows NT 10.0; Win64; x64) AppleWebKit/537.36 (KHTML, like Gecko) Chrome/150.0.0.0 Safari/537.36"
216.73.216.175 - - [28/Jul/2026:20:19:46 +0800] "GET /?p=3907 HTTP/2" 301 0 "-" "Mozilla/5.0 AppleWebKit/537.36 (KHTML, like Gecko; compatible; ClaudeBot/1.0; +claudebot@anthropic.com)"
216.73.216.175 - - [28/Jul/2026:20:19:48 +0800] "GET /chat-08111-9296-333-terima-jual-beli-equipment-restoran-hotel-di-grogol/ HTTP/2" 429 0 "https://kitchensolusion.com/?p=3907" "Mozilla/5.0 AppleWebKit/537.36 (KHTML, like Gecko; compatible; ClaudeBot/1.0; +claudebot@anthropic.com)"
64.120.92.56 - - [28/Jul/2026:20:22:14 +0800] "POST /wp-cron.php?doing_wp_cron=1785241334.8741300106048583984375 HTTP/1.1" 200 0 "-" "WordPress/7.0.2; https://kitchensolusion.com"
216.73.216.175 - - [28/Jul/2026:20:22:13 +0800] "GET /chat-08111-9296-333-terima-jual-beli-alat-restoran-bekas-di-koja/ HTTP/2" 200 15909 "-" "Mozilla/5.0 AppleWebKit/537.36 (KHTML, like Gecko; compatible; ClaudeBot/1.0; +claudebot@anthropic.com)"
216.73.216.175 - - [28/Jul/2026:20:23:16 +0800] "GET /chat-08111-9296-333-terima-jual-beli-equipment-restoran-hotel-di-grogol/feed/ HTTP/2" 200 546 "-" "Mozilla/5.0 AppleWebKit/537.36 (KHTML, like Gecko; compatible; ClaudeBot/1.0; +claudebot@anthropic.com)"
216.73.216.175 - - [28/Jul/2026:20:23:39 +0800] "GET /chat-08111-9296-333-terima-jual-beli-barang-bekas-restoran-di-grogol/feed/ HTTP/2" 200 519 "-" "Mozilla/5.0 AppleWebKit/537.36 (KHTML, like Gecko; compatible; ClaudeBot/1.0; +claudebot@anthropic.com)"
216.73.216.175 - - [28/Jul/2026:20:24:36 +0800] "GET /?p=3902 HTTP/2" 301 0 "-" "Mozilla/5.0 AppleWebKit/537.36 (KHTML, like Gecko; compatible; ClaudeBot/1.0; +claudebot@anthropic.com)"
216.73.216.175 - - [28/Jul/2026:20:24:37 +0800] "GET /chat-08111-9296-333-terima-jual-beli-borongan-barang-bekas-restoran-di-grogol/ HTTP/2" 429 0 "https://kitchensolusion.com/?p=3902" "Mozilla/5.0 AppleWebKit/537.36 (KHTML, like Gecko; compatible; ClaudeBot/1.0; +claudebot@anthropic.com)"
64.120.92.56 - - [28/Jul/2026:20:26:25 +0800] "POST /wp-cron.php?doing_wp_cron=1785241585.3329260349273681640625 HTTP/1.1" 200 0 "-" "WordPress/7.0.2; https://kitchensolusion.com"
216.73.216.175 - - [28/Jul/2026:20:26:24 +0800] "GET /?p=3906 HTTP/2" 301 0 "-" "Mozilla/5.0 AppleWebKit/537.36 (KHTML, like Gecko; compatible; ClaudeBot/1.0; +claudebot@anthropic.com)"
216.73.216.175 - - [28/Jul/2026:20:26:25 +0800] "GET /chat-08111-9296-333-terima-jual-beli-barang-bekas-restoran-cafe-resto-di-grogol/ HTTP/2" 429 0 "https://kitchensolusion.com/?p=3906" "Mozilla/5.0 AppleWebKit/537.36 (KHTML, like Gecko; compatible; ClaudeBot/1.0; +claudebot@anthropic.com)"
85.208.96.193 - - [28/Jul/2026:20:26:47 +0800] "GET /blog/page/116/ HTTP/1.1" 200 18617 "-" "Mozilla/5.0 (compatible; SemrushBot/7~bl; +http://www.semrush.com/bot.html)"
216.73.216.175 - - [28/Jul/2026:20:27:09 +0800] "GET /?p=3905 HTTP/2" 301 0 "-" "Mozilla/5.0 AppleWebKit/537.36 (KHTML, like Gecko; compatible; ClaudeBot/1.0; +claudebot@anthropic.com)"
216.73.216.175 - - [28/Jul/2026:20:27:10 +0800] "GET /chat-08111-9296-333-terima-jual-beli-barang-bekas-restoran-di-grogol/ HTTP/2" 429 0 "https://kitchensolusion.com/?p=3905" "Mozilla/5.0 AppleWebKit/537.36 (KHTML, like Gecko; compatible; ClaudeBot/1.0; +claudebot@anthropic.com)"
216.73.216.175 - - [28/Jul/2026:20:27:38 +0800] "GET /chat-08111-9296-333-terima-jual-beli-barang-bekas-restoran-di-koja/ HTTP/2" 429 0 "-" "Mozilla/5.0 AppleWebKit/537.36 (KHTML, like Gecko; compatible; ClaudeBot/1.0; +claudebot@anthropic.com)"
116.179.32.36 - - [28/Jul/2026:20:27:48 +0800] "GET /chat-08111-9296-333-terima-jual-beli-equipment-restoran-hotel-di-kedoya/ HTTP/2" 200 17989 "-" "Mozilla/5.0 (compatible; Baiduspider/2.0; +http://www.baidu.com/search/spider.html)"
185.191.171.1 - - [28/Jul/2026:20:28:40 +0800] "GET /author/admin/page/4/ HTTP/1.1" 200 19305 "-" "Mozilla/5.0 (compatible; SemrushBot/7~bl; +http://www.semrush.com/bot.html)"
47.128.61.78 - - [28/Jul/2026:20:29:25 +0800] "GET /robots.txt HTTP/1.1" 403 1242 "-" "Mozilla/5.0 (Linux; Android 5.0) AppleWebKit/537.36 (KHTML, like Gecko) Mobile Safari/537.36 (compatible; Bytespider; spider-feedback@bytedance.com)"
216.73.216.175 - - [28/Jul/2026:20:29:44 +0800] "GET /category/jual-beli-barang-bekas-restoran-di-koja/feed/ HTTP/2" 200 4010 "-" "Mozilla/5.0 AppleWebKit/537.36 (KHTML, like Gecko; compatible; ClaudeBot/1.0; +claudebot@anthropic.com)"
64.120.92.56 - - [28/Jul/2026:20:30:34 +0800] "POST /wp-cron.php?doing_wp_cron=1785241834.8700640201568603515625 HTTP/1.1" 200 0 "-" "WordPress/7.0.2; https://kitchensolusion.com"
216.73.216.175 - - [28/Jul/2026:20:30:33 +0800] "GET /chat-08111-9296-333-terima-jual-beli-barang-bekas-restoran-cafe-resto-di-grogol/feed/ HTTP/2" 200 525 "-" "Mozilla/5.0 AppleWebKit/537.36 (KHTML, like Gecko; compatible; ClaudeBot/1.0; +claudebot@anthropic.com)"
192.241.143.148 - - [28/Jul/2026:20:31:37 +0800] "GET /wp-login.php HTTP/1.1" 200 2821 "-" "Mozilla/5.0 (Windows NT 10.0; Win64; x64) AppleWebKit/537.36 (KHTML, like Gecko) Chrome/150.0.0.0 Safari/537.36"
192.241.143.148 - - [28/Jul/2026:20:31:40 +0800] "POST /wp-login.php HTTP/1.1" 200 2928 "https://kitchensolusion.com/wp-login.php" "Mozilla/5.0 (Windows NT 10.0; Win64; x64) AppleWebKit/537.36 (KHTML, like Gecko) Chrome/150.0.0.0 Safari/537.36"
195.250.23.158 - - [28/Jul/2026:20:32:04 +0800] "POST /xmlrpc.php HTTP/1.1" 200 216 "-" "Mozilla/5.0 (Windows NT 10.0; Win64; x64) AppleWebKit/537.36 (KHTML, like Gecko) Chrome/150.0.0.0 Safari/537.36"
216.73.216.175 - - [28/Jul/2026:20:32:17 +0800] "GET /chat-08111-9296-333-terima-jual-beli-borongan-barang-bekas-restoran-di-grogol/feed/ HTTP/2" 200 525 "-" "Mozilla/5.0 AppleWebKit/537.36 (KHTML, like Gecko; compatible; ClaudeBot/1.0; +claudebot@anthropic.com)"
216.73.216.175 - - [28/Jul/2026:20:34:52 +0800] "GET /sitemap_index.xml HTTP/2" 200 317 "-" "Mozilla/5.0 AppleWebKit/537.36 (KHTML, like Gecko; compatible; ClaudeBot/1.0; +claudebot@anthropic.com)"
131.226.102.57 - - [28/Jul/2026:20:35:18 +0800] "GET /chat-08111-9296-333-terima-jual-beli-barang-bekas-restoran-di-pademangan/ HTTP/1.1" 200 17961 "-" "Mozilla/5.0 (Macintosh; Intel Mac OS X 14_4_0) AppleWebKit/537.36 (KHTML, like Gecko) Chrome/134.0.6998.45"
64.120.92.56 - - [28/Jul/2026:20:35:33 +0800] "POST /wp-cron.php?doing_wp_cron=1785242133.5092220306396484375000 HTTP/1.1" 200 0 "-" "WordPress/7.0.2; https://kitchensolusion.com"
85.208.96.200 - - [28/Jul/2026:20:35:32 +0800] "GET /author/admin/page/165/ HTTP/1.1" 200 19173 "-" "Mozilla/5.0 (compatible; SemrushBot/7~bl; +http://www.semrush.com/bot.html)"
216.244.66.250 - - [28/Jul/2026:20:37:58 +0800] "GET /robots.txt HTTP/1.1" 200 177 "-" "Mozilla/5.0 (compatible; DotBot/1.2; +https://opensiteexplorer.org/dotbot; help@moz.com)"
43.156.36.169 - - [28/Jul/2026:20:38:26 +0800] "GET / HTTP/1.1" 200 15318 "http://kitchensolusion.com" "Mozilla/5.0 (iPhone; CPU iPhone OS 13_2_3 like Mac OS X) AppleWebKit/605.1.15 (KHTML, like Gecko) Version/13.0.3 Mobile/15E148 Safari/604.1"
4.182.232.137 - - [28/Jul/2026:20:39:54 +0800] "GET /wp-login.php HTTP/1.1" 200 3109 "-" "Mozilla/5.0 (Macintosh; Intel Mac OS X 10_15_7) AppleWebKit/605.1.15 Version/17.0 Safari/605.1.15"
4.182.232.137 - - [28/Jul/2026:20:39:56 +0800] "GET /?author=1 HTTP/1.1" 301 0 "-" "Mozilla/5.0 (Windows NT 10.0; Win64; rv:143.0) Gecko/20100101 Firefox/143.0"
4.182.232.137 - - [28/Jul/2026:20:39:57 +0800] "GET /?rest_route=/wp/v2/users HTTP/1.1" 200 15939 "-" "Mozilla/5.0 (Macintosh; Intel Mac OS X 10_15_7) AppleWebKit/605.1.15 Version/17.0 Safari/605.1.15"
4.182.232.137 - - [28/Jul/2026:20:40:00 +0800] "GET /?author=2 HTTP/1.1" 404 9193 "-" "Mozilla/5.0 (Macintosh; Intel Mac OS X 10_15_7) AppleWebKit/605.1.15 Version/17.0 Safari/605.1.15"
4.182.232.137 - - [28/Jul/2026:20:40:03 +0800] "GET /?rest_route=/wp/v2/users HTTP/1.1" 200 15939 "-" "Mozilla/5.0 (Windows NT 10.0; Win64; x64) AppleWebKit/537.36 Chrome/129.0.0.0 Safari/537.36"
64.120.92.56 - - [28/Jul/2026:20:42:46 +0800] "POST /wp-cron.php?doing_wp_cron=1785242565.9642601013183593750000 HTTP/1.1" 200 0 "-" "WordPress/7.0.2; https://kitchensolusion.com"
216.73.216.175 - - [28/Jul/2026:20:42:44 +0800] "GET /chat-08111-9296-333-terima-jual-beli-alat-restoran-bekas-di-grogol/feed/ HTTP/2" 200 527 "-" "Mozilla/5.0 AppleWebKit/537.36 (KHTML, like Gecko; compatible; ClaudeBot/1.0; +claudebot@anthropic.com)"
85.208.96.200 - - [28/Jul/2026:20:43:36 +0800] "GET /category/jual-beli-borongan-barang-bekas-restoran-jakarta/page/4/ HTTP/1.1" 200 18476 "-" "Mozilla/5.0 (compatible; SemrushBot/7~bl; +http://www.semrush.com/bot.html)"
111.67.101.194 - - [28/Jul/2026:20:45:05 +0800] "GET / HTTP/1.1" 403 1242 "-" "Mozilla/5.0 (Windows NT 10.0; Win64; x64) AppleWebKit/537.36 (KHTML, like Gecko) Chrome/131.0.0.0 Safari/537.36"
111.67.101.194 - - [28/Jul/2026:20:45:07 +0800] "GET /wp-login.php HTTP/1.1" 403 1242 "-" "Mozilla/5.0 (Windows NT 10.0; Win64; x64) AppleWebKit/537.36 (KHTML, like Gecko) Chrome/131.0.0.0 Safari/537.36"
111.67.101.194 - - [28/Jul/2026:20:45:07 +0800] "GET /wp-json/ HTTP/1.1" 403 1242 "-" "Mozilla/5.0 (Windows NT 10.0; Win64; x64) AppleWebKit/537.36 (KHTML, like Gecko) Chrome/131.0.0.0 Safari/537.36"
111.67.101.194 - - [28/Jul/2026:20:45:08 +0800] "GET /contact/ HTTP/1.1" 403 1242 "-" "Mozilla/5.0 (Windows NT 10.0; Win64; x64) AppleWebKit/537.36 (KHTML, like Gecko) Chrome/131.0.0.0 Safari/537.36"
111.67.101.194 - - [28/Jul/2026:20:45:08 +0800] "GET /maps/ HTTP/1.1" 403 1242 "-" "Mozilla/5.0 (Windows NT 10.0; Win64; x64) AppleWebKit/537.36 (KHTML, like Gecko) Chrome/131.0.0.0 Safari/537.36"
111.67.101.194 - - [28/Jul/2026:20:45:08 +0800] "GET /store-locator/ HTTP/1.1" 403 1242 "-" "Mozilla/5.0 (Windows NT 10.0; Win64; x64) AppleWebKit/537.36 (KHTML, like Gecko) Chrome/131.0.0.0 Safari/537.36"
111.67.101.194 - - [28/Jul/2026:20:45:08 +0800] "GET /locations/ HTTP/1.1" 403 1242 "-" "Mozilla/5.0 (Windows NT 10.0; Win64; x64) AppleWebKit/537.36 (KHTML, like Gecko) Chrome/131.0.0.0 Safari/537.36"
111.67.101.194 - - [28/Jul/2026:20:45:09 +0800] "GET /wp-content/plugins/wp-google-map-gold/readme.txt HTTP/1.1" 403 1242 "-" "Mozilla/5.0 (Windows NT 10.0; Win64; x64) AppleWebKit/537.36 (KHTML, like Gecko) Chrome/131.0.0.0 Safari/537.36"
111.67.101.194 - - [28/Jul/2026:20:45:26 +0800] "GET / HTTP/1.1" 403 1242 "-" "Mozilla/5.0 (Windows NT 10.0; Win64; x64) AppleWebKit/537.36 (KHTML, like Gecko) Chrome/131.0.0.0 Safari/537.36"
111.67.101.194 - - [28/Jul/2026:20:45:28 +0800] "GET /wp-login.php HTTP/1.1" 403 1242 "-" "Mozilla/5.0 (Windows NT 10.0; Win64; x64) AppleWebKit/537.36 (KHTML, like Gecko) Chrome/131.0.0.0 Safari/537.36"
111.67.101.194 - - [28/Jul/2026:20:45:28 +0800] "GET /wp-json/ HTTP/1.1" 403 1242 "-" "Mozilla/5.0 (Windows NT 10.0; Win64; x64) AppleWebKit/537.36 (KHTML, like Gecko) Chrome/131.0.0.0 Safari/537.36"
111.67.101.194 - - [28/Jul/2026:20:45:29 +0800] "GET /contact/ HTTP/1.1" 403 1242 "-" "Mozilla/5.0 (Windows NT 10.0; Win64; x64) AppleWebKit/537.36 (KHTML, like Gecko) Chrome/131.0.0.0 Safari/537.36"
111.67.101.194 - - [28/Jul/2026:20:45:29 +0800] "GET /maps/ HTTP/1.1" 403 1242 "-" "Mozilla/5.0 (Windows NT 10.0; Win64; x64) AppleWebKit/537.36 (KHTML, like Gecko) Chrome/131.0.0.0 Safari/537.36"
111.67.101.194 - - [28/Jul/2026:20:45:29 +0800] "GET /locations/ HTTP/1.1" 403 1242 "-" "Mozilla/5.0 (Windows NT 10.0; Win64; x64) AppleWebKit/537.36 (KHTML, like Gecko) Chrome/131.0.0.0 Safari/537.36"
111.67.101.194 - - [28/Jul/2026:20:45:29 +0800] "GET /store-locator/ HTTP/1.1" 403 1242 "-" "Mozilla/5.0 (Windows NT 10.0; Win64; x64) AppleWebKit/537.36 (KHTML, like Gecko) Chrome/131.0.0.0 Safari/537.36"
111.67.101.194 - - [28/Jul/2026:20:45:30 +0800] "GET /wp-content/plugins/wp-google-map-gold/readme.txt HTTP/1.1" 403 1242 "-" "Mozilla/5.0 (Windows NT 10.0; Win64; x64) AppleWebKit/537.36 (KHTML, like Gecko) Chrome/131.0.0.0 Safari/537.36"
111.67.101.194 - - [28/Jul/2026:20:45:45 +0800] "GET / HTTP/1.1" 404 3421 "-" "Mozilla/5.0 (Windows NT 10.0; Win64; x64) AppleWebKit/537.36 (KHTML, like Gecko) Chrome/131.0.0.0 Safari/537.36"
111.67.101.194 - - [28/Jul/2026:20:45:55 +0800] "GET /wp-json/ HTTP/1.1" 404 3421 "-" "Mozilla/5.0 (Windows NT 10.0; Win64; x64) AppleWebKit/537.36 (KHTML, like Gecko) Chrome/131.0.0.0 Safari/537.36"
111.67.101.194 - - [28/Jul/2026:20:45:55 +0800] "GET /wp-login.php HTTP/1.1" 404 3421 "-" "Mozilla/5.0 (Windows NT 10.0; Win64; x64) AppleWebKit/537.36 (KHTML, like Gecko) Chrome/131.0.0.0 Safari/537.36"
64.120.92.56 - - [28/Jul/2026:20:46:14 +0800] "POST /wp-cron.php?doing_wp_cron=1785242774.0637741088867187500000 HTTP/1.1" 200 0 "-" "WordPress/7.0.2; https://kitchensolusion.com"
216.73.216.175 - - [28/Jul/2026:20:46:13 +0800] "GET /?p=3908 HTTP/2" 301 0 "-" "Mozilla/5.0 AppleWebKit/537.36 (KHTML, like Gecko; compatible; ClaudeBot/1.0; +claudebot@anthropic.com)"
216.73.216.175 - - [28/Jul/2026:20:46:14 +0800] "GET /chat-08111-9296-333-terima-jual-beli-alat-restoran-bekas-di-grogol/ HTTP/2" 429 0 "https://kitchensolusion.com/?p=3908" "Mozilla/5.0 AppleWebKit/537.36 (KHTML, like Gecko; compatible; ClaudeBot/1.0; +claudebot@anthropic.com)"
85.208.96.207 - - [28/Jul/2026:20:46:37 +0800] "GET /blog/page/183/ HTTP/1.1" 200 18437 "-" "Mozilla/5.0 (compatible; SemrushBot/7~bl; +http://www.semrush.com/bot.html)"
64.120.92.56 - - [28/Jul/2026:20:49:18 +0800] "POST /wp-cron.php?doing_wp_cron=1785242958.1991569995880126953125 HTTP/1.1" 200 0 "-" "WordPress/7.0.2; https://kitchensolusion.com"
216.244.66.250 - - [28/Jul/2026:20:49:17 +0800] "GET /blog/page/10/ HTTP/1.1" 200 124068 "-" "Mozilla/5.0 (compatible; DotBot/1.2; +https://opensiteexplorer.org/dotbot; help@moz.com)"
216.244.66.250 - - [28/Jul/2026:20:49:34 +0800] "GET /chat-08111-9296-333-terima-jual-beli-barang-bekas-restoran-di-cakung/ HTTP/1.1" 200 61499 "-" "Mozilla/5.0 (compatible; DotBot/1.2; +https://opensiteexplorer.org/dotbot; help@moz.com)"
216.244.66.250 - - [28/Jul/2026:20:49:41 +0800] "GET /jual-beli-perlengkapan-restoran-bekas-di-cempaka-putih/ HTTP/1.1" 200 60767 "-" "Mozilla/5.0 (compatible; DotBot/1.2; +https://opensiteexplorer.org/dotbot; help@moz.com)"
216.244.66.250 - - [28/Jul/2026:20:49:52 +0800] "GET /wa-08111-9296-333-jual-beli-alat-dapur-bekas-restoran-di-bintaro/ HTTP/1.1" 200 61486 "-" "Mozilla/5.0 (compatible; DotBot/1.2; +https://opensiteexplorer.org/dotbot; help@moz.com)"
216.244.66.250 - - [28/Jul/2026:20:50:24 +0800] "GET /wa-08111-9296-333-jual-beli-barang-bekas-restoran-di-gambir/ HTTP/1.1" 200 61233 "-" "Mozilla/5.0 (compatible; DotBot/1.2; +https://opensiteexplorer.org/dotbot; help@moz.com)"
64.120.92.56 - - [28/Jul/2026:20:50:42 +0800] "POST /wp-cron.php?doing_wp_cron=1785243041.9808840751647949218750 HTTP/1.1" 200 0 "-" "WordPress/7.0.2; https://kitchensolusion.com"
185.191.171.10 - - [28/Jul/2026:20:50:40 +0800] "GET /author/admin/page/50/ HTTP/1.1" 200 19268 "-" "Mozilla/5.0 (compatible; SemrushBot/7~bl; +http://www.semrush.com/bot.html)"
216.244.66.250 - - [28/Jul/2026:20:50:56 +0800] "GET /chat-08111-9296-333-terima-jual-beli-barang-bekas-restoran-cafe-resto-di-duren-sawit/ HTTP/1.1" 200 62047 "-" "Mozilla/5.0 (compatible; DotBot/1.2; +https://opensiteexplorer.org/dotbot; help@moz.com)"
37.27.239.121 - - [28/Jul/2026:20:51:00 +0800] "POST /xmlrpc.php HTTP/1.1" 200 216 "-" "Mozilla/5.0 (Windows NT 10.0; Win64; x64) AppleWebKit/537.36 (KHTML, like Gecko) Chrome/150.0.0.0 Safari/537.36"
216.244.66.250 - - [28/Jul/2026:20:51:27 +0800] "GET /chat-08111-9296-333-terima-jual-beli-borongan-barang-bekas-restoran-di-gunung-kaler/ HTTP/1.1" 200 62018 "-" "Mozilla/5.0 (compatible; DotBot/1.2; +https://opensiteexplorer.org/dotbot; help@moz.com)"
216.244.66.250 - - [28/Jul/2026:20:51:56 +0800] "GET /chat-08111-9296-333-terima-jual-beli-equipment-restoran-hotel-di-kalideres/ HTTP/1.1" 200 61723 "-" "Mozilla/5.0 (compatible; DotBot/1.2; +https://opensiteexplorer.org/dotbot; help@moz.com)"
216.244.66.250 - - [28/Jul/2026:20:52:25 +0800] "GET /dapatkan-penawaran-terbaik-jual-beli-borongan-barang-ex-restoran-taman-sari/ HTTP/1.1" 200 61533 "-" "Mozilla/5.0 (compatible; DotBot/1.2; +https://opensiteexplorer.org/dotbot; help@moz.com)"
216.244.66.250 - - [28/Jul/2026:20:52:53 +0800] "GET /wa-08111-9296-333-jual-beli-borongan-barang-bekas-alat-restoran-di-kampung-rawa/ HTTP/1.1" 200 61868 "-" "Mozilla/5.0 (compatible; DotBot/1.2; +https://opensiteexplorer.org/dotbot; help@moz.com)"
64.120.92.56 - - [28/Jul/2026:20:56:45 +0800] "POST /wp-cron.php?doing_wp_cron=1785243405.3068048954010009765625 HTTP/1.1" 200 0 "-" "WordPress/7.0.2; https://kitchensolusion.com"
43.153.46.64 - - [28/Jul/2026:20:56:44 +0800] "GET / HTTP/1.1" 301 0 "-" "Mozilla/5.0 (iPhone; CPU iPhone OS 17_6_1 like Mac OS X) AppleWebKit/605.1.15 (KHTML, like Gecko) Version/17.6 Mobile/15E148 Safari/604.1"
59.178.149.199 - - [28/Jul/2026:20:56:46 +0800] "POST /xmlrpc.php HTTP/1.1" 405 416 "-" "Jetpack by WordPress.com (Jetpack 13.0; WordPress 6.4)"
59.178.149.199 - - [28/Jul/2026:20:56:55 +0800] "POST /xmlrpc.php HTTP/1.1" 405 416 "-" "Jetpack/12.5; WordPress/6.4; http://site11388108.com"
59.178.149.199 - - [28/Jul/2026:20:57:06 +0800] "POST /xmlrpc.php HTTP/1.1" 405 416 "-" "Jetpack by WordPress.com (Jetpack 12.1; WordPress 6.4)"
185.191.171.15 - - [28/Jul/2026:20:59:05 +0800] "GET /category/jual-beli-barang-bekas-restoran-jakarta/page/31/ HTTP/1.1" 200 18421 "-" "Mozilla/5.0 (compatible; SemrushBot/7~bl; +http://www.semrush.com/bot.html)"
64.120.92.56 - - [28/Jul/2026:21:01:44 +0800] "POST /wp-cron.php?doing_wp_cron=1785243703.9278159141540527343750 HTTP/1.1" 200 0 "-" "WordPress/7.0.2; https://kitchensolusion.com"
216.73.216.175 - - [28/Jul/2026:21:01:43 +0800] "GET /robots.txt HTTP/2" 200 114 "-" "Mozilla/5.0 AppleWebKit/537.36 (KHTML, like Gecko; compatible; ClaudeBot/1.0; +claudebot@anthropic.com)"
216.73.216.175 - - [28/Jul/2026:21:02:00 +0800] "GET /jual-beli-ex-resto-terdekat-di-kramat-jati/ HTTP/2" 200 15935 "-" "Mozilla/5.0 AppleWebKit/537.36 (KHTML, like Gecko; compatible; ClaudeBot/1.0; +claudebot@anthropic.com)"
216.73.216.175 - - [28/Jul/2026:21:03:17 +0800] "GET /wa-08111-9296-333-jual-beli-peralatan-dapur-restoran-stainless-bekas-di-sumur-batu/ HTTP/2" 200 15974 "-" "Mozilla/5.0 AppleWebKit/537.36 (KHTML, like Gecko; compatible; ClaudeBot/1.0; +claudebot@anthropic.com)"
64.120.92.56 - - [28/Jul/2026:21:06:28 +0800] "POST /wp-cron.php?doing_wp_cron=1785243988.3899109363555908203125 HTTP/1.1" 200 0 "-" "WordPress/7.0.2; https://kitchensolusion.com"
216.73.216.175 - - [28/Jul/2026:21:06:27 +0800] "GET /?p=2636 HTTP/2" 301 0 "-" "Mozilla/5.0 AppleWebKit/537.36 (KHTML, like Gecko; compatible; ClaudeBot/1.0; +claudebot@anthropic.com)"
216.73.216.175 - - [28/Jul/2026:21:06:28 +0800] "GET /wa-08111-9296-333-jual-beli-barang-bekas-restoran-di-beji/ HTTP/2" 429 0 "https://kitchensolusion.com/?p=2636" "Mozilla/5.0 AppleWebKit/537.36 (KHTML, like Gecko; compatible; ClaudeBot/1.0; +claudebot@anthropic.com)"
220.181.108.145 - - [28/Jul/2026:21:08:58 +0800] "GET /wa-08111-9296-333-terima-jual-beli-barang-bekas-restoran-di-limo-cinere/ HTTP/2" 200 17978 "-" "Mozilla/5.0 (compatible; Baiduspider/2.0; +http://www.baidu.com/search/spider.html)"
216.73.216.175 - - [28/Jul/2026:21:09:38 +0800] "GET /?p=2249 HTTP/2" 301 0 "-" "Mozilla/5.0 AppleWebKit/537.36 (KHTML, like Gecko; compatible; ClaudeBot/1.0; +claudebot@anthropic.com)"
216.73.216.175 - - [28/Jul/2026:21:09:40 +0800] "GET /wa-08111-9296-333-jual-beli-peralatan-dapur-restoran-stainless-bekas-di-sumur-batu/ HTTP/2" 429 0 "https://kitchensolusion.com/?p=2249" "Mozilla/5.0 AppleWebKit/537.36 (KHTML, like Gecko; compatible; ClaudeBot/1.0; +claudebot@anthropic.com)"
216.73.216.175 - - [28/Jul/2026:21:12:19 +0800] "GET /chat-08111-9296-333-terima-jual-beli-borongan-peralatan-restoran-bekas-di-cibodas/ HTTP/2" 429 0 "-" "Mozilla/5.0 AppleWebKit/537.36 (KHTML, like Gecko; compatible; ClaudeBot/1.0; +claudebot@anthropic.com)"
64.120.92.56 - - [28/Jul/2026:21:12:20 +0800] "POST /wp-cron.php?doing_wp_cron=1785244340.7860538959503173828125 HTTP/1.1" 200 0 "-" "WordPress/7.0.2; https://kitchensolusion.com"
216.73.216.175 - - [28/Jul/2026:21:12:19 +0800] "GET /chat-08111-9296-333-terima-jual-beli-equipment-restoran-hotel-di-cibodas/ HTTP/2" 200 15974 "-" "Mozilla/5.0 AppleWebKit/537.36 (KHTML, like Gecko; compatible; ClaudeBot/1.0; +claudebot@anthropic.com)"
185.191.171.13 - - [28/Jul/2026:21:12:34 +0800] "GET /category/jual-beli-peralatan-restoran-bekas-di-sawangan/page/2/ HTTP/1.1" 200 17351 "-" "Mozilla/5.0 (compatible; SemrushBot/7~bl; +http://www.semrush.com/bot.html)"
216.73.216.175 - - [28/Jul/2026:21:13:55 +0800] "GET /?p=2118 HTTP/2" 301 0 "-" "Mozilla/5.0 AppleWebKit/537.36 (KHTML, like Gecko; compatible; ClaudeBot/1.0; +claudebot@anthropic.com)"
216.73.216.175 - - [28/Jul/2026:21:13:56 +0800] "GET /wa-08111-9296-333-jual-beli-ex-resto-terdekat-di-tanah-kusir/ HTTP/2" 429 0 "https://kitchensolusion.com/?p=2118" "Mozilla/5.0 AppleWebKit/537.36 (KHTML, like Gecko; compatible; ClaudeBot/1.0; +claudebot@anthropic.com)"
64.120.92.56 - - [28/Jul/2026:21:18:32 +0800] "POST /wp-cron.php?doing_wp_cron=1785244712.2718820571899414062500 HTTP/1.1" 200 0 "-" "WordPress/7.0.2; https://kitchensolusion.com"
85.208.96.205 - - [28/Jul/2026:21:18:31 +0800] "GET /robots.txt HTTP/1.1" 200 130 "-" "Mozilla/5.0 (compatible; SemrushBot/7~bl; +http://www.semrush.com/bot.html)"
185.191.171.6 - - [28/Jul/2026:21:18:33 +0800] "GET /wa-08111-9296-333-jual-beli-barang-bekas-restoran-di-pasar-minggu/ HTTP/1.1" 200 17991 "-" "Mozilla/5.0 (compatible; SemrushBot/7~bl; +http://www.semrush.com/bot.html)"
196.189.24.185 - - [28/Jul/2026:21:19:58 +0800] "GET /chat-08111-9296-333-terima-jual-beli-borongan-kitchen-equipment-bekas-restoran-di-rawalumbu/ HTTP/1.1" 200 15967 "-" "Mozilla/5.0 (Macintosh; Intel Mac OS X 10_15_7) AppleWebKit/537.36 (KHTML, like Gecko) Chrome/120.0.0.0 Safari/537.36"
40.77.167.101 - - [28/Jul/2026:21:20:09 +0800] "GET /robots.txt HTTP/2" 200 114 "-" "Mozilla/5.0 AppleWebKit/537.36 (KHTML, like Gecko; compatible; bingbot/2.0; +http://www.bing.com/bingbot.htm) Chrome/116.0.1938.76 Safari/537.36"
157.55.39.56 - - [28/Jul/2026:21:20:15 +0800] "GET /?s= HTTP/2" 200 35905 "-" "Mozilla/5.0 AppleWebKit/537.36 (KHTML, like Gecko; compatible; bingbot/2.0; +http://www.bing.com/bingbot.htm) Chrome/116.0.1938.76 Safari/537.36"
205.210.31.181 - - [28/Jul/2026:21:21:16 +0800] "GET / HTTP/1.1" 401 36 "http://cpcontacts.kitchensolusion.com/" "Hello from Palo Alto Networks, find out more about our scans in https://docs-cortex.paloaltonetworks.com/r/1/Cortex-Xpanse/Scanning-activity"
216.244.66.250 - - [28/Jul/2026:21:22:50 +0800] "GET /robots.txt HTTP/1.1" 200 177 "-" "Mozilla/5.0 (compatible; DotBot/1.2; +https://opensiteexplorer.org/dotbot; help@moz.com)"
216.73.216.175 - - [28/Jul/2026:21:25:24 +0800] "GET /?p=2280 HTTP/2" 301 0 "-" "Mozilla/5.0 AppleWebKit/537.36 (KHTML, like Gecko; compatible; ClaudeBot/1.0; +claudebot@anthropic.com)"
216.73.216.175 - - [28/Jul/2026:21:25:25 +0800] "GET /wa-08111-9296-333-jual-beli-barang-bekas-restoran-di-pegangsaangunung-sahari-utara/ HTTP/2" 429 0 "https://kitchensolusion.com/?p=2280" "Mozilla/5.0 AppleWebKit/537.36 (KHTML, like Gecko; compatible; ClaudeBot/1.0; +claudebot@anthropic.com)"
170.205.28.213 - - [28/Jul/2026:21:26:29 +0800] "GET / HTTP/1.1" 401 53 "-" "Mozilla/5.0 (Macintosh; Intel Mac OS X 10.15; rv:150.0) Gecko/20100101 Firefox/150.0"
170.205.28.213 - - [28/Jul/2026:21:26:33 +0800] "GET / HTTP/1.1" 401 53 "-" "Mozilla/5.0 (Macintosh; Intel Mac OS X 10_15_7) AppleWebKit/605.1.15 (KHTML, like Gecko) Version/18.4 Safari/605.1.15"
170.205.28.213 - - [28/Jul/2026:21:26:34 +0800] "GET / HTTP/1.1" 401 53 "-" "Mozilla/5.0 (X11; Linux x86_64) AppleWebKit/537.36 (KHTML, like Gecko) Chrome/146.0.0.0 Safari/537.36"
104.28.237.80 - - [28/Jul/2026:21:26:35 +0800] "GET /service-account.json HTTP/1.1" 401 36 "-" "Mozilla/5.0 (Macintosh; Intel Mac OS X 10_15_7) AppleWebKit/537.36 (KHTML, like Gecko) Chrome/147.0.0.0 Safari/537.36 Edg/147.0.0.0"
104.28.237.80 - - [28/Jul/2026:21:26:35 +0800] "GET /serviceAccountKey.json HTTP/1.1" 401 36 "-" "Mozilla/5.0 (Macintosh; Intel Mac OS X 10_15_7) AppleWebKit/605.1.15 (KHTML, like Gecko) Version/18.4 Safari/605.1.15"
104.28.237.80 - - [28/Jul/2026:21:26:35 +0800] "GET /credentials.json HTTP/1.1" 401 36 "-" "Mozilla/5.0 (Windows NT 10.0; Win64; x64) AppleWebKit/537.36 (KHTML, like Gecko) Chrome/146.0.0.0 Safari/537.36 Edg/146.0.0.0"
104.28.237.80 - - [28/Jul/2026:21:26:35 +0800] "GET /.env HTTP/1.1" 401 36 "-" "Mozilla/5.0 (Macintosh; Intel Mac OS X 10_15_7) AppleWebKit/537.36 (KHTML, like Gecko) Chrome/147.0.0.0 Safari/537.36 Edg/147.0.0.0"
104.28.237.80 - - [28/Jul/2026:21:26:37 +0800] "GET /.aws/config HTTP/1.1" 401 36 "-" "Mozilla/5.0 (Macintosh; Intel Mac OS X 10_15_7) AppleWebKit/537.36 (KHTML, like Gecko) Chrome/147.0.0.0 Safari/537.36 Edg/147.0.0.0"
104.28.237.80 - - [28/Jul/2026:21:26:37 +0800] "GET /.aws/credentials HTTP/1.1" 401 36 "-" "Mozilla/5.0 (Macintosh; Intel Mac OS X 10_15_7) AppleWebKit/605.1.15 (KHTML, like Gecko) Version/18.4 Safari/605.1.15"
104.28.237.80 - - [28/Jul/2026:21:26:37 +0800] "GET /config.json HTTP/1.1" 401 36 "-" "Mozilla/5.0 (Windows NT 10.0; Win64; x64) AppleWebKit/537.36 (KHTML, like Gecko) Chrome/146.0.0.0 Safari/537.36 Edg/146.0.0.0"
104.28.237.80 - - [28/Jul/2026:21:26:37 +0800] "GET /secrets.json HTTP/1.1" 401 36 "-" "Mozilla/5.0 (Macintosh; Intel Mac OS X 10_15_7) AppleWebKit/537.36 (KHTML, like Gecko) Chrome/147.0.0.0 Safari/537.36 Edg/147.0.0.0"
104.28.237.80 - - [28/Jul/2026:21:26:39 +0800] "GET /.npmrc HTTP/1.1" 401 36 "-" "Mozilla/5.0 (Macintosh; Intel Mac OS X 10_15_7) AppleWebKit/537.36 (KHTML, like Gecko) Chrome/147.0.0.0 Safari/537.36 Edg/147.0.0.0"
104.28.237.80 - - [28/Jul/2026:21:26:39 +0800] "GET /appsettings.json HTTP/1.1" 401 36 "-" "Mozilla/5.0 (Windows NT 10.0; Win64; x64) AppleWebKit/537.36 (KHTML, like Gecko) Chrome/146.0.0.0 Safari/537.36 Edg/146.0.0.0"
104.28.237.80 - - [28/Jul/2026:21:26:39 +0800] "GET /.env.local HTTP/1.1" 401 36 "-" "Mozilla/5.0 (Macintosh; Intel Mac OS X 10_15_7) AppleWebKit/605.1.15 (KHTML, like Gecko) Version/18.4 Safari/605.1.15"
104.28.237.80 - - [28/Jul/2026:21:26:39 +0800] "GET /.env.production HTTP/1.1" 401 36 "-" "Mozilla/5.0 (Macintosh; Intel Mac OS X 10_15_7) AppleWebKit/537.36 (KHTML, like Gecko) Chrome/147.0.0.0 Safari/537.36 Edg/147.0.0.0"
104.28.237.80 - - [28/Jul/2026:21:26:40 +0800] "GET /.env.development HTTP/1.1" 401 36 "-" "Mozilla/5.0 (Macintosh; Intel Mac OS X 10_15_7) AppleWebKit/537.36 (KHTML, like Gecko) Chrome/147.0.0.0 Safari/537.36 Edg/147.0.0.0"
104.28.237.80 - - [28/Jul/2026:21:26:40 +0800] "GET /.env.backup HTTP/1.1" 401 36 "-" "Mozilla/5.0 (Macintosh; Intel Mac OS X 10_15_7) AppleWebKit/537.36 (KHTML, like Gecko) Chrome/147.0.0.0 Safari/537.36 Edg/147.0.0.0"
104.28.237.80 - - [28/Jul/2026:21:26:40 +0800] "GET /.env.staging HTTP/1.1" 401 36 "-" "Mozilla/5.0 (Windows NT 10.0; Win64; x64) AppleWebKit/537.36 (KHTML, like Gecko) Chrome/146.0.0.0 Safari/537.36 Edg/146.0.0.0"
104.28.237.80 - - [28/Jul/2026:21:26:41 +0800] "GET /.env.bak HTTP/1.1" 401 36 "-" "Mozilla/5.0 (Macintosh; Intel Mac OS X 10_15_7) AppleWebKit/605.1.15 (KHTML, like Gecko) Version/18.4 Safari/605.1.15"
104.28.237.80 - - [28/Jul/2026:21:26:42 +0800] "GET /.env.old HTTP/1.1" 401 36 "-" "Mozilla/5.0 (Macintosh; Intel Mac OS X 10_15_7) AppleWebKit/537.36 (KHTML, like Gecko) Chrome/147.0.0.0 Safari/537.36 Edg/147.0.0.0"
104.28.237.80 - - [28/Jul/2026:21:26:43 +0800] "GET /.env.prod HTTP/1.1" 401 36 "-" "Mozilla/5.0 (Macintosh; Intel Mac OS X 10_15_7) AppleWebKit/605.1.15 (KHTML, like Gecko) Version/18.4 Safari/605.1.15"
104.28.237.80 - - [28/Jul/2026:21:26:43 +0800] "GET /.env.dev HTTP/1.1" 401 36 "-" "Mozilla/5.0 (Macintosh; Intel Mac OS X 10_15_7) AppleWebKit/537.36 (KHTML, like Gecko) Chrome/147.0.0.0 Safari/537.36 Edg/147.0.0.0"
104.28.237.80 - - [28/Jul/2026:21:26:43 +0800] "GET /.env.save HTTP/1.1" 401 36 "-" "Mozilla/5.0 (Windows NT 10.0; Win64; x64) AppleWebKit/537.36 (KHTML, like Gecko) Chrome/146.0.0.0 Safari/537.36 Edg/146.0.0.0"
104.28.237.80 - - [28/Jul/2026:21:26:45 +0800] "GET /.openai/config.json HTTP/1.1" 401 36 "-" "Mozilla/5.0 (Macintosh; Intel Mac OS X 10_15_7) AppleWebKit/537.36 (KHTML, like Gecko) Chrome/147.0.0.0 Safari/537.36 Edg/147.0.0.0"
104.28.237.80 - - [28/Jul/2026:21:26:45 +0800] "GET /.cursor/mcp.json HTTP/1.1" 401 36 "-" "Mozilla/5.0 (Macintosh; Intel Mac OS X 10_15_7) AppleWebKit/605.1.15 (KHTML, like Gecko) Version/18.4 Safari/605.1.15"
104.28.237.80 - - [28/Jul/2026:21:26:45 +0800] "GET /.anthropic/config.json HTTP/1.1" 401 36 "-" "Mozilla/5.0 (Windows NT 10.0; Win64; x64) AppleWebKit/537.36 (KHTML, like Gecko) Chrome/146.0.0.0 Safari/537.36 Edg/146.0.0.0"
104.28.237.80 - - [28/Jul/2026:21:26:45 +0800] "GET /.openclaw/openclaw.json HTTP/1.1" 401 36 "-" "Mozilla/5.0 (Macintosh; Intel Mac OS X 10_15_7) AppleWebKit/537.36 (KHTML, like Gecko) Chrome/147.0.0.0 Safari/537.36 Edg/147.0.0.0"
104.28.237.80 - - [28/Jul/2026:21:26:47 +0800] "GET /.openclaw/agents/main/agent/models.json HTTP/1.1" 401 36 "-" "Mozilla/5.0 (Macintosh; Intel Mac OS X 10_15_7) AppleWebKit/537.36 (KHTML, like Gecko) Chrome/147.0.0.0 Safari/537.36 Edg/147.0.0.0"
104.28.237.80 - - [28/Jul/2026:21:26:47 +0800] "GET /service_account.json HTTP/1.1" 401 36 "-" "Mozilla/5.0 (Macintosh; Intel Mac OS X 10_15_7) AppleWebKit/605.1.15 (KHTML, like Gecko) Version/18.4 Safari/605.1.15"
104.28.237.80 - - [28/Jul/2026:21:26:47 +0800] "GET /client_secret.json HTTP/1.1" 401 36 "-" "Mozilla/5.0 (Macintosh; Intel Mac OS X 10_15_7) AppleWebKit/537.36 (KHTML, like Gecko) Chrome/147.0.0.0 Safari/537.36 Edg/147.0.0.0"
104.28.237.80 - - [28/Jul/2026:21:26:47 +0800] "GET /service-account-key.json HTTP/1.1" 401 36 "-" "Mozilla/5.0 (Windows NT 10.0; Win64; x64) AppleWebKit/537.36 (KHTML, like Gecko) Chrome/146.0.0.0 Safari/537.36 Edg/146.0.0.0"
104.28.237.80 - - [28/Jul/2026:21:26:49 +0800] "GET /key.json HTTP/1.1" 401 36 "-" "Mozilla/5.0 (Macintosh; Intel Mac OS X 10_15_7) AppleWebKit/537.36 (KHTML, like Gecko) Chrome/147.0.0.0 Safari/537.36 Edg/147.0.0.0"
104.28.237.80 - - [28/Jul/2026:21:26:49 +0800] "GET /google-service-account.json HTTP/1.1" 401 36 "-" "Mozilla/5.0 (Macintosh; Intel Mac OS X 10_15_7) AppleWebKit/605.1.15 (KHTML, like Gecko) Version/18.4 Safari/605.1.15"
104.28.237.80 - - [28/Jul/2026:21:26:49 +0800] "GET /firebase-service-account.json HTTP/1.1" 401 36 "-" "Mozilla/5.0 (Macintosh; Intel Mac OS X 10_15_7) AppleWebKit/537.36 (KHTML, like Gecko) Chrome/147.0.0.0 Safari/537.36 Edg/147.0.0.0"
104.28.237.80 - - [28/Jul/2026:21:26:49 +0800] "GET /keyfile.json HTTP/1.1" 401 36 "-" "Mozilla/5.0 (Windows NT 10.0; Win64; x64) AppleWebKit/537.36 (KHTML, like Gecko) Chrome/146.0.0.0 Safari/537.36 Edg/146.0.0.0"
104.28.237.80 - - [28/Jul/2026:21:26:50 +0800] "GET /firebase-adminsdk.json HTTP/1.1" 401 36 "-" "Mozilla/5.0 (Macintosh; Intel Mac OS X 10_15_7) AppleWebKit/537.36 (KHTML, like Gecko) Chrome/147.0.0.0 Safari/537.36 Edg/147.0.0.0"
104.28.237.80 - - [28/Jul/2026:21:26:50 +0800] "GET /google-credentials.json HTTP/1.1" 401 36 "-" "Mozilla/5.0 (Macintosh; Intel Mac OS X 10_15_7) AppleWebKit/537.36 (KHTML, like Gecko) Chrome/147.0.0.0 Safari/537.36 Edg/147.0.0.0"
104.28.237.80 - - [28/Jul/2026:21:26:50 +0800] "GET /firebase.json HTTP/1.1" 401 36 "-" "Mozilla/5.0 (Macintosh; Intel Mac OS X 10_15_7) AppleWebKit/605.1.15 (KHTML, like Gecko) Version/18.4 Safari/605.1.15"
104.28.237.80 - - [28/Jul/2026:21:26:51 +0800] "GET /gcp-credentials.json HTTP/1.1" 401 36 "-" "Mozilla/5.0 (Windows NT 10.0; Win64; x64) AppleWebKit/537.36 (KHTML, like Gecko) Chrome/146.0.0.0 Safari/537.36 Edg/146.0.0.0"
104.28.237.80 - - [28/Jul/2026:21:26:53 +0800] "GET /application_default_credentials.json HTTP/1.1" 401 36 "-" "Mozilla/5.0 (Windows NT 10.0; Win64; x64) AppleWebKit/537.36 (KHTML, like Gecko) Chrome/146.0.0.0 Safari/537.36 Edg/146.0.0.0"
104.28.237.80 - - [28/Jul/2026:21:26:53 +0800] "GET /google-services.json HTTP/1.1" 401 36 "-" "Mozilla/5.0 (Macintosh; Intel Mac OS X 10_15_7) AppleWebKit/537.36 (KHTML, like Gecko) Chrome/147.0.0.0 Safari/537.36 Edg/147.0.0.0"
104.28.237.80 - - [28/Jul/2026:21:26:53 +0800] "GET /.docker/config.json HTTP/1.1" 401 36 "-" "Mozilla/5.0 (Macintosh; Intel Mac OS X 10_15_7) AppleWebKit/605.1.15 (KHTML, like Gecko) Version/18.4 Safari/605.1.15"
104.28.237.80 - - [28/Jul/2026:21:26:53 +0800] "GET /.kube/config HTTP/1.1" 401 36 "-" "Mozilla/5.0 (Macintosh; Intel Mac OS X 10_15_7) AppleWebKit/537.36 (KHTML, like Gecko) Chrome/147.0.0.0 Safari/537.36 Edg/147.0.0.0"
64.120.92.56 - - [28/Jul/2026:21:27:40 +0800] "POST /wp-cron.php?doing_wp_cron=1785245260.3886170387268066406250 HTTP/1.1" 200 0 "-" "WordPress/7.0.2; https://kitchensolusion.com"
192.241.143.148 - - [28/Jul/2026:21:27:39 +0800] "GET /wp-login.php HTTP/1.1" 200 2821 "-" "Mozilla/5.0 (Windows NT 10.0; Win64; x64) AppleWebKit/537.36 (KHTML, like Gecko) Chrome/150.0.0.0 Safari/537.36"
192.241.143.148 - - [28/Jul/2026:21:27:41 +0800] "POST /wp-login.php HTTP/1.1" 200 2927 "https://kitchensolusion.com/wp-login.php" "Mozilla/5.0 (Windows NT 10.0; Win64; x64) AppleWebKit/537.36 (KHTML, like Gecko) Chrome/150.0.0.0 Safari/537.36"
216.73.216.175 - - [28/Jul/2026:21:27:46 +0800] "GET /wa-08111-9296-333-jual-beli-barang-bekas-restoran-di-pegangsaangunung-sahari-utara/feed/ HTTP/2" 200 536 "-" "Mozilla/5.0 AppleWebKit/537.36 (KHTML, like Gecko; compatible; ClaudeBot/1.0; +claudebot@anthropic.com)"
85.208.96.207 - - [28/Jul/2026:21:29:56 +0800] "GET /about/ HTTP/1.1" 200 12634 "-" "Mozilla/5.0 (compatible; SemrushBot/7~bl; +http://www.semrush.com/bot.html)"
64.120.92.56 - - [28/Jul/2026:21:33:04 +0800] "POST /wp-cron.php?doing_wp_cron=1785245584.9670450687408447265625 HTTP/1.1" 200 0 "-" "WordPress/7.0.2; https://kitchensolusion.com"
216.73.216.175 - - [28/Jul/2026:21:33:04 +0800] "GET /sitemap_index.xml HTTP/2" 200 317 "-" "Mozilla/5.0 AppleWebKit/537.36 (KHTML, like Gecko; compatible; ClaudeBot/1.0; +claudebot@anthropic.com)"
216.244.66.250 - - [28/Jul/2026:21:35:07 +0800] "GET /jual-beli-barang-bekas-restoran-di-gambir/ HTTP/1.1" 200 60316 "-" "Mozilla/5.0 (compatible; DotBot/1.2; +https://opensiteexplorer.org/dotbot; help@moz.com)"
216.244.66.250 - - [28/Jul/2026:21:35:14 +0800] "GET /jual-beli-borongan-barang-bekas-restoran-ex-cafe-dan-resto-di-cipinang/ HTTP/1.1" 200 61470 "-" "Mozilla/5.0 (compatible; DotBot/1.2; +https://opensiteexplorer.org/dotbot; help@moz.com)"
216.244.66.250 - - [28/Jul/2026:21:35:21 +0800] "GET /wa-08111-9296-333-jual-beli-barang-bekas-restoran-di-kebon-kelapa/ HTTP/1.1" 200 61440 "-" "Mozilla/5.0 (compatible; DotBot/1.2; +https://opensiteexplorer.org/dotbot; help@moz.com)"
216.244.66.250 - - [28/Jul/2026:21:35:27 +0800] "GET /wa-08111-9296-333-jual-beli-barang-bekas-restoran-di-pluit/ HTTP/1.1" 200 61164 "-" "Mozilla/5.0 (compatible; DotBot/1.2; +https://opensiteexplorer.org/dotbot; help@moz.com)"
64.120.92.56 - - [28/Jul/2026:21:35:38 +0800] "POST /wp-cron.php?doing_wp_cron=1785245738.5190091133117675781250 HTTP/1.1" 200 0 "-" "WordPress/7.0.2; https://kitchensolusion.com"
216.244.66.250 - - [28/Jul/2026:21:35:37 +0800] "GET /chat-08111-9296-333-terima-jual-beli-borongan-kitchen-equipment-bekas-restoran-di-gunung-kaler/ HTTP/1.1" 200 62264 "-" "Mozilla/5.0 (compatible; DotBot/1.2; +https://opensiteexplorer.org/dotbot; help@moz.com)"
216.244.66.250 - - [28/Jul/2026:21:36:03 +0800] "GET /peralatan-dapur-restoran-stainless-steel-bekas-di-cilincing-jakarta-utara/ HTTP/1.1" 200 61286 "-" "Mozilla/5.0 (compatible; DotBot/1.2; +https://opensiteexplorer.org/dotbot; help@moz.com)"
216.244.66.250 - - [28/Jul/2026:21:36:27 +0800] "GET /wa-08111-9296-333-jual-beli-borongan-barang-bekas-alat-restoran-di-karawaci/ HTTP/1.1" 200 61741 "-" "Mozilla/5.0 (compatible; DotBot/1.2; +https://opensiteexplorer.org/dotbot; help@moz.com)"
43.134.23.177 - - [28/Jul/2026:21:38:06 +0800] "GET / HTTP/1.1" 301 0 "http://www.kitchensolusion.com" "Mozilla/5.0 (iPhone; CPU iPhone OS 13_2_3 like Mac OS X) AppleWebKit/605.1.15 (KHTML, like Gecko) Version/13.0.3 Mobile/15E148 Safari/604.1"
43.134.23.177 - - [28/Jul/2026:21:38:08 +0800] "GET / HTTP/1.1" 200 15324 "https://www.kitchensolusion.com/" "Mozilla/5.0 (iPhone; CPU iPhone OS 13_2_3 like Mac OS X) AppleWebKit/605.1.15 (KHTML, like Gecko) Version/13.0.3 Mobile/15E148 Safari/604.1"
172.56.234.154 - - [28/Jul/2026:21:38:28 +0800] "GET /terima-jual-beli-borongan-bekas-restoran-di-penjaringan/ HTTP/1.1" 200 17862 "-" "Mozilla/5.0 (Macintosh; Intel Mac OS X 12.5; rv:135.0) Gecko/20100101 Firefox/135.0"
64.120.92.56 - - [28/Jul/2026:21:45:22 +0800] "POST /wp-cron.php?doing_wp_cron=1785246322.6926000118255615234375 HTTP/1.1" 200 0 "-" "WordPress/7.0.2; https://kitchensolusion.com"
216.73.216.175 - - [28/Jul/2026:21:45:21 +0800] "GET /?p=1826 HTTP/2" 301 0 "-" "Mozilla/5.0 AppleWebKit/537.36 (KHTML, like Gecko; compatible; ClaudeBot/1.0; +claudebot@anthropic.com)"
216.73.216.175 - - [28/Jul/2026:21:45:23 +0800] "GET /jual-beli-alat-dapur-bekas-restoran-di-cipinang/ HTTP/2" 429 0 "https://kitchensolusion.com/?p=1826" "Mozilla/5.0 AppleWebKit/537.36 (KHTML, like Gecko; compatible; ClaudeBot/1.0; +claudebot@anthropic.com)"
64.120.92.56 - - [28/Jul/2026:21:45:56 +0800] "POST /wp-cron.php?doing_wp_cron=1785246356.1008760929107666015625 HTTP/1.1" 200 0 "-" "WordPress/7.0.2; https://kitchensolusion.com"
198.38.94.87 - - [28/Jul/2026:21:45:55 +0800] "POST /xmlrpc.php HTTP/1.1" 200 216 "-" "Mozilla/5.0 (Windows NT 10.0; Win64; x64) AppleWebKit/537.36 (KHTML, like Gecko) Chrome/150.0.0.0 Safari/537.36"
64.120.92.56 - - [28/Jul/2026:21:46:58 +0800] "POST /wp-cron.php?doing_wp_cron=1785246418.3689820766448974609375 HTTP/1.1" 200 0 "-" "WordPress/7.0.2; https://kitchensolusion.com"
216.73.216.175 - - [28/Jul/2026:21:46:57 +0800] "GET /jual-beli-alat-dapur-bekas-restoran-di-cipinang/feed/ HTTP/2" 200 502 "-" "Mozilla/5.0 AppleWebKit/537.36 (KHTML, like Gecko; compatible; ClaudeBot/1.0; +claudebot@anthropic.com)"
64.120.92.56 - - [28/Jul/2026:21:49:22 +0800] "POST /wp-cron.php?doing_wp_cron=1785246562.3136351108551025390625 HTTP/1.1" 200 0 "-" "WordPress/7.0.2; https://kitchensolusion.com"
216.73.216.175 - - [28/Jul/2026:21:49:21 +0800] "GET /jual-beli-alat-dapur-bekas-restoran-di-grogol-petamburan/ HTTP/2" 200 15966 "-" "Mozilla/5.0 AppleWebKit/537.36 (KHTML, like Gecko; compatible; ClaudeBot/1.0; +claudebot@anthropic.com)"
116.179.32.164 - - [28/Jul/2026:21:50:05 +0800] "GET /wa-08111-9296-333-jual-beli-borongan-peralatan-restoran-bekas-di-jakarta/ HTTP/2" 200 18013 "-" "Mozilla/5.0 (compatible; Baiduspider/2.0; +http://www.baidu.com/search/spider.html)"
116.179.37.118 - - [28/Jul/2026:21:50:16 +0800] "GET /wp-content/plugins/click-to-chat-for-whatsapp/new/inc/assets/js/app.js?ver=4.28 HTTP/1.1" 200 3553 "https://kitchensolusion.com/wa-08111-9296-333-jual-beli-borongan-peralatan-restoran-bekas-di-jakarta/" "Mozilla/5.0 (compatible; Baiduspider-render/2.0; +http://www.baidu.com/search/spider.html)"
52.167.144.147 - - [28/Jul/2026:21:50:23 +0800] "GET /wa-08111-9296-333-jual-beli-borongan-barang-bekas-alat-restoran-di-gelora/feed/ HTTP/2" 200 530 "-" "Mozilla/5.0 AppleWebKit/537.36 (KHTML, like Gecko; compatible; bingbot/2.0; +http://www.bing.com/bingbot.htm) Chrome/116.0.1938.76 Safari/537.36"
64.120.92.56 - - [28/Jul/2026:21:56:38 +0800] "POST /wp-cron.php?doing_wp_cron=1785246998.5915129184722900390625 HTTP/1.1" 200 0 "-" "WordPress/7.0.2; https://kitchensolusion.com"
185.191.171.8 - - [28/Jul/2026:21:56:37 +0800] "GET /category/jual-beli-barang-bekas-restoran-di-jatisampurna/ HTTP/1.1" 200 17149 "-" "Mozilla/5.0 (compatible; SemrushBot/7~bl; +http://www.semrush.com/bot.html)"
216.73.216.175 - - [28/Jul/2026:21:58:57 +0800] "GET /jual-beli-alat-dapur-bekas-restoran-di-grogol-petamburan/feed/ HTTP/2" 200 514 "-" "Mozilla/5.0 AppleWebKit/537.36 (KHTML, like Gecko; compatible; ClaudeBot/1.0; +claudebot@anthropic.com)"
185.191.171.3 - - [28/Jul/2026:21:59:54 +0800] "GET /blog/page/92/ HTTP/1.1" 200 18259 "-" "Mozilla/5.0 (compatible; SemrushBot/7~bl; +http://www.semrush.com/bot.html)"
216.73.216.175 - - [28/Jul/2026:22:01:36 +0800] "GET /?p=1873 HTTP/2" 429 0 "-" "Mozilla/5.0 AppleWebKit/537.36 (KHTML, like Gecko; compatible; ClaudeBot/1.0; +claudebot@anthropic.com)"
64.120.92.56 - - [28/Jul/2026:22:01:37 +0800] "POST /wp-cron.php?doing_wp_cron=1785247297.6115128993988037109375 HTTP/1.1" 200 0 "-" "WordPress/7.0.2; https://kitchensolusion.com"
216.73.216.175 - - [28/Jul/2026:22:01:36 +0800] "GET /chat-08111-9296-333-terima-jual-beli-barang-bekas-restoran-di-kebon-jeruk/feed/ HTTP/2" 200 527 "-" "Mozilla/5.0 AppleWebKit/537.36 (KHTML, like Gecko; compatible; ClaudeBot/1.0; +claudebot@anthropic.com)"
216.73.216.175 - - [28/Jul/2026:22:02:04 +0800] "GET /robots.txt HTTP/2" 200 114 "-" "Mozilla/5.0 AppleWebKit/537.36 (KHTML, like Gecko; compatible; ClaudeBot/1.0; +claudebot@anthropic.com)"
216.73.216.175 - - [28/Jul/2026:22:02:10 +0800] "GET /jual-beli-alat-dapur-bekas-restoran-di-ciracas/feed/ HTTP/2" 429 0 "-" "Mozilla/5.0 AppleWebKit/537.36 (KHTML, like Gecko; compatible; ClaudeBot/1.0; +claudebot@anthropic.com)"
85.208.96.197 - - [28/Jul/2026:22:03:01 +0800] "GET /category/jual-beli-barang-bekas-restoran-jakarta/page/16/ HTTP/1.1" 200 18988 "-" "Mozilla/5.0 (compatible; SemrushBot/7~bl; +http://www.semrush.com/bot.html)"
216.73.216.175 - - [28/Jul/2026:22:05:01 +0800] "GET /?p=1828 HTTP/2" 301 0 "-" "Mozilla/5.0 AppleWebKit/537.36 (KHTML, like Gecko; compatible; ClaudeBot/1.0; +claudebot@anthropic.com)"
216.73.216.175 - - [28/Jul/2026:22:05:02 +0800] "GET /jual-beli-alat-dapur-bekas-restoran-di-ciracas/ HTTP/2" 429 0 "https://kitchensolusion.com/?p=1828" "Mozilla/5.0 AppleWebKit/537.36 (KHTML, like Gecko; compatible; ClaudeBot/1.0; +claudebot@anthropic.com)"
64.120.92.56 - - [28/Jul/2026:22:05:37 +0800] "POST /wp-cron.php?doing_wp_cron=1785247537.6098868846893310546875 HTTP/1.1" 200 0 "-" "WordPress/7.0.2; https://kitchensolusion.com"
52.167.144.173 - - [28/Jul/2026:22:05:36 +0800] "GET /?s=2027 HTTP/2" 200 11341 "-" "Mozilla/5.0 AppleWebKit/537.36 (KHTML, like Gecko; compatible; bingbot/2.0; +http://www.bing.com/bingbot.htm) Chrome/116.0.1938.76 Safari/537.36"
