216.73.216.175 - - [29/Jul/2026:03:12:33 +0800] "GET /wa-08111-9296-333-jual-beli-borongan-barang-bekas-alat-restoran-di-gambir/feed/ HTTP/2" 200 531 "-" "Mozilla/5.0 AppleWebKit/537.36 (KHTML, like Gecko; compatible; ClaudeBot/1.0; +claudebot@anthropic.com)"
216.73.216.175 - - [29/Jul/2026:03:12:33 +0800] "GET /wa-08111-9296-333-jual-beli-peralatan-restoran-bekas-di-citra-raya/ HTTP/2" 200 15995 "-" "Mozilla/5.0 AppleWebKit/537.36 (KHTML, like Gecko; compatible; ClaudeBot/1.0; +claudebot@anthropic.com)"
64.120.92.56 - - [29/Jul/2026:03:15:22 +0800] "POST /wp-cron.php?doing_wp_cron=1785266122.3511168956756591796875 HTTP/1.1" 200 0 "-" "WordPress/7.0.2; https://kitchensolusion.com"
216.73.216.175 - - [29/Jul/2026:03:15:21 +0800] "GET /robots.txt HTTP/2" 200 114 "-" "Mozilla/5.0 AppleWebKit/537.36 (KHTML, like Gecko; compatible; ClaudeBot/1.0; +claudebot@anthropic.com)"
216.73.216.175 - - [29/Jul/2026:03:15:27 +0800] "GET /wa-08111-9296-333-jual-beli-peralatan-kitchen-cafe-bekas-di-kebon-kacang/feed/ HTTP/2" 200 533 "-" "Mozilla/5.0 AppleWebKit/537.36 (KHTML, like Gecko; compatible; ClaudeBot/1.0; +claudebot@anthropic.com)"
64.120.92.56 - - [29/Jul/2026:03:15:31 +0800] "POST /wp-cron.php?doing_wp_cron=1785266131.5822949409484863281250 HTTP/1.1" 200 0 "-" "WordPress/7.0.2; https://kitchensolusion.com"
185.191.171.19 - - [29/Jul/2026:03:15:30 +0800] "GET /author/admin/page/91/ HTTP/1.1" 200 18880 "-" "Mozilla/5.0 (compatible; SemrushBot/7~bl; +http://www.semrush.com/bot.html)"
85.208.96.205 - - [29/Jul/2026:03:18:30 +0800] "GET /category/jual-beli-peralatan-restoran-bekas-di-cipayung/ HTTP/1.1" 200 18627 "-" "Mozilla/5.0 (compatible; SemrushBot/7~bl; +http://www.semrush.com/bot.html)"
216.244.66.250 - - [29/Jul/2026:03:19:58 +0800] "GET /robots.txt HTTP/1.1" 200 177 "-" "Mozilla/5.0 (compatible; DotBot/1.2; +https://opensiteexplorer.org/dotbot; help@moz.com)"
64.120.92.56 - - [29/Jul/2026:03:20:35 +0800] "POST /wp-cron.php?doing_wp_cron=1785266435.4483630657196044921875 HTTP/1.1" 200 0 "-" "WordPress/7.0.2; https://kitchensolusion.com"
216.73.216.175 - - [29/Jul/2026:03:20:34 +0800] "GET /wa-08111-9296-333-jual-beli-peralatan-kitchen-cafe-bekas-di-kebon-kacang/ HTTP/2" 200 15950 "-" "Mozilla/5.0 AppleWebKit/537.36 (KHTML, like Gecko; compatible; ClaudeBot/1.0; +claudebot@anthropic.com)"
68.67.112.0 - - [29/Jul/2026:03:24:22 +0800] "GET /robots.txt HTTP/1.1" 200 114 "-" "Mozilla/5.0 AppleWebKit/537.36 (KHTML, like Gecko; compatible; YouBot/1.0; +https://docs.you.com/youbot; env:prod) Chrome/142.0.0.0 Safari/537.36"
68.67.112.0 - - [29/Jul/2026:03:24:24 +0800] "GET /category/jual-beli-barang-bekas-restoran-di-cikupa/ HTTP/1.1" 200 14437 "-" "Mozilla/5.0 AppleWebKit/537.36 (KHTML, like Gecko; compatible; YouBot/1.0; +https://docs.you.com/youbot; env:prod) Chrome/142.0.0.0 Safari/537.36"
64.120.92.56 - - [29/Jul/2026:03:25:36 +0800] "POST /wp-cron.php?doing_wp_cron=1785266736.3970189094543457031250 HTTP/1.1" 200 0 "-" "WordPress/7.0.2; https://kitchensolusion.com"
85.208.96.202 - - [29/Jul/2026:03:25:35 +0800] "GET /category/jual-beli-barang-bekas-restoran-di-bekasi-barat/ HTTP/1.1" 200 17402 "-" "Mozilla/5.0 (compatible; SemrushBot/7~bl; +http://www.semrush.com/bot.html)"
216.73.216.175 - - [29/Jul/2026:03:27:29 +0800] "GET /category/jual-beli-borongan-bekas-restoran-di-bogor-barat/ HTTP/2" 200 14650 "-" "Mozilla/5.0 AppleWebKit/537.36 (KHTML, like Gecko; compatible; ClaudeBot/1.0; +claudebot@anthropic.com)"
216.73.216.175 - - [29/Jul/2026:03:30:18 +0800] "GET /jual-beli-peralatan-bekas-dapur-ex-cafe-dan-resto-di-daerah-cempaka-putih/feed/ HTTP/2" 429 0 "-" "Mozilla/5.0 AppleWebKit/537.36 (KHTML, like Gecko; compatible; ClaudeBot/1.0; +claudebot@anthropic.com)"
216.73.216.175 - - [29/Jul/2026:03:30:18 +0800] "GET /?p=3531 HTTP/2" 301 0 "-" "Mozilla/5.0 AppleWebKit/537.36 (KHTML, like Gecko; compatible; ClaudeBot/1.0; +claudebot@anthropic.com)"
216.73.216.175 - - [29/Jul/2026:03:30:19 +0800] "GET /chat-08111-9296-333-terima-jual-beli-borongan-kitchen-equipment-bekas-restoran-di-cibodas/ HTTP/2" 429 0 "https://kitchensolusion.com/?p=3531" "Mozilla/5.0 AppleWebKit/537.36 (KHTML, like Gecko; compatible; ClaudeBot/1.0; +claudebot@anthropic.com)"
216.73.216.175 - - [29/Jul/2026:03:30:48 +0800] "GET /jual-beli-peralatan-bekas-dapur-ex-cafe-dan-resto-di-daerah-cempaka-putih/ HTTP/2" 429 0 "-" "Mozilla/5.0 AppleWebKit/537.36 (KHTML, like Gecko; compatible; ClaudeBot/1.0; +claudebot@anthropic.com)"
64.120.92.56 - - [29/Jul/2026:03:31:25 +0800] "POST /wp-cron.php?doing_wp_cron=1785267085.4158780574798583984375 HTTP/1.1" 200 0 "-" "WordPress/7.0.2; https://kitchensolusion.com"
68.67.112.0 - - [29/Jul/2026:03:31:24 +0800] "GET /robots.txt HTTP/1.1" 200 114 "-" "Mozilla/5.0 AppleWebKit/537.36 (KHTML, like Gecko; compatible; YouBot/1.0; +https://docs.you.com/youbot; env:prod) Chrome/142.0.0.0 Safari/537.36"
68.67.112.0 - - [29/Jul/2026:03:31:26 +0800] "GET /category/jual-beli-barang-bekas-restoran-di-jayanti/ HTTP/1.1" 200 14480 "-" "Mozilla/5.0 AppleWebKit/537.36 (KHTML, like Gecko; compatible; YouBot/1.0; +https://docs.you.com/youbot; env:prod) Chrome/142.0.0.0 Safari/537.36"
216.244.66.250 - - [29/Jul/2026:03:31:40 +0800] "GET /jual-beli-alat-dapur-bekas-restoran-di-sawah-besar/ HTTP/1.1" 200 60831 "-" "Mozilla/5.0 (compatible; DotBot/1.2; +https://opensiteexplorer.org/dotbot; help@moz.com)"
216.244.66.250 - - [29/Jul/2026:03:31:46 +0800] "GET /jual-beli-borongan-alat-dapur-di-daerah-cempaka-putih/ HTTP/1.1" 200 60960 "-" "Mozilla/5.0 (compatible; DotBot/1.2; +https://opensiteexplorer.org/dotbot; help@moz.com)"
216.244.66.250 - - [29/Jul/2026:03:31:51 +0800] "GET /wa-08111-9296-333-jual-beli-borongan-barang-bekas-restoran-di-kalibata/ HTTP/1.1" 200 61569 "-" "Mozilla/5.0 (compatible; DotBot/1.2; +https://opensiteexplorer.org/dotbot; help@moz.com)"
216.244.66.250 - - [29/Jul/2026:03:31:56 +0800] "GET /wa-08111-9296-333-jual-beli-peralatan-kitchen-cafe-bekas-di-pondok-cabe/ HTTP/1.1" 200 61659 "-" "Mozilla/5.0 (compatible; DotBot/1.2; +https://opensiteexplorer.org/dotbot; help@moz.com)"
216.244.66.250 - - [29/Jul/2026:03:31:59 +0800] "GET /chat-08111-9296-333-terima-jual-beli-borongan-barang-bekas-restoran-di-pondok-labu/ HTTP/1.1" 200 61998 "-" "Mozilla/5.0 (compatible; DotBot/1.2; +https://opensiteexplorer.org/dotbot; help@moz.com)"
216.244.66.250 - - [29/Jul/2026:03:32:04 +0800] "GET /jual-beli-barang-bekas-restoran-ex-cafe-dan-resto-di-kecamatan-cempaka-putih/ HTTP/1.1" 200 61496 "-" "Mozilla/5.0 (compatible; DotBot/1.2; +https://opensiteexplorer.org/dotbot; help@moz.com)"
216.73.216.175 - - [29/Jul/2026:03:32:51 +0800] "GET /sitemap_index.xml HTTP/2" 200 317 "-" "Mozilla/5.0 AppleWebKit/537.36 (KHTML, like Gecko; compatible; ClaudeBot/1.0; +claudebot@anthropic.com)"
85.144.4.28 - - [29/Jul/2026:03:33:36 +0800] "GET /jual-beli-alat-kitchen-ex-restoran-di-kecamatan-cempaka-putih/ HTTP/1.1" 200 17920 "-" "Mozilla/5.0 (Macintosh; Intel Mac OS X 13_4_1) AppleWebKit/537.36 (KHTML, like Gecko) Chrome/130.0.6723.116 Safari/537.36"
216.73.216.175 - - [29/Jul/2026:03:35:13 +0800] "GET /?p=1332 HTTP/2" 429 0 "-" "Mozilla/5.0 AppleWebKit/537.36 (KHTML, like Gecko; compatible; ClaudeBot/1.0; +claudebot@anthropic.com)"
216.73.216.175 - - [29/Jul/2026:03:35:13 +0800] "GET /?p=2258 HTTP/2" 301 0 "-" "Mozilla/5.0 AppleWebKit/537.36 (KHTML, like Gecko; compatible; ClaudeBot/1.0; +claudebot@anthropic.com)"
216.73.216.175 - - [29/Jul/2026:03:35:14 +0800] "GET /wa-08111-9296-333-jual-beli-peralatan-kitchen-cafe-bekas-di-kebon-kacang/ HTTP/2" 429 0 "https://kitchensolusion.com/?p=2258" "Mozilla/5.0 AppleWebKit/537.36 (KHTML, like Gecko; compatible; ClaudeBot/1.0; +claudebot@anthropic.com)"
64.120.92.56 - - [29/Jul/2026:03:42:02 +0800] "POST /wp-cron.php?doing_wp_cron=1785267722.1377019882202148437500 HTTP/1.1" 200 0 "-" "WordPress/7.0.2; https://kitchensolusion.com"
185.191.171.5 - - [29/Jul/2026:03:42:01 +0800] "GET /category/jual-beli-barang-bekas-restoran-di-cengkareng/ HTTP/1.1" 200 17319 "-" "Mozilla/5.0 (compatible; SemrushBot/7~bl; +http://www.semrush.com/bot.html)"
64.120.92.56 - - [29/Jul/2026:04:00:54 +0800] "POST /wp-cron.php?doing_wp_cron=1785268854.3478600978851318359375 HTTP/1.1" 200 0 "-" "WordPress/7.0.2; https://kitchensolusion.com"
216.73.216.175 - - [29/Jul/2026:04:00:53 +0800] "GET /wa-08111-9296-333-jual-beli-ex-resto-terdekat-di-cikokol/ HTTP/2" 200 15948 "-" "Mozilla/5.0 AppleWebKit/537.36 (KHTML, like Gecko; compatible; ClaudeBot/1.0; +claudebot@anthropic.com)"
49.51.178.184 - - [29/Jul/2026:04:02:36 +0800] "GET / HTTP/2" 301 0 "-" "Mozilla/5.0 (iPhone; CPU iPhone OS 14_4 like Mac OS X) AppleWebKit/605.1.15 (KHTML, like Gecko) Version/15.4 Mobile/15E148 Safari/604.1"
49.51.178.184 - - [29/Jul/2026:04:02:37 +0800] "GET / HTTP/2" 200 13713 "-" "Mozilla/5.0 (iPhone; CPU iPhone OS 14_4 like Mac OS X) AppleWebKit/605.1.15 (KHTML, like Gecko) Version/15.4 Mobile/15E148 Safari/604.1"
49.51.178.184 - - [29/Jul/2026:04:02:37 +0800] "GET /wp-content/plugins/click-to-chat-for-whatsapp/new/inc/assets/css/main.css?ver=4.28 HTTP/2" 200 693 "https://kitchensolusion.com/" "Mozilla/5.0 (iPhone; CPU iPhone OS 14_4 like Mac OS X) AppleWebKit/605.1.15 (KHTML, like Gecko) Version/15.4 Mobile/15E148 Safari/604.1"
49.51.178.184 - - [29/Jul/2026:04:02:37 +0800] "GET /wp-content/plugins/elementor/assets/lib/eicons/css/elementor-icons.min.css?ver=5.43.0 HTTP/2" 200 4195 "https://kitchensolusion.com/" "Mozilla/5.0 (iPhone; CPU iPhone OS 14_4 like Mac OS X) AppleWebKit/605.1.15 (KHTML, like Gecko) Version/15.4 Mobile/15E148 Safari/604.1"
49.51.178.184 - - [29/Jul/2026:04:02:37 +0800] "GET /wp-content/plugins/elementor/assets/css/frontend.min.css?ver=3.31.3 HTTP/2" 200 7350 "https://kitchensolusion.com/" "Mozilla/5.0 (iPhone; CPU iPhone OS 14_4 like Mac OS X) AppleWebKit/605.1.15 (KHTML, like Gecko) Version/15.4 Mobile/15E148 Safari/604.1"
49.51.178.184 - - [29/Jul/2026:04:02:38 +0800] "GET /wp-content/plugins/elementor/assets/lib/swiper/v8/css/swiper.min.css?ver=8.4.5 HTTP/2" 200 4544 "https://kitchensolusion.com/" "Mozilla/5.0 (iPhone; CPU iPhone OS 14_4 like Mac OS X) AppleWebKit/605.1.15 (KHTML, like Gecko) Version/15.4 Mobile/15E148 Safari/604.1"
49.51.178.184 - - [29/Jul/2026:04:02:38 +0800] "GET /wp-content/plugins/elementor/assets/css/widget-image.min.css?ver=3.31.3 HTTP/2" 200 131 "https://kitchensolusion.com/" "Mozilla/5.0 (iPhone; CPU iPhone OS 14_4 like Mac OS X) AppleWebKit/605.1.15 (KHTML, like Gecko) Version/15.4 Mobile/15E148 Safari/604.1"
49.51.178.184 - - [29/Jul/2026:04:02:38 +0800] "GET /wp-content/plugins/elementor/assets/css/widget-divider.min.css?ver=3.31.3 HTTP/2" 200 766 "https://kitchensolusion.com/" "Mozilla/5.0 (iPhone; CPU iPhone OS 14_4 like Mac OS X) AppleWebKit/605.1.15 (KHTML, like Gecko) Version/15.4 Mobile/15E148 Safari/604.1"
49.51.178.184 - - [29/Jul/2026:04:02:38 +0800] "GET /wp-content/plugins/elementor/assets/css/widget-image-carousel.min.css?ver=3.31.3 HTTP/2" 200 178 "https://kitchensolusion.com/" "Mozilla/5.0 (iPhone; CPU iPhone OS 14_4 like Mac OS X) AppleWebKit/605.1.15 (KHTML, like Gecko) Version/15.4 Mobile/15E148 Safari/604.1"
49.51.178.184 - - [29/Jul/2026:04:02:38 +0800] "GET /wp-content/plugins/elementor/assets/css/widget-spacer.min.css?ver=3.31.3 HTTP/2" 200 349 "https://kitchensolusion.com/" "Mozilla/5.0 (iPhone; CPU iPhone OS 14_4 like Mac OS X) AppleWebKit/605.1.15 (KHTML, like Gecko) Version/15.4 Mobile/15E148 Safari/604.1"
49.51.178.184 - - [29/Jul/2026:04:02:37 +0800] "GET /wp-content/plugins/elementor/assets/css/widget-heading.min.css?ver=3.31.3 HTTP/2" 200 162 "https://kitchensolusion.com/" "Mozilla/5.0 (iPhone; CPU iPhone OS 14_4 like Mac OS X) AppleWebKit/605.1.15 (KHTML, like Gecko) Version/15.4 Mobile/15E148 Safari/604.1"
49.51.178.184 - - [29/Jul/2026:04:02:38 +0800] "GET /wp-content/plugins/elementor/assets/css/conditionals/e-swiper.min.css?ver=3.31.3 HTTP/2" 200 753 "https://kitchensolusion.com/" "Mozilla/5.0 (iPhone; CPU iPhone OS 14_4 like Mac OS X) AppleWebKit/605.1.15 (KHTML, like Gecko) Version/15.4 Mobile/15E148 Safari/604.1"
49.51.178.184 - - [29/Jul/2026:04:02:38 +0800] "GET /wp-content/themes/landingpress-wp/style.css?ver=3.4.7.2 HTTP/2" 200 12863 "https://kitchensolusion.com/" "Mozilla/5.0 (iPhone; CPU iPhone OS 14_4 like Mac OS X) AppleWebKit/605.1.15 (KHTML, like Gecko) Version/15.4 Mobile/15E148 Safari/604.1"
49.51.178.184 - - [29/Jul/2026:04:02:38 +0800] "GET /wp-content/uploads/elementor/google-fonts/css/roboto.css?ver=1756880823 HTTP/2" 200 2007 "https://kitchensolusion.com/" "Mozilla/5.0 (iPhone; CPU iPhone OS 14_4 like Mac OS X) AppleWebKit/605.1.15 (KHTML, like Gecko) Version/15.4 Mobile/15E148 Safari/604.1"
49.51.178.184 - - [29/Jul/2026:04:02:38 +0800] "GET /wp-content/uploads/elementor/google-fonts/css/robotoslab.css?ver=1756880824 HTTP/2" 200 772 "https://kitchensolusion.com/" "Mozilla/5.0 (iPhone; CPU iPhone OS 14_4 like Mac OS X) AppleWebKit/605.1.15 (KHTML, like Gecko) Version/15.4 Mobile/15E148 Safari/604.1"
49.51.178.184 - - [29/Jul/2026:04:02:38 +0800] "GET /wp-includes/js/jquery/jquery-migrate.min.js?ver=3.4.1 HTTP/2" 200 4999 "https://kitchensolusion.com/" "Mozilla/5.0 (iPhone; CPU iPhone OS 14_4 like Mac OS X) AppleWebKit/605.1.15 (KHTML, like Gecko) Version/15.4 Mobile/15E148 Safari/604.1"
49.51.178.184 - - [29/Jul/2026:04:02:38 +0800] "GET /wp-includes/js/jquery/jquery.min.js?ver=3.7.1 HTTP/2" 200 31405 "https://kitchensolusion.com/" "Mozilla/5.0 (iPhone; CPU iPhone OS 14_4 like Mac OS X) AppleWebKit/605.1.15 (KHTML, like Gecko) Version/15.4 Mobile/15E148 Safari/604.1"
49.51.178.184 - - [29/Jul/2026:04:02:38 +0800] "GET /wp-content/uploads/2023/06/2.webp HTTP/2" 200 53768 "https://kitchensolusion.com/" "Mozilla/5.0 (iPhone; CPU iPhone OS 14_4 like Mac OS X) AppleWebKit/605.1.15 (KHTML, like Gecko) Version/15.4 Mobile/15E148 Safari/604.1"
49.51.178.184 - - [29/Jul/2026:04:02:38 +0800] "GET /wp-content/uploads/2023/06/3.webp HTTP/2" 200 41032 "https://kitchensolusion.com/" "Mozilla/5.0 (iPhone; CPU iPhone OS 14_4 like Mac OS X) AppleWebKit/605.1.15 (KHTML, like Gecko) Version/15.4 Mobile/15E148 Safari/604.1"
49.51.178.184 - - [29/Jul/2026:04:02:38 +0800] "GET /wp-content/uploads/2023/06/5.webp HTTP/2" 200 54032 "https://kitchensolusion.com/" "Mozilla/5.0 (iPhone; CPU iPhone OS 14_4 like Mac OS X) AppleWebKit/605.1.15 (KHTML, like Gecko) Version/15.4 Mobile/15E148 Safari/604.1"
49.51.178.184 - - [29/Jul/2026:04:02:38 +0800] "GET /wp-content/uploads/2023/06/1-1.webp HTTP/2" 200 36022 "https://kitchensolusion.com/" "Mozilla/5.0 (iPhone; CPU iPhone OS 14_4 like Mac OS X) AppleWebKit/605.1.15 (KHTML, like Gecko) Version/15.4 Mobile/15E148 Safari/604.1"
49.51.178.184 - - [29/Jul/2026:04:02:38 +0800] "GET /wp-content/uploads/elementor/google-fonts/fonts/roboto-fb5169d9.woff2 HTTP/2" 200 40128 "https://kitchensolusion.com/wp-content/uploads/elementor/google-fonts/css/roboto.css?ver=1756880823" "Mozilla/5.0 (iPhone; CPU iPhone OS 14_4 like Mac OS X) AppleWebKit/605.1.15 (KHTML, like Gecko) Version/15.4 Mobile/15E148 Safari/604.1"
49.51.178.184 - - [29/Jul/2026:04:02:38 +0800] "GET /wp-content/plugins/elementor/assets/lib/eicons/fonts/eicons.woff2?5.43.0 HTTP/2" 200 103208 "https://kitchensolusion.com/wp-content/plugins/elementor/assets/lib/eicons/css/elementor-icons.min.css?ver=5.43.0" "Mozilla/5.0 (iPhone; CPU iPhone OS 14_4 like Mac OS X) AppleWebKit/605.1.15 (KHTML, like Gecko) Version/15.4 Mobile/15E148 Safari/604.1"
49.51.178.184 - - [29/Jul/2026:04:02:38 +0800] "GET /wp-content/plugins/elementor/assets/js/webpack.runtime.min.js?ver=3.31.3 HTTP/2" 200 2528 "https://kitchensolusion.com/" "Mozilla/5.0 (iPhone; CPU iPhone OS 14_4 like Mac OS X) AppleWebKit/605.1.15 (KHTML, like Gecko) Version/15.4 Mobile/15E148 Safari/604.1"
49.51.178.184 - - [29/Jul/2026:04:02:38 +0800] "GET /wp-content/uploads/2023/06/4.webp HTTP/2" 200 49864 "https://kitchensolusion.com/" "Mozilla/5.0 (iPhone; CPU iPhone OS 14_4 like Mac OS X) AppleWebKit/605.1.15 (KHTML, like Gecko) Version/15.4 Mobile/15E148 Safari/604.1"
49.51.178.184 - - [29/Jul/2026:04:02:38 +0800] "GET /wp-content/uploads/2023/06/layanan3.jpg HTTP/2" 200 467769 "https://kitchensolusion.com/" "Mozilla/5.0 (iPhone; CPU iPhone OS 14_4 like Mac OS X) AppleWebKit/605.1.15 (KHTML, like Gecko) Version/15.4 Mobile/15E148 Safari/604.1"
49.51.178.184 - - [29/Jul/2026:04:02:39 +0800] "GET /wp-content/plugins/elementor/assets/js/frontend-modules.min.js?ver=3.31.3 HTTP/2" 200 16108 "https://kitchensolusion.com/" "Mozilla/5.0 (iPhone; CPU iPhone OS 14_4 like Mac OS X) AppleWebKit/605.1.15 (KHTML, like Gecko) Version/15.4 Mobile/15E148 Safari/604.1"
49.51.178.184 - - [29/Jul/2026:04:02:39 +0800] "GET /wp-includes/js/jquery/ui/core.min.js?ver=1.13.3 HTTP/2" 200 7257 "https://kitchensolusion.com/" "Mozilla/5.0 (iPhone; CPU iPhone OS 14_4 like Mac OS X) AppleWebKit/605.1.15 (KHTML, like Gecko) Version/15.4 Mobile/15E148 Safari/604.1"
49.51.178.184 - - [29/Jul/2026:04:02:39 +0800] "GET /wp-content/plugins/elementor/assets/js/frontend.min.js?ver=3.31.3 HTTP/2" 200 11088 "https://kitchensolusion.com/" "Mozilla/5.0 (iPhone; CPU iPhone OS 14_4 like Mac OS X) AppleWebKit/605.1.15 (KHTML, like Gecko) Version/15.4 Mobile/15E148 Safari/604.1"
49.51.178.184 - - [29/Jul/2026:04:02:39 +0800] "GET /wp-content/plugins/elementor/assets/lib/swiper/v8/swiper.min.js?ver=8.4.5 HTTP/2" 200 40868 "https://kitchensolusion.com/" "Mozilla/5.0 (iPhone; CPU iPhone OS 14_4 like Mac OS X) AppleWebKit/605.1.15 (KHTML, like Gecko) Version/15.4 Mobile/15E148 Safari/604.1"
49.51.178.184 - - [29/Jul/2026:04:02:39 +0800] "GET /wp-content/themes/landingpress-wp/assets/js/script.min.js?ver=3.4.7.2 HTTP/2" 200 8720 "https://kitchensolusion.com/" "Mozilla/5.0 (iPhone; CPU iPhone OS 14_4 like Mac OS X) AppleWebKit/605.1.15 (KHTML, like Gecko) Version/15.4 Mobile/15E148 Safari/604.1"
49.51.178.184 - - [29/Jul/2026:04:02:40 +0800] "GET /wp-content/uploads/2023/06/layanan13.jpg HTTP/2" 200 455886 "https://kitchensolusion.com/" "Mozilla/5.0 (iPhone; CPU iPhone OS 14_4 like Mac OS X) AppleWebKit/605.1.15 (KHTML, like Gecko) Version/15.4 Mobile/15E148 Safari/604.1"
49.51.178.184 - - [29/Jul/2026:04:02:40 +0800] "GET /wp-content/uploads/2023/06/layanan-1.jpg HTTP/2" 200 680612 "https://kitchensolusion.com/" "Mozilla/5.0 (iPhone; CPU iPhone OS 14_4 like Mac OS X) AppleWebKit/605.1.15 (KHTML, like Gecko) Version/15.4 Mobile/15E148 Safari/604.1"
49.51.178.184 - - [29/Jul/2026:04:02:40 +0800] "GET /wp-content/plugins/click-to-chat-for-whatsapp/new/inc/assets/js/app.js?ver=4.28 HTTP/2" 200 3558 "https://kitchensolusion.com/" "Mozilla/5.0 (iPhone; CPU iPhone OS 14_4 like Mac OS X) AppleWebKit/605.1.15 (KHTML, like Gecko) Version/15.4 Mobile/15E148 Safari/604.1"
49.51.178.184 - - [29/Jul/2026:04:02:40 +0800] "GET /wp-content/uploads/2023/06/layanan12.jpg HTTP/2" 200 476413 "https://kitchensolusion.com/" "Mozilla/5.0 (iPhone; CPU iPhone OS 14_4 like Mac OS X) AppleWebKit/605.1.15 (KHTML, like Gecko) Version/15.4 Mobile/15E148 Safari/604.1"
49.51.178.184 - - [29/Jul/2026:04:02:40 +0800] "GET /wp-content/uploads/2023/06/layanan4.jpg HTTP/2" 200 104522 "https://kitchensolusion.com/" "Mozilla/5.0 (iPhone; CPU iPhone OS 14_4 like Mac OS X) AppleWebKit/605.1.15 (KHTML, like Gecko) Version/15.4 Mobile/15E148 Safari/604.1"
49.51.178.184 - - [29/Jul/2026:04:02:40 +0800] "GET /wp-content/uploads/2023/06/layanan14.jpg HTTP/2" 200 114971 "https://kitchensolusion.com/" "Mozilla/5.0 (iPhone; CPU iPhone OS 14_4 like Mac OS X) AppleWebKit/605.1.15 (KHTML, like Gecko) Version/15.4 Mobile/15E148 Safari/604.1"
49.51.178.184 - - [29/Jul/2026:04:02:40 +0800] "GET /wp-content/plugins/elementor/assets/js/section-frontend-handlers.d85ab872da118940910d.bundle.min.js HTTP/2" 200 281 "https://kitchensolusion.com/" "Mozilla/5.0 (iPhone; CPU iPhone OS 14_4 like Mac OS X) AppleWebKit/605.1.15 (KHTML, like Gecko) Version/15.4 Mobile/15E148 Safari/604.1"
49.51.178.184 - - [29/Jul/2026:04:02:40 +0800] "GET /wp-content/plugins/elementor/assets/js/text-editor.abc8f59c62f2820dc25a.bundle.min.js HTTP/2" 200 672 "https://kitchensolusion.com/" "Mozilla/5.0 (iPhone; CPU iPhone OS 14_4 like Mac OS X) AppleWebKit/605.1.15 (KHTML, like Gecko) Version/15.4 Mobile/15E148 Safari/604.1"
49.51.178.184 - - [29/Jul/2026:04:02:40 +0800] "GET /wp-content/plugins/elementor/assets/js/image-carousel.6167d20b95b33386757b.bundle.min.js HTTP/2" 200 280 "https://kitchensolusion.com/" "Mozilla/5.0 (iPhone; CPU iPhone OS 14_4 like Mac OS X) AppleWebKit/605.1.15 (KHTML, like Gecko) Version/15.4 Mobile/15E148 Safari/604.1"
49.51.178.184 - - [29/Jul/2026:04:02:40 +0800] "GET /wp-content/plugins/elementor/assets/js/shared-frontend-handlers.4c8abccc3e268b0767b2.bundle.min.js HTTP/2" 200 2747 "https://kitchensolusion.com/" "Mozilla/5.0 (iPhone; CPU iPhone OS 14_4 like Mac OS X) AppleWebKit/605.1.15 (KHTML, like Gecko) Version/15.4 Mobile/15E148 Safari/604.1"
216.244.66.250 - - [29/Jul/2026:04:04:36 +0800] "GET /robots.txt HTTP/1.1" 200 177 "-" "Mozilla/5.0 (compatible; DotBot/1.2; +https://opensiteexplorer.org/dotbot; help@moz.com)"
64.120.92.56 - - [29/Jul/2026:04:06:39 +0800] "POST /wp-cron.php?doing_wp_cron=1785269199.7796618938446044921875 HTTP/1.1" 200 0 "-" "WordPress/7.0.2; https://kitchensolusion.com"
85.208.96.196 - - [29/Jul/2026:04:06:39 +0800] "GET /robots.txt HTTP/1.1" 200 130 "-" "Mozilla/5.0 (compatible; SemrushBot/7~bl; +http://www.semrush.com/bot.html)"
85.208.96.206 - - [29/Jul/2026:04:06:41 +0800] "GET /category/jual-beli-lelang-barang-bekas-restoran-jakarta/ HTTP/1.1" 200 17062 "-" "Mozilla/5.0 (compatible; SemrushBot/7~bl; +http://www.semrush.com/bot.html)"
187.188.46.120 - - [29/Jul/2026:04:07:54 +0800] "GET /jual-beli-alat-dapur-bekas-restoran-di-mampang-prapatan/ HTTP/1.1" 200 17939 "-" "Mozilla/5.0 (Macintosh; Intel Mac OS X 14.5; rv:132.0) Gecko/20100101 Firefox/132.0"
68.67.112.72 - - [29/Jul/2026:04:10:28 +0800] "GET /robots.txt HTTP/1.1" 200 114 "-" "Mozilla/5.0 AppleWebKit/537.36 (KHTML, like Gecko; compatible; YouBot/1.0; +https://docs.you.com/youbot; env:prod) Chrome/142.0.0.0 Safari/537.36"
64.120.92.56 - - [29/Jul/2026:04:10:30 +0800] "POST /wp-cron.php?doing_wp_cron=1785269430.7189860343933105468750 HTTP/1.1" 200 0 "-" "WordPress/7.0.2; https://kitchensolusion.com"
68.67.112.72 - - [29/Jul/2026:04:10:30 +0800] "GET /category/jual-beli-peralatan-restoran-bekas-di-tebet/ HTTP/1.1" 200 14477 "-" "Mozilla/5.0 AppleWebKit/537.36 (KHTML, like Gecko; compatible; YouBot/1.0; +https://docs.you.com/youbot; env:prod) Chrome/142.0.0.0 Safari/537.36"
216.244.66.250 - - [29/Jul/2026:04:13:16 +0800] "GET /jual-beli-peralatan-restoran-bekas-di-cipayung/feed/ HTTP/1.1" 200 973 "-" "Mozilla/5.0 (compatible; DotBot/1.2; +https://opensiteexplorer.org/dotbot; help@moz.com)"
216.73.216.175 - - [29/Jul/2026:04:13:18 +0800] "GET /wa-08111-9296-333-jual-beli-peralatan-restoran-bekas-di-kedoya/ HTTP/2" 200 15975 "-" "Mozilla/5.0 AppleWebKit/537.36 (KHTML, like Gecko; compatible; ClaudeBot/1.0; +claudebot@anthropic.com)"
64.120.92.56 - - [29/Jul/2026:04:16:35 +0800] "POST /wp-cron.php?doing_wp_cron=1785269795.6093890666961669921875 HTTP/1.1" 200 0 "-" "WordPress/7.0.2; https://kitchensolusion.com"
216.244.66.250 - - [29/Jul/2026:04:16:34 +0800] "GET /category/jual-beli-borongan-barang-bekas-restoran-jakarta/page/14/ HTTP/1.1" 200 122674 "-" "Mozilla/5.0 (compatible; DotBot/1.2; +https://opensiteexplorer.org/dotbot; help@moz.com)"
85.208.96.207 - - [29/Jul/2026:04:16:43 +0800] "GET /blog/page/164/ HTTP/1.1" 200 18754 "-" "Mozilla/5.0 (compatible; SemrushBot/7~bl; +http://www.semrush.com/bot.html)"
216.244.66.250 - - [29/Jul/2026:04:16:50 +0800] "GET /chat-08111-9296-333-terima-jual-beli-borongan-barang-bekas-restoran-di-meruya-utara/ HTTP/1.1" 200 62026 "-" "Mozilla/5.0 (compatible; DotBot/1.2; +https://opensiteexplorer.org/dotbot; help@moz.com)"
216.244.66.250 - - [29/Jul/2026:04:16:55 +0800] "GET /chat-08111-9296-333-terima-jual-beli-borongan-peralatan-restoran-bekas-di-mampang-prapatan/ HTTP/1.1" 200 62293 "-" "Mozilla/5.0 (compatible; DotBot/1.2; +https://opensiteexplorer.org/dotbot; help@moz.com)"
216.244.66.250 - - [29/Jul/2026:04:17:00 +0800] "GET /wa-08111-9296-333-jual-beli-borongan-barang-bekas-restoran-ex-cafe-dan-resto-di-citra-raya/ HTTP/1.1" 200 62161 "-" "Mozilla/5.0 (compatible; DotBot/1.2; +https://opensiteexplorer.org/dotbot; help@moz.com)"
43.156.37.91 - - [29/Jul/2026:04:18:00 +0800] "GET / HTTP/1.1" 301 0 "http://www.kitchensolusion.com/" "Mozilla/5.0 (iPhone; CPU iPhone OS 13_2_3 like Mac OS X) AppleWebKit/605.1.15 (KHTML, like Gecko) Version/13.0.3 Mobile/15E148 Safari/604.1"
43.156.37.91 - - [29/Jul/2026:04:18:03 +0800] "GET / HTTP/1.1" 200 15324 "https://www.kitchensolusion.com/" "Mozilla/5.0 (iPhone; CPU iPhone OS 13_2_3 like Mac OS X) AppleWebKit/605.1.15 (KHTML, like Gecko) Version/13.0.3 Mobile/15E148 Safari/604.1"
68.67.112.150 - - [29/Jul/2026:04:20:10 +0800] "GET /robots.txt HTTP/1.1" 200 114 "-" "Mozilla/5.0 AppleWebKit/537.36 (KHTML, like Gecko; compatible; YouBot/1.0; +https://docs.you.com/youbot; env:prod) Chrome/142.0.0.0 Safari/537.36"
68.67.112.150 - - [29/Jul/2026:04:20:12 +0800] "GET /category/jual-beli-barang-bekas-restoran-di-tanjung-priuk/ HTTP/1.1" 200 14483 "-" "Mozilla/5.0 AppleWebKit/537.36 (KHTML, like Gecko; compatible; YouBot/1.0; +https://docs.you.com/youbot; env:prod) Chrome/142.0.0.0 Safari/537.36"
64.120.92.56 - - [29/Jul/2026:04:22:14 +0800] "POST /wp-cron.php?doing_wp_cron=1785270134.5772910118103027343750 HTTP/1.1" 200 0 "-" "WordPress/7.0.2; https://kitchensolusion.com"
216.73.216.175 - - [29/Jul/2026:04:22:14 +0800] "GET /robots.txt HTTP/2" 200 114 "-" "Mozilla/5.0 AppleWebKit/537.36 (KHTML, like Gecko; compatible; ClaudeBot/1.0; +claudebot@anthropic.com)"
216.73.216.175 - - [29/Jul/2026:04:22:15 +0800] "GET /wa-08111-9296-333-jual-beli-barang-bekas-restoran-di-kedoya/ HTTP/2" 200 15951 "-" "Mozilla/5.0 AppleWebKit/537.36 (KHTML, like Gecko; compatible; ClaudeBot/1.0; +claudebot@anthropic.com)"
216.73.216.175 - - [29/Jul/2026:04:22:21 +0800] "GET /category/jual-beli-peralatan-restoran-bekas-di-kedoya/page/1/ HTTP/2" 429 0 "-" "Mozilla/5.0 AppleWebKit/537.36 (KHTML, like Gecko; compatible; ClaudeBot/1.0; +claudebot@anthropic.com)"
94.73.48.64 - - [29/Jul/2026:04:22:54 +0800] "GET /jual-beli-borongan-barang-bekas-restoran-ex-cafe-dan-resto-di-kramat-jati/ HTTP/1.1" 200 17941 "-" "Mozilla/5.0 (Macintosh; Intel Mac OS X 14_4_1) AppleWebKit/537.36 (KHTML, like Gecko) Chrome/134.0.6998.45 Safari/537.36"
216.73.216.175 - - [29/Jul/2026:04:25:19 +0800] "GET /wa-08111-9296-333-jual-beli-alat-dapur-bekas-restoran-di-kedoya/ HTTP/2" 200 15996 "-" "Mozilla/5.0 AppleWebKit/537.36 (KHTML, like Gecko; compatible; ClaudeBot/1.0; +claudebot@anthropic.com)"
64.120.92.56 - - [29/Jul/2026:04:26:42 +0800] "POST /wp-cron.php?doing_wp_cron=1785270402.3588080406188964843750 HTTP/1.1" 200 0 "-" "WordPress/7.0.2; https://kitchensolusion.com"
216.73.216.175 - - [29/Jul/2026:04:26:41 +0800] "GET /wa-08111-9296-333-jual-beli-ex-resto-terdekat-di-kedoya/ HTTP/2" 200 15933 "-" "Mozilla/5.0 AppleWebKit/537.36 (KHTML, like Gecko; compatible; ClaudeBot/1.0; +claudebot@anthropic.com)"
216.73.216.175 - - [29/Jul/2026:04:27:24 +0800] "GET /wa-08111-9296-333-jual-beli-perkakas-dapur-restoran-di-kedoya/ HTTP/2" 200 15984 "-" "Mozilla/5.0 AppleWebKit/537.36 (KHTML, like Gecko; compatible; ClaudeBot/1.0; +claudebot@anthropic.com)"
157.55.39.200 - - [29/Jul/2026:04:29:33 +0800] "GET /?s=2026 HTTP/2" 200 11330 "-" "Mozilla/5.0 AppleWebKit/537.36 (KHTML, like Gecko; compatible; bingbot/2.0; +http://www.bing.com/bingbot.htm) Chrome/116.0.1938.76 Safari/537.36"
85.208.96.209 - - [29/Jul/2026:04:29:49 +0800] "GET /author/admin/page/138/ HTTP/1.1" 200 18501 "-" "Mozilla/5.0 (compatible; SemrushBot/7~bl; +http://www.semrush.com/bot.html)"
216.73.216.175 - - [29/Jul/2026:04:30:08 +0800] "GET /chat-08111-9296-333-terima-jual-beli-equipment-restoran-hotel-di-kedoya/feed/ HTTP/2" 200 546 "-" "Mozilla/5.0 AppleWebKit/537.36 (KHTML, like Gecko; compatible; ClaudeBot/1.0; +claudebot@anthropic.com)"
64.120.92.56 - - [29/Jul/2026:04:32:30 +0800] "POST /wp-cron.php?doing_wp_cron=1785270750.2147929668426513671875 HTTP/1.1" 200 0 "-" "WordPress/7.0.2; https://kitchensolusion.com"
216.73.216.175 - - [29/Jul/2026:04:32:29 +0800] "GET /wa-08111-9296-333-jual-beli-borongan-barang-bekas-alat-restoran-di-gambir/feed/ HTTP/2" 200 531 "-" "Mozilla/5.0 AppleWebKit/537.36 (KHTML, like Gecko; compatible; ClaudeBot/1.0; +claudebot@anthropic.com)"
85.208.96.197 - - [29/Jul/2026:04:34:17 +0800] "GET /blog/page/84/ HTTP/1.1" 200 18632 "-" "Mozilla/5.0 (compatible; SemrushBot/7~bl; +http://www.semrush.com/bot.html)"
216.73.216.175 - - [29/Jul/2026:04:34:17 +0800] "GET /?p=2077 HTTP/2" 301 0 "-" "Mozilla/5.0 AppleWebKit/537.36 (KHTML, like Gecko; compatible; ClaudeBot/1.0; +claudebot@anthropic.com)"
216.73.216.175 - - [29/Jul/2026:04:35:06 +0800] "GET /sitemap_index.xml HTTP/2" 200 317 "-" "Mozilla/5.0 AppleWebKit/537.36 (KHTML, like Gecko; compatible; ClaudeBot/1.0; +claudebot@anthropic.com)"
64.120.92.56 - - [29/Jul/2026:04:35:41 +0800] "POST /wp-cron.php?doing_wp_cron=1785270941.4217069149017333984375 HTTP/1.1" 200 0 "-" "WordPress/7.0.2; https://kitchensolusion.com"
216.73.216.175 - - [29/Jul/2026:04:35:40 +0800] "GET /chat-08111-9296-333-terima-jual-beli-borongan-kitchen-equipment-bekas-restoran-di-kedoya/feed/ HTTP/2" 200 529 "-" "Mozilla/5.0 AppleWebKit/537.36 (KHTML, like Gecko; compatible; ClaudeBot/1.0; +claudebot@anthropic.com)"
216.73.216.175 - - [29/Jul/2026:04:38:38 +0800] "GET /?p=3291 HTTP/2" 301 0 "-" "Mozilla/5.0 AppleWebKit/537.36 (KHTML, like Gecko; compatible; ClaudeBot/1.0; +claudebot@anthropic.com)"
216.73.216.175 - - [29/Jul/2026:04:38:38 +0800] "GET /chat-08111-9296-333-terima-jual-beli-barang-bekas-restoran-di-kedoya/ HTTP/2" 429 0 "https://kitchensolusion.com/?p=3291" "Mozilla/5.0 AppleWebKit/537.36 (KHTML, like Gecko; compatible; ClaudeBot/1.0; +claudebot@anthropic.com)"
216.73.216.175 - - [29/Jul/2026:04:38:48 +0800] "GET /wa-08111-9296-333-jual-beli-peralatan-kitchen-cafe-bekas-di-kedoya/feed/ HTTP/2" 429 0 "-" "Mozilla/5.0 AppleWebKit/537.36 (KHTML, like Gecko; compatible; ClaudeBot/1.0; +claudebot@anthropic.com)"
216.73.216.175 - - [29/Jul/2026:04:40:31 +0800] "GET /wa-08111-9296-333-jual-beli-borongan-barang-bekas-restoran-ex-cafe-dan-resto-di-kedoya/feed/ HTTP/2" 429 0 "-" "Mozilla/5.0 AppleWebKit/537.36 (KHTML, like Gecko; compatible; ClaudeBot/1.0; +claudebot@anthropic.com)"
216.73.216.175 - - [29/Jul/2026:04:40:31 +0800] "GET /?p=2083 HTTP/2" 429 0 "-" "Mozilla/5.0 AppleWebKit/537.36 (KHTML, like Gecko; compatible; ClaudeBot/1.0; +claudebot@anthropic.com)"
64.120.92.56 - - [29/Jul/2026:04:40:32 +0800] "POST /wp-cron.php?doing_wp_cron=1785271232.1816260814666748046875 HTTP/1.1" 200 0 "-" "WordPress/7.0.2; https://kitchensolusion.com"
216.73.216.175 - - [29/Jul/2026:04:40:31 +0800] "GET /chat-08111-9296-333-terima-jual-beli-barang-bekas-restoran-di-kedoya/feed/ HTTP/2" 200 519 "-" "Mozilla/5.0 AppleWebKit/537.36 (KHTML, like Gecko; compatible; ClaudeBot/1.0; +claudebot@anthropic.com)"
216.73.216.175 - - [29/Jul/2026:04:41:12 +0800] "GET /?p=2505 HTTP/2" 301 0 "-" "Mozilla/5.0 AppleWebKit/537.36 (KHTML, like Gecko; compatible; ClaudeBot/1.0; +claudebot@anthropic.com)"
216.73.216.175 - - [29/Jul/2026:04:41:14 +0800] "GET /wa-08111-9296-333-jual-beli-peralatan-dapur-restoran-stainless-bekas-di-kedoya/ HTTP/2" 429 0 "https://kitchensolusion.com/?p=2505" "Mozilla/5.0 AppleWebKit/537.36 (KHTML, like Gecko; compatible; ClaudeBot/1.0; +claudebot@anthropic.com)"
216.73.216.175 - - [29/Jul/2026:04:42:01 +0800] "GET /wa-08111-9296-333-jual-beli-peralatan-dapur-restoran-stainless-bekas-di-kedoya/feed/ HTTP/2" 200 529 "-" "Mozilla/5.0 AppleWebKit/537.36 (KHTML, like Gecko; compatible; ClaudeBot/1.0; +claudebot@anthropic.com)"
216.73.216.175 - - [29/Jul/2026:04:42:47 +0800] "GET /wa-08111-9296-333-jual-beli-ex-resto-terdekat-di-citra-raya/feed/ HTTP/2" 429 0 "-" "Mozilla/5.0 AppleWebKit/537.36 (KHTML, like Gecko; compatible; ClaudeBot/1.0; +claudebot@anthropic.com)"
216.73.216.175 - - [29/Jul/2026:04:42:47 +0800] "GET /?p=3288 HTTP/2" 301 0 "-" "Mozilla/5.0 AppleWebKit/537.36 (KHTML, like Gecko; compatible; ClaudeBot/1.0; +claudebot@anthropic.com)"
216.73.216.175 - - [29/Jul/2026:04:42:48 +0800] "GET /chat-08111-9296-333-terima-jual-beli-borongan-kitchen-equipment-bekas-restoran-di-kedoya/ HTTP/2" 429 0 "https://kitchensolusion.com/?p=3288" "Mozilla/5.0 AppleWebKit/537.36 (KHTML, like Gecko; compatible; ClaudeBot/1.0; +claudebot@anthropic.com)"
216.73.216.175 - - [29/Jul/2026:04:44:16 +0800] "GET /?p=2507 HTTP/2" 301 0 "-" "Mozilla/5.0 AppleWebKit/537.36 (KHTML, like Gecko; compatible; ClaudeBot/1.0; +claudebot@anthropic.com)"
216.73.216.175 - - [29/Jul/2026:04:44:17 +0800] "GET /wa-08111-9296-333-jual-beli-peralatan-kitchen-cafe-bekas-di-kedoya/ HTTP/2" 429 0 "https://kitchensolusion.com/?p=2507" "Mozilla/5.0 AppleWebKit/537.36 (KHTML, like Gecko; compatible; ClaudeBot/1.0; +claudebot@anthropic.com)"
216.73.216.175 - - [29/Jul/2026:04:45:20 +0800] "GET /?p=3287 HTTP/2" 301 0 "-" "Mozilla/5.0 AppleWebKit/537.36 (KHTML, like Gecko; compatible; ClaudeBot/1.0; +claudebot@anthropic.com)"
216.73.216.175 - - [29/Jul/2026:04:45:22 +0800] "GET /chat-08111-9296-333-terima-jual-beli-equipment-restoran-hotel-di-kedoya/ HTTP/2" 429 0 "https://kitchensolusion.com/?p=3287" "Mozilla/5.0 AppleWebKit/537.36 (KHTML, like Gecko; compatible; ClaudeBot/1.0; +claudebot@anthropic.com)"
64.120.92.56 - - [29/Jul/2026:04:45:44 +0800] "POST /wp-cron.php?doing_wp_cron=1785271544.1969110965728759765625 HTTP/1.1" 200 0 "-" "WordPress/7.0.2; https://kitchensolusion.com"
85.208.96.208 - - [29/Jul/2026:04:45:43 +0800] "GET /category/jual-beli-barang-bekas-restoran-di-kramat-jati/ HTTP/1.1" 200 17367 "-" "Mozilla/5.0 (compatible; SemrushBot/7~bl; +http://www.semrush.com/bot.html)"
216.73.216.175 - - [29/Jul/2026:04:46:54 +0800] "GET /?p=2506 HTTP/2" 301 0 "-" "Mozilla/5.0 AppleWebKit/537.36 (KHTML, like Gecko; compatible; ClaudeBot/1.0; +claudebot@anthropic.com)"
216.73.216.175 - - [29/Jul/2026:04:46:55 +0800] "GET /wa-08111-9296-333-jual-beli-borongan-barang-bekas-restoran-ex-cafe-dan-resto-di-kedoya/ HTTP/2" 429 0 "https://kitchensolusion.com/?p=2506" "Mozilla/5.0 AppleWebKit/537.36 (KHTML, like Gecko; compatible; ClaudeBot/1.0; +claudebot@anthropic.com)"
64.120.92.56 - - [29/Jul/2026:04:48:14 +0800] "POST /wp-cron.php?doing_wp_cron=1785271694.2465169429779052734375 HTTP/1.1" 200 0 "-" "WordPress/7.0.2; https://kitchensolusion.com"
185.191.171.11 - - [29/Jul/2026:04:48:13 +0800] "GET /blog/page/176/ HTTP/1.1" 200 18817 "-" "Mozilla/5.0 (compatible; SemrushBot/7~bl; +http://www.semrush.com/bot.html)"
216.244.66.250 - - [29/Jul/2026:04:49:22 +0800] "GET /robots.txt HTTP/1.1" 200 177 "-" "Mozilla/5.0 (compatible; DotBot/1.2; +https://opensiteexplorer.org/dotbot; help@moz.com)"
216.73.216.175 - - [29/Jul/2026:04:49:25 +0800] "GET /wa-08111-9296-333-jual-beli-borongan-barang-bekas-alat-restoran-di-gambir/ HTTP/2" 200 15936 "-" "Mozilla/5.0 AppleWebKit/537.36 (KHTML, like Gecko; compatible; ClaudeBot/1.0; +claudebot@anthropic.com)"
64.120.92.56 - - [29/Jul/2026:04:50:40 +0800] "POST /wp-cron.php?doing_wp_cron=1785271840.9202730655670166015625 HTTP/1.1" 200 0 "-" "WordPress/7.0.2; https://kitchensolusion.com"
216.73.216.175 - - [29/Jul/2026:04:50:40 +0800] "GET /wa-08111-9296-333-jual-beli-peralatan-dapur-restoran-stainless-bekas-di-citra-raya/feed/ HTTP/2" 200 541 "-" "Mozilla/5.0 AppleWebKit/537.36 (KHTML, like Gecko; compatible; ClaudeBot/1.0; +claudebot@anthropic.com)"
46.60.100.167 - - [29/Jul/2026:04:52:53 +0800] "GET /home/jual-beli-borongan-alat-kitchen-bekas-restauran-di-jakarta-utara/ HTTP/1.1" 200 16868 "-" "Mozilla/5.0 (Macintosh; Intel Mac OS X 14.3; rv:132.0) Gecko/20100101 Firefox/132.0"
216.73.216.175 - - [29/Jul/2026:04:54:46 +0800] "GET /?p=1720 HTTP/2" 301 0 "-" "Mozilla/5.0 AppleWebKit/537.36 (KHTML, like Gecko; compatible; ClaudeBot/1.0; +claudebot@anthropic.com)"
216.73.216.175 - - [29/Jul/2026:04:54:47 +0800] "GET /jual-beli-peralatan-restoran-bekas-di-jatinegara/ HTTP/2" 429 0 "https://kitchensolusion.com/?p=1720" "Mozilla/5.0 AppleWebKit/537.36 (KHTML, like Gecko; compatible; ClaudeBot/1.0; +claudebot@anthropic.com)"
216.73.216.175 - - [29/Jul/2026:04:54:54 +0800] "GET /?p=2075 HTTP/2" 429 0 "-" "Mozilla/5.0 AppleWebKit/537.36 (KHTML, like Gecko; compatible; ClaudeBot/1.0; +claudebot@anthropic.com)"
64.120.92.56 - - [29/Jul/2026:04:58:13 +0800] "POST /wp-cron.php?doing_wp_cron=1785272293.1741340160369873046875 HTTP/1.1" 200 0 "-" "WordPress/7.0.2; https://kitchensolusion.com"
57.141.18.28 - - [29/Jul/2026:04:58:10 +0800] "GET /post-sitemap.xml HTTP/2" 200 16672 "-" "Mozilla/5.0 (Macintosh; Intel Mac OS X 10_15_7) AppleWebKit/537.36 (KHTML, like Gecko) Chrome/145.0.0.0 Safari/537.36 (compatible; meta-externalagent/1.1 (+https://developers.facebook.com/docs/sharing/webmasters/crawler))"
216.73.216.175 - - [29/Jul/2026:04:58:32 +0800] "GET /?p=2076 HTTP/2" 301 0 "-" "Mozilla/5.0 AppleWebKit/537.36 (KHTML, like Gecko; compatible; ClaudeBot/1.0; +claudebot@anthropic.com)"
216.73.216.175 - - [29/Jul/2026:04:58:33 +0800] "GET /wa-08111-9296-333-jual-beli-alat-dapur-bekas-restoran-di-citra-raya/ HTTP/2" 429 0 "https://kitchensolusion.com/?p=2076" "Mozilla/5.0 AppleWebKit/537.36 (KHTML, like Gecko; compatible; ClaudeBot/1.0; +claudebot@anthropic.com)"
216.73.216.175 - - [29/Jul/2026:04:58:41 +0800] "GET /jual-beli-peralatan-restoran-bekas-di-jatinegara/ HTTP/2" 429 0 "-" "Mozilla/5.0 AppleWebKit/537.36 (KHTML, like Gecko; compatible; ClaudeBot/1.0; +claudebot@anthropic.com)"
51.89.129.237 - - [29/Jul/2026:04:59:47 +0800] "GET /category/jual-beli-barang-bekas-restoran-di-beji/ HTTP/2" 200 14984 "-" "Mozilla/5.0 (compatible; AhrefsBot/7.0; +http://ahrefs.com/robot/)"
64.120.92.56 - - [29/Jul/2026:05:00:41 +0800] "POST /wp-cron.php?doing_wp_cron=1785272441.6137909889221191406250 HTTP/1.1" 200 0 "-" "WordPress/7.0.2; https://kitchensolusion.com"
216.244.66.250 - - [29/Jul/2026:05:00:40 +0800] "GET /blog/page/153/ HTTP/1.1" 200 120843 "-" "Mozilla/5.0 (compatible; DotBot/1.2; +https://opensiteexplorer.org/dotbot; help@moz.com)"
216.244.66.250 - - [29/Jul/2026:05:00:47 +0800] "GET /blog/page/182/ HTTP/1.1" 200 118098 "-" "Mozilla/5.0 (compatible; DotBot/1.2; +https://opensiteexplorer.org/dotbot; help@moz.com)"
216.73.216.175 - - [29/Jul/2026:05:01:03 +0800] "GET /jual-beli-ex-resto-terdekat-di-pinang-ranti/feed/ HTTP/2" 200 500 "-" "Mozilla/5.0 AppleWebKit/537.36 (KHTML, like Gecko; compatible; ClaudeBot/1.0; +claudebot@anthropic.com)"
216.244.66.250 - - [29/Jul/2026:05:01:07 +0800] "GET /jual-beli-alat-kitchen-ex-restoran-di-bintaro/ HTTP/1.1" 200 60805 "-" "Mozilla/5.0 (compatible; DotBot/1.2; +https://opensiteexplorer.org/dotbot; help@moz.com)"
216.73.216.175 - - [29/Jul/2026:05:01:12 +0800] "GET /?p=2079 HTTP/2" 429 0 "-" "Mozilla/5.0 AppleWebKit/537.36 (KHTML, like Gecko; compatible; ClaudeBot/1.0; +claudebot@anthropic.com)"
216.244.66.250 - - [29/Jul/2026:05:01:13 +0800] "GET /peralatan-dapur-restoran-stainless-steel-bekas-di-menteng/ HTTP/1.1" 200 61056 "-" "Mozilla/5.0 (compatible; DotBot/1.2; +https://opensiteexplorer.org/dotbot; help@moz.com)"
216.244.66.250 - - [29/Jul/2026:05:01:19 +0800] "GET /wa-08111-9296-333-jual-beli-peralatan-restoran-bekas-di-beji/ HTTP/1.1" 200 61197 "-" "Mozilla/5.0 (compatible; DotBot/1.2; +https://opensiteexplorer.org/dotbot; help@moz.com)"
216.244.66.250 - - [29/Jul/2026:05:01:22 +0800] "GET /chat-08111-9296-333-terima-jual-beli-barang-bekas-restoran-cafe-resto-di-kedoya/ HTTP/1.1" 200 61858 "-" "Mozilla/5.0 (compatible; DotBot/1.2; +https://opensiteexplorer.org/dotbot; help@moz.com)"
216.73.216.175 - - [29/Jul/2026:05:01:26 +0800] "GET /?p=2084 HTTP/2" 429 0 "-" "Mozilla/5.0 AppleWebKit/537.36 (KHTML, like Gecko; compatible; ClaudeBot/1.0; +claudebot@anthropic.com)"
216.244.66.250 - - [29/Jul/2026:05:01:27 +0800] "GET /chat-08111-9296-333-terima-jual-beli-barang-bekas-restoran-cafe-resto-di-pesanggrahan/ HTTP/1.1" 200 62122 "-" "Mozilla/5.0 (compatible; DotBot/1.2; +https://opensiteexplorer.org/dotbot; help@moz.com)"
216.244.66.250 - - [29/Jul/2026:05:01:33 +0800] "GET /chat-08111-9296-333-terima-jual-beli-barang-bekas-restoran-cafe-resto-di-pondok-aren/ HTTP/1.1" 200 61631 "-" "Mozilla/5.0 (compatible; DotBot/1.2; +https://opensiteexplorer.org/dotbot; help@moz.com)"
216.244.66.250 - - [29/Jul/2026:05:01:39 +0800] "GET /chat-08111-9296-333-terima-jual-beli-borongan-kitchen-equipment-bekas-restoran-di-kebayoran-baru/ HTTP/1.1" 200 62452 "-" "Mozilla/5.0 (compatible; DotBot/1.2; +https://opensiteexplorer.org/dotbot; help@moz.com)"
216.244.66.250 - - [29/Jul/2026:05:01:44 +0800] "GET /chat-08111-9296-333-terima-jual-beli-equipment-restoran-hotel-di-pondok-labu/ HTTP/1.1" 200 61817 "-" "Mozilla/5.0 (compatible; DotBot/1.2; +https://opensiteexplorer.org/dotbot; help@moz.com)"
216.244.66.250 - - [29/Jul/2026:05:01:49 +0800] "GET /jual-beli-borongan-barang-ex-restoran-temukan-penawaran-terbaik-daan-mogot/ HTTP/1.1" 200 61510 "-" "Mozilla/5.0 (compatible; DotBot/1.2; +https://opensiteexplorer.org/dotbot; help@moz.com)"
216.244.66.250 - - [29/Jul/2026:05:01:54 +0800] "GET /wa-08111-9296-333-jual-beli-barang-bekas-restoran-cafe-kitchen-equipment-di-pondok-ranji/ HTTP/1.1" 200 62216 "-" "Mozilla/5.0 (compatible; DotBot/1.2; +https://opensiteexplorer.org/dotbot; help@moz.com)"
216.244.66.250 - - [29/Jul/2026:05:01:59 +0800] "GET /wa-08111-9296-333-jual-beli-borongan-barang-bekas-restoran-ex-cafe-dan-resto-di-kwitang/ HTTP/1.1" 200 62124 "-" "Mozilla/5.0 (compatible; DotBot/1.2; +https://opensiteexplorer.org/dotbot; help@moz.com)"
216.73.216.175 - - [29/Jul/2026:05:02:04 +0800] "GET /?p=1759 HTTP/2" 301 0 "-" "Mozilla/5.0 AppleWebKit/537.36 (KHTML, like Gecko; compatible; ClaudeBot/1.0; +claudebot@anthropic.com)"
216.73.216.175 - - [29/Jul/2026:05:02:05 +0800] "GET /jual-beli-ex-resto-terdekat-di-pinang-ranti/ HTTP/2" 429 0 "https://kitchensolusion.com/?p=1759" "Mozilla/5.0 AppleWebKit/537.36 (KHTML, like Gecko; compatible; ClaudeBot/1.0; +claudebot@anthropic.com)"
216.73.216.233 - - [29/Jul/2026:05:04:12 +0800] "GET /robots.txt HTTP/1.1" 200 177 "-" "Mozilla/5.0 (Macintosh; Intel Mac OS X 10_15_7) AppleWebKit/537.36 (KHTML, like Gecko) Chrome/131.0.0.0 Safari/537.36; ClaudeBot/1.0; +claudebot@anthropic.com)"
216.73.216.233 - - [29/Jul/2026:05:04:13 +0800] "GET /jual-beli-peralatan-bekas-dapur-ex-cafe-dan-resto-di-gambir/ HTTP/2" 200 15918 "-" "Mozilla/5.0 (Macintosh; Intel Mac OS X 10_15_7) AppleWebKit/537.36 (KHTML, like Gecko) Chrome/131.0.0.0 Safari/537.36; ClaudeBot/1.0; +claudebot@anthropic.com)"
216.73.216.233 - - [29/Jul/2026:05:04:15 +0800] "GET /wp-content/plugins/click-to-chat-for-whatsapp/new/inc/assets/css/main.css?ver=4.28 HTTP/2" 429 0 "https://kitchensolusion.com/jual-beli-peralatan-bekas-dapur-ex-cafe-dan-resto-di-gambir/" "Mozilla/5.0 (Macintosh; Intel Mac OS X 10_15_7) AppleWebKit/537.36 (KHTML, like Gecko) Chrome/131.0.0.0 Safari/537.36; ClaudeBot/1.0; +claudebot@anthropic.com)"
216.73.216.233 - - [29/Jul/2026:05:04:15 +0800] "GET /wp-includes/js/jquery/jquery.min.js?ver=3.7.1 HTTP/2" 429 0 "https://kitchensolusion.com/jual-beli-peralatan-bekas-dapur-ex-cafe-dan-resto-di-gambir/" "Mozilla/5.0 (Macintosh; Intel Mac OS X 10_15_7) AppleWebKit/537.36 (KHTML, like Gecko) Chrome/131.0.0.0 Safari/537.36; ClaudeBot/1.0; +claudebot@anthropic.com)"
216.73.216.233 - - [29/Jul/2026:05:04:15 +0800] "GET /wp-includes/js/jquery/jquery-migrate.min.js?ver=3.4.1 HTTP/2" 429 0 "https://kitchensolusion.com/jual-beli-peralatan-bekas-dapur-ex-cafe-dan-resto-di-gambir/" "Mozilla/5.0 (Macintosh; Intel Mac OS X 10_15_7) AppleWebKit/537.36 (KHTML, like Gecko) Chrome/131.0.0.0 Safari/537.36; ClaudeBot/1.0; +claudebot@anthropic.com)"
216.73.216.233 - - [29/Jul/2026:05:04:15 +0800] "GET /wp-content/themes/landingpress-wp/style.css?ver=3.4.7.2 HTTP/2" 429 0 "https://kitchensolusion.com/jual-beli-peralatan-bekas-dapur-ex-cafe-dan-resto-di-gambir/" "Mozilla/5.0 (Macintosh; Intel Mac OS X 10_15_7) AppleWebKit/537.36 (KHTML, like Gecko) Chrome/131.0.0.0 Safari/537.36; ClaudeBot/1.0; +claudebot@anthropic.com)"
216.73.216.233 - - [29/Jul/2026:05:04:15 +0800] "GET /wp-content/themes/landingpress-wp/assets/js/script.min.js?ver=3.4.7.2 HTTP/2" 429 0 "https://kitchensolusion.com/jual-beli-peralatan-bekas-dapur-ex-cafe-dan-resto-di-gambir/" "Mozilla/5.0 (Macintosh; Intel Mac OS X 10_15_7) AppleWebKit/537.36 (KHTML, like Gecko) Chrome/131.0.0.0 Safari/537.36; ClaudeBot/1.0; +claudebot@anthropic.com)"
216.73.216.233 - - [29/Jul/2026:05:04:15 +0800] "GET /wp-includes/js/jquery/jquery-migrate.min.js?ver=3.4.1 HTTP/2" 429 0 "https://kitchensolusion.com/jual-beli-peralatan-bekas-dapur-ex-cafe-dan-resto-di-gambir/" "Mozilla/5.0 (Macintosh; Intel Mac OS X 10_15_7) AppleWebKit/537.36 (KHTML, like Gecko) Chrome/131.0.0.0 Safari/537.36; ClaudeBot/1.0; +claudebot@anthropic.com)"
216.73.216.233 - - [29/Jul/2026:05:04:15 +0800] "GET /wp-content/uploads/2023/06/cropped-Kitchen-Solusion.png HTTP/2" 429 0 "https://kitchensolusion.com/jual-beli-peralatan-bekas-dapur-ex-cafe-dan-resto-di-gambir/" "Mozilla/5.0 (Macintosh; Intel Mac OS X 10_15_7) AppleWebKit/537.36 (KHTML, like Gecko) Chrome/131.0.0.0 Safari/537.36; ClaudeBot/1.0; +claudebot@anthropic.com)"
216.73.216.233 - - [29/Jul/2026:05:04:15 +0800] "GET /wp-includes/js/comment-reply.min.js?ver=7.0.2 HTTP/2" 429 0 "https://kitchensolusion.com/jual-beli-peralatan-bekas-dapur-ex-cafe-dan-resto-di-gambir/" "Mozilla/5.0 (Macintosh; Intel Mac OS X 10_15_7) AppleWebKit/537.36 (KHTML, like Gecko) Chrome/131.0.0.0 Safari/537.36; ClaudeBot/1.0; +claudebot@anthropic.com)"
216.73.216.233 - - [29/Jul/2026:05:04:15 +0800] "GET /wp-content/uploads/2023/06/layanan12-1024x1024.webp HTTP/2" 429 0 "https://kitchensolusion.com/jual-beli-peralatan-bekas-dapur-ex-cafe-dan-resto-di-gambir/" "Mozilla/5.0 (Macintosh; Intel Mac OS X 10_15_7) AppleWebKit/537.36 (KHTML, like Gecko) Chrome/131.0.0.0 Safari/537.36; ClaudeBot/1.0; +claudebot@anthropic.com)"
216.73.216.233 - - [29/Jul/2026:05:04:15 +0800] "GET /wp-content/plugins/click-to-chat-for-whatsapp/new/inc/assets/js/app.js?ver=4.28 HTTP/2" 429 0 "https://kitchensolusion.com/jual-beli-peralatan-bekas-dapur-ex-cafe-dan-resto-di-gambir/" "Mozilla/5.0 (Macintosh; Intel Mac OS X 10_15_7) AppleWebKit/537.36 (KHTML, like Gecko) Chrome/131.0.0.0 Safari/537.36; ClaudeBot/1.0; +claudebot@anthropic.com)"
216.73.216.233 - - [29/Jul/2026:05:04:15 +0800] "GET /wp-content/uploads/2023/06/layanan13-1024x1024.webp HTTP/2" 429 0 "https://kitchensolusion.com/jual-beli-peralatan-bekas-dapur-ex-cafe-dan-resto-di-gambir/" "Mozilla/5.0 (Macintosh; Intel Mac OS X 10_15_7) AppleWebKit/537.36 (KHTML, like Gecko) Chrome/131.0.0.0 Safari/537.36; ClaudeBot/1.0; +claudebot@anthropic.com)"
216.73.216.233 - - [29/Jul/2026:05:04:15 +0800] "GET /wp-content/uploads/2023/06/hubungi-admin-cv-mandiri-baru-300x123.webp HTTP/2" 429 0 "https://kitchensolusion.com/jual-beli-peralatan-bekas-dapur-ex-cafe-dan-resto-di-gambir/" "Mozilla/5.0 (Macintosh; Intel Mac OS X 10_15_7) AppleWebKit/537.36 (KHTML, like Gecko) Chrome/131.0.0.0 Safari/537.36; ClaudeBot/1.0; +claudebot@anthropic.com)"
216.73.216.233 - - [29/Jul/2026:05:04:15 +0800] "GET /wp-content/themes/landingpress-wp/assets/js/script.min.js?ver=3.4.7.2 HTTP/2" 429 0 "https://kitchensolusion.com/jual-beli-peralatan-bekas-dapur-ex-cafe-dan-resto-di-gambir/" "Mozilla/5.0 (Macintosh; Intel Mac OS X 10_15_7) AppleWebKit/537.36 (KHTML, like Gecko) Chrome/131.0.0.0 Safari/537.36; ClaudeBot/1.0; +claudebot@anthropic.com)"
216.73.216.233 - - [29/Jul/2026:05:04:16 +0800] "GET /wp-content/uploads/2023/06/layanan4-1024x1024.webp HTTP/2" 429 0 "https://kitchensolusion.com/jual-beli-peralatan-bekas-dapur-ex-cafe-dan-resto-di-gambir/" "Mozilla/5.0 (Macintosh; Intel Mac OS X 10_15_7) AppleWebKit/537.36 (KHTML, like Gecko) Chrome/131.0.0.0 Safari/537.36; ClaudeBot/1.0; +claudebot@anthropic.com)"
216.73.216.233 - - [29/Jul/2026:05:04:16 +0800] "GET /wp-content/uploads/2023/06/layanan3-1-1024x1024.webp HTTP/2" 429 0 "https://kitchensolusion.com/jual-beli-peralatan-bekas-dapur-ex-cafe-dan-resto-di-gambir/" "Mozilla/5.0 (Macintosh; Intel Mac OS X 10_15_7) AppleWebKit/537.36 (KHTML, like Gecko) Chrome/131.0.0.0 Safari/537.36; ClaudeBot/1.0; +claudebot@anthropic.com)"
216.73.216.233 - - [29/Jul/2026:05:04:16 +0800] "GET /wp-content/uploads/2023/06/layanan14-1024x1024.webp HTTP/2" 429 0 "https://kitchensolusion.com/jual-beli-peralatan-bekas-dapur-ex-cafe-dan-resto-di-gambir/" "Mozilla/5.0 (Macintosh; Intel Mac OS X 10_15_7) AppleWebKit/537.36 (KHTML, like Gecko) Chrome/131.0.0.0 Safari/537.36; ClaudeBot/1.0; +claudebot@anthropic.com)"
64.120.92.56 - - [29/Jul/2026:05:05:37 +0800] "POST /wp-cron.php?doing_wp_cron=1785272737.9448909759521484375000 HTTP/1.1" 200 0 "-" "WordPress/7.0.2; https://kitchensolusion.com"
216.73.216.175 - - [29/Jul/2026:05:05:37 +0800] "GET /jual-beli-ex-resto-terdekat-di-pinang-ranti/ HTTP/2" 200 15892 "-" "Mozilla/5.0 AppleWebKit/537.36 (KHTML, like Gecko; compatible; ClaudeBot/1.0; +claudebot@anthropic.com)"
216.73.216.175 - - [29/Jul/2026:05:05:48 +0800] "GET /wa-08111-9296-333-jual-beli-peralatan-kitchen-cafe-bekas-di-citra-raya/feed/ HTTP/2" 429 0 "-" "Mozilla/5.0 AppleWebKit/537.36 (KHTML, like Gecko; compatible; ClaudeBot/1.0; +claudebot@anthropic.com)"
216.73.216.175 - - [29/Jul/2026:05:06:24 +0800] "GET /?p=2081 HTTP/2" 429 0 "-" "Mozilla/5.0 AppleWebKit/537.36 (KHTML, like Gecko; compatible; ClaudeBot/1.0; +claudebot@anthropic.com)"
216.73.216.175 - - [29/Jul/2026:05:10:14 +0800] "GET /wa-08111-9296-333-jual-beli-perkakas-dapur-restoran-di-citra-raya/feed/ HTTP/2" 200 531 "-" "Mozilla/5.0 AppleWebKit/537.36 (KHTML, like Gecko; compatible; ClaudeBot/1.0; +claudebot@anthropic.com)"
