5.180.81.160 - - [29/Jul/2026:00:21:01 +0800] "POST /wp-login.php HTTP/1.1" 200 2918 "https://kitchensolusion.com/wp-login.php" "Mozilla/5.0 (Windows NT 10.0; Win64; x64) AppleWebKit/537.36 (KHTML, like Gecko) Chrome/150.0.0.0 Safari/537.36"
85.208.96.208 - - [29/Jul/2026:00:21:16 +0800] "GET /category/jual-beli-peralatan-restoran-bekas-di-meruya-utara/ HTTP/1.1" 200 17392 "-" "Mozilla/5.0 (compatible; SemrushBot/7~bl; +http://www.semrush.com/bot.html)"
216.244.66.250 - - [29/Jul/2026:00:22:22 +0800] "GET /robots.txt HTTP/1.1" 200 177 "-" "Mozilla/5.0 (compatible; DotBot/1.2; +https://opensiteexplorer.org/dotbot; help@moz.com)"
4.182.232.137 - - [29/Jul/2026:00:23:21 +0800] "POST /wp-login.php HTTP/1.1" 200 3193 "-" "Mozilla/5.0 (Macintosh; Intel Mac OS X 10_15_7) AppleWebKit/605.1.15 Version/17.0 Safari/605.1.15"
4.182.232.137 - - [29/Jul/2026:00:23:21 +0800] "POST /wp-login.php HTTP/1.1" 200 3193 "-" "Mozilla/5.0 (Windows NT 10.0; Win64; x64) AppleWebKit/537.36 Chrome/129.0.0.0 Safari/537.36"
216.73.216.175 - - [29/Jul/2026:00:24:37 +0800] "GET /?p=3503 HTTP/2" 301 0 "-" "Mozilla/5.0 AppleWebKit/537.36 (KHTML, like Gecko; compatible; ClaudeBot/1.0; +claudebot@anthropic.com)"
216.73.216.175 - - [29/Jul/2026:00:24:40 +0800] "GET /chat-08111-9296-333-terima-jual-beli-barang-bekas-restoran-cafe-resto-di-tanah-kusir/ HTTP/2" 200 16034 "https://kitchensolusion.com/?p=3503" "Mozilla/5.0 AppleWebKit/537.36 (KHTML, like Gecko; compatible; ClaudeBot/1.0; +claudebot@anthropic.com)"
4.182.232.137 - - [29/Jul/2026:00:25:59 +0800] "POST /wp-login.php HTTP/1.1" 200 3190 "-" "Mozilla/5.0 (Windows NT 10.0; Win64; rv:143.0) Gecko/20100101 Firefox/143.0"
4.182.232.137 - - [29/Jul/2026:00:25:59 +0800] "POST /wp-login.php HTTP/1.1" 200 3193 "-" "Mozilla/5.0 (Macintosh; Intel Mac OS X 10_15_7) AppleWebKit/605.1.15 Version/17.0 Safari/605.1.15"
64.120.92.56 - - [29/Jul/2026:00:26:02 +0800] "POST /wp-cron.php?doing_wp_cron=1785255961.3233249187469482421875 HTTP/1.1" 200 0 "-" "WordPress/7.0.2; https://kitchensolusion.com"
85.208.96.203 - - [29/Jul/2026:00:27:06 +0800] "GET /author/admin/page/172/ HTTP/1.1" 200 19142 "-" "Mozilla/5.0 (compatible; SemrushBot/7~bl; +http://www.semrush.com/bot.html)"
68.67.112.131 - - [29/Jul/2026:00:27:36 +0800] "GET /robots.txt HTTP/1.1" 200 114 "-" "Mozilla/5.0 AppleWebKit/537.36 (KHTML, like Gecko; compatible; YouBot/1.0; +https://docs.you.com/youbot; env:prod) Chrome/142.0.0.0 Safari/537.36"
68.67.112.131 - - [29/Jul/2026:00:27:39 +0800] "GET /category/jual-beli-peralatan-restoran-bekas-di-ciputat/ HTTP/1.1" 200 14141 "-" "Mozilla/5.0 AppleWebKit/537.36 (KHTML, like Gecko; compatible; YouBot/1.0; +https://docs.you.com/youbot; env:prod) Chrome/142.0.0.0 Safari/537.36"
216.73.216.175 - - [29/Jul/2026:00:28:30 +0800] "GET /?p=2500 HTTP/2" 301 0 "-" "Mozilla/5.0 AppleWebKit/537.36 (KHTML, like Gecko; compatible; ClaudeBot/1.0; +claudebot@anthropic.com)"
216.73.216.175 - - [29/Jul/2026:00:28:34 +0800] "GET /wa-08111-9296-333-jual-beli-borongan-barang-bekas-alat-restoran-di-kedoya/ HTTP/2" 200 0 "https://kitchensolusion.com/?p=2500" "Mozilla/5.0 AppleWebKit/537.36 (KHTML, like Gecko; compatible; ClaudeBot/1.0; +claudebot@anthropic.com)"
4.182.232.137 - - [29/Jul/2026:00:28:37 +0800] "POST /wp-login.php HTTP/1.1" 200 3193 "-" "Mozilla/5.0 (Windows NT 10.0; Win64; x64) AppleWebKit/537.36 Chrome/129.0.0.0 Safari/537.36"
4.182.232.137 - - [29/Jul/2026:00:28:37 +0800] "POST /wp-login.php HTTP/1.1" 200 3193 "-" "Mozilla/5.0 (Windows NT 10.0; Win64; rv:143.0) Gecko/20100101 Firefox/143.0"
216.244.66.250 - - [29/Jul/2026:00:30:07 +0800] "GET /category/uncategorized/feed/ HTTP/1.1" 200 97189 "-" "Mozilla/5.0 (compatible; DotBot/1.2; +https://opensiteexplorer.org/dotbot; help@moz.com)"
64.120.92.56 - - [29/Jul/2026:00:31:22 +0800] "POST /wp-cron.php?doing_wp_cron=1785256282.1726450920104980468750 HTTP/1.1" 200 0 "-" "WordPress/7.0.2; https://kitchensolusion.com"
4.182.232.137 - - [29/Jul/2026:00:31:21 +0800] "POST /wp-login.php HTTP/1.1" 200 3193 "-" "Mozilla/5.0 (Windows NT 10.0; Win64; rv:143.0) Gecko/20100101 Firefox/143.0"
4.182.232.137 - - [29/Jul/2026:00:31:21 +0800] "POST /wp-login.php HTTP/1.1" 200 3193 "-" "Mozilla/5.0 (Windows NT 10.0; Win64; x64) AppleWebKit/537.36 Chrome/129.0.0.0 Safari/537.36"
4.184.121.217 - - [29/Jul/2026:00:32:51 +0800] "GET /wp-content/plugins/hellopress/wp_filemanager.php HTTP/1.1" 404 29747 "-" "-"
4.184.121.217 - - [29/Jul/2026:00:32:55 +0800] "GET /this_is_a_new_hello_world.php HTTP/1.1" 404 29747 "-" "-"
4.184.121.217 - - [29/Jul/2026:00:32:59 +0800] "GET /wp-login.php HTTP/1.1" 200 9271 "-" "-"
4.184.121.217 - - [29/Jul/2026:00:33:05 +0800] "GET /wp-kikikoko.php HTTP/1.1" 404 29747 "-" "-"
4.184.121.217 - - [29/Jul/2026:00:33:09 +0800] "GET /ftde.php HTTP/1.1" 404 29747 "-" "-"
4.184.121.217 - - [29/Jul/2026:00:33:13 +0800] "GET /makeasmtp.php HTTP/1.1" 404 29747 "-" "-"
68.67.112.21 - - [29/Jul/2026:00:33:17 +0800] "GET /robots.txt HTTP/1.1" 200 114 "-" "Mozilla/5.0 AppleWebKit/537.36 (KHTML, like Gecko; compatible; YouBot/1.0; +https://docs.you.com/youbot; env:prod) Chrome/142.0.0.0 Safari/537.36"
4.184.121.217 - - [29/Jul/2026:00:33:17 +0800] "GET /edit.php HTTP/1.1" 404 29747 "-" "-"
68.67.112.21 - - [29/Jul/2026:00:33:20 +0800] "GET /category/jual-beli-peralatan-restoran-bekas-di-pondok-aren/ HTTP/1.1" 200 15049 "-" "Mozilla/5.0 AppleWebKit/537.36 (KHTML, like Gecko; compatible; YouBot/1.0; +https://docs.you.com/youbot; env:prod) Chrome/142.0.0.0 Safari/537.36"
4.184.121.217 - - [29/Jul/2026:00:33:21 +0800] "GET /plugins.php HTTP/1.1" 404 29747 "-" "-"
4.184.121.217 - - [29/Jul/2026:00:33:25 +0800] "GET /news.php HTTP/1.1" 404 29747 "-" "-"
160.250.130.168 - - [29/Jul/2026:00:33:29 +0800] "POST /xmlrpc.php HTTP/1.1" 200 216 "-" "Mozilla/5.0 (Windows NT 10.0; Win64; x64) AppleWebKit/537.36 (KHTML, like Gecko) Chrome/150.0.0.0 Safari/537.36"
4.184.121.217 - - [29/Jul/2026:00:33:29 +0800] "GET /post.php HTTP/1.1" 404 29747 "-" "-"
4.184.121.217 - - [29/Jul/2026:00:33:33 +0800] "GET /muse.php HTTP/1.1" 404 29747 "-" "-"
4.184.121.217 - - [29/Jul/2026:00:33:37 +0800] "GET /x.php HTTP/1.1" 404 29747 "-" "-"
4.184.121.217 - - [29/Jul/2026:00:33:41 +0800] "GET /m.php HTTP/1.1" 404 29747 "-" "-"
4.184.121.217 - - [29/Jul/2026:00:33:45 +0800] "GET /wp.php HTTP/1.1" 404 29747 "-" "-"
4.184.121.217 - - [29/Jul/2026:00:33:51 +0800] "GET /shell.php HTTP/1.1" 404 29747 "-" "-"
4.184.121.217 - - [29/Jul/2026:00:33:55 +0800] "GET /install.php HTTP/1.1" 404 29747 "-" "-"
216.244.66.250 - - [29/Jul/2026:00:33:56 +0800] "GET /08111-9296-333-terima-jual-beli-alat-restoran-bekas-kitchen-di-kalideres/ HTTP/1.1" 200 61741 "-" "Mozilla/5.0 (compatible; DotBot/1.2; +https://opensiteexplorer.org/dotbot; help@moz.com)"
4.184.121.217 - - [29/Jul/2026:00:33:58 +0800] "GET /inputs.php HTTP/1.1" 404 29747 "-" "-"
216.244.66.250 - - [29/Jul/2026:00:34:02 +0800] "GET /08111-9296-333-terima-jual-beli-alat-restoran-bekas-kitchen-di-palmerah/ HTTP/1.1" 200 61708 "-" "Mozilla/5.0 (compatible; DotBot/1.2; +https://opensiteexplorer.org/dotbot; help@moz.com)"
4.184.121.217 - - [29/Jul/2026:00:34:03 +0800] "GET /1.php HTTP/1.1" 404 29747 "-" "-"
4.184.121.217 - - [29/Jul/2026:00:34:06 +0800] "GET /infoo.php HTTP/1.1" 404 29747 "-" "-"
216.244.66.250 - - [29/Jul/2026:00:34:08 +0800] "GET /chat-08111-9296-333-terima-jual-beli-alat-restoran-bekas-di-pluit/ HTTP/1.1" 200 61416 "-" "Mozilla/5.0 (compatible; DotBot/1.2; +https://opensiteexplorer.org/dotbot; help@moz.com)"
4.184.121.217 - - [29/Jul/2026:00:34:10 +0800] "GET /cong.php HTTP/1.1" 404 29747 "-" "-"
216.244.66.250 - - [29/Jul/2026:00:34:13 +0800] "GET /jual-beli-alat-kitchen-ex-restoran-di-daerah-tanah-abang/ HTTP/1.1" 200 61032 "-" "Mozilla/5.0 (compatible; DotBot/1.2; +https://opensiteexplorer.org/dotbot; help@moz.com)"
4.184.121.217 - - [29/Jul/2026:00:34:14 +0800] "GET /ok.php HTTP/1.1" 404 29747 "-" "-"
4.184.121.217 - - [29/Jul/2026:00:34:20 +0800] "GET /item.php HTTP/1.1" 404 29747 "-" "-"
216.244.66.250 - - [29/Jul/2026:00:34:20 +0800] "GET /pusat-jual-beli-borongan-barang-restoran-bekas-terpercaya-cengkareng/ HTTP/1.1" 200 61279 "-" "Mozilla/5.0 (compatible; DotBot/1.2; +https://opensiteexplorer.org/dotbot; help@moz.com)"
4.182.232.137 - - [29/Jul/2026:00:34:21 +0800] "POST /wp-login.php HTTP/1.1" 200 3193 "-" "Mozilla/5.0 (Macintosh; Intel Mac OS X 10_15_7) AppleWebKit/605.1.15 Version/17.0 Safari/605.1.15"
4.182.232.137 - - [29/Jul/2026:00:34:21 +0800] "POST /wp-login.php HTTP/1.1" 200 3193 "-" "Mozilla/5.0 (Windows NT 10.0; Win64; rv:143.0) Gecko/20100101 Firefox/143.0"
4.184.121.217 - - [29/Jul/2026:00:34:24 +0800] "GET /ini.php HTTP/1.1" 404 29747 "-" "-"
4.184.121.217 - - [29/Jul/2026:00:34:28 +0800] "GET /default.php HTTP/1.1" 404 29747 "-" "-"
216.244.66.250 - - [29/Jul/2026:00:34:28 +0800] "GET /wa-08111-9296-333-jual-beli-alat-restoran-bekas-di-rawamangun/ HTTP/1.1" 200 61304 "-" "Mozilla/5.0 (compatible; DotBot/1.2; +https://opensiteexplorer.org/dotbot; help@moz.com)"
4.184.121.217 - - [29/Jul/2026:00:34:33 +0800] "GET /css.php HTTP/1.1" 404 29747 "-" "-"
4.184.121.217 - - [29/Jul/2026:00:34:37 +0800] "GET /alfa.php HTTP/1.1" 404 29747 "-" "-"
116.179.32.87 - - [29/Jul/2026:00:34:37 +0800] "GET /category/terima-jual-beli-borongan-barang-bekas-restoran-jagakarsa/ HTTP/2" 200 18257 "-" "Mozilla/5.0 (compatible; Baiduspider/2.0; +http://www.baidu.com/search/spider.html)"
220.181.108.105 - - [29/Jul/2026:00:34:38 +0800] "GET /chat-08111-9296-333-terima-jual-beli-barang-bekas-restoran-di-rawamangun/ HTTP/2" 200 17967 "-" "Mozilla/5.0 (compatible; Baiduspider/2.0; +http://www.baidu.com/search/spider.html)"
116.179.32.17 - - [29/Jul/2026:00:34:38 +0800] "GET /chat-08111-9296-333-terima-jual-beli-borongan-kitchen-equipment-bekas-restoran-di-karang-tengah/ HTTP/2" 200 18011 "-" "Mozilla/5.0 (compatible; Baiduspider/2.0; +http://www.baidu.com/search/spider.html)"
116.179.32.50 - - [29/Jul/2026:00:34:40 +0800] "GET /wa-08111-9296-333-jual-beli-perkakas-dapur-restoran-di-kenari/ HTTP/2" 200 17994 "-" "Mozilla/5.0 (compatible; Baiduspider/2.0; +http://www.baidu.com/search/spider.html)"
4.184.121.217 - - [29/Jul/2026:00:34:42 +0800] "GET /403.php HTTP/1.1" 404 29747 "-" "-"
216.244.66.250 - - [29/Jul/2026:00:34:45 +0800] "GET /chat-08111-9296-333-terima-jual-beli-barang-bekas-restoran-di-meruya-utara/ HTTP/1.1" 200 61742 "-" "Mozilla/5.0 (compatible; DotBot/1.2; +https://opensiteexplorer.org/dotbot; help@moz.com)"
4.184.121.217 - - [29/Jul/2026:00:34:46 +0800] "GET /as.php HTTP/1.1" 404 29747 "-" "-"
4.184.121.217 - - [29/Jul/2026:00:34:52 +0800] "GET /ty.php HTTP/1.1" 404 29747 "-" "-"
4.184.121.217 - - [29/Jul/2026:00:34:56 +0800] "GET /config.php HTTP/1.1" 404 29747 "-" "-"
4.184.121.217 - - [29/Jul/2026:00:35:00 +0800] "GET /info.php HTTP/1.1" 404 29747 "-" "-"
216.244.66.250 - - [29/Jul/2026:00:35:02 +0800] "GET /wa-08111-9296-333-jual-beli-borongan-barang-bekas-restoran-ex-cafe-dan-resto-di-tanah-kusir/ HTTP/1.1" 200 62192 "-" "Mozilla/5.0 (compatible; DotBot/1.2; +https://opensiteexplorer.org/dotbot; help@moz.com)"
4.184.121.217 - - [29/Jul/2026:00:35:06 +0800] "GET /about.php HTTP/1.1" 404 29747 "-" "-"
4.184.121.217 - - [29/Jul/2026:00:35:10 +0800] "GET /404.php HTTP/1.1" 404 29747 "-" "-"
4.184.121.217 - - [29/Jul/2026:00:35:14 +0800] "GET /file.php HTTP/1.1" 404 29747 "-" "-"
4.184.121.217 - - [29/Jul/2026:00:35:19 +0800] "GET /moon.php HTTP/1.1" 404 29747 "-" "-"
4.184.121.217 - - [29/Jul/2026:00:35:23 +0800] "GET /radio.php HTTP/1.1" 404 29747 "-" "-"
85.208.96.205 - - [29/Jul/2026:00:35:26 +0800] "GET /robots.txt HTTP/1.1" 200 130 "-" "Mozilla/5.0 (compatible; SemrushBot/7~bl; +http://www.semrush.com/bot.html)"
85.208.96.195 - - [29/Jul/2026:00:35:28 +0800] "GET /category/jual-beli-kitchen-equipment-bekas/page/4/ HTTP/1.1" 200 19030 "-" "Mozilla/5.0 (compatible; SemrushBot/7~bl; +http://www.semrush.com/bot.html)"
4.184.121.217 - - [29/Jul/2026:00:35:27 +0800] "GET /log.php HTTP/1.1" 404 29747 "-" "-"
4.184.121.217 - - [29/Jul/2026:00:35:39 +0800] "GET /baxa1.phP7 HTTP/1.1" 404 29747 "-" "-"
4.184.121.217 - - [29/Jul/2026:00:35:45 +0800] "GET /themes.php HTTP/1.1" 404 29747 "-" "-"
4.184.121.217 - - [29/Jul/2026:00:35:51 +0800] "GET /d2.php HTTP/1.1" 404 29747 "-" "-"
4.184.121.217 - - [29/Jul/2026:00:35:55 +0800] "GET /wp-2019.php HTTP/1.1" 404 29747 "-" "-"
4.184.121.217 - - [29/Jul/2026:00:35:59 +0800] "GET /readme.php HTTP/1.1" 404 29747 "-" "-"
4.184.121.217 - - [29/Jul/2026:00:36:04 +0800] "GET /aa.php HTTP/1.1" 404 29747 "-" "-"
4.184.121.217 - - [29/Jul/2026:00:36:08 +0800] "GET /w.php HTTP/1.1" 404 29747 "-" "-"
4.184.121.217 - - [29/Jul/2026:00:36:13 +0800] "GET /BIBIL.php HTTP/1.1" 404 29747 "-" "-"
4.184.121.217 - - [29/Jul/2026:00:36:17 +0800] "GET /lv.php HTTP/1.1" 404 29747 "-" "-"
4.184.121.217 - - [29/Jul/2026:00:36:21 +0800] "GET /style.php HTTP/1.1" 404 29747 "-" "-"
4.184.121.217 - - [29/Jul/2026:00:36:25 +0800] "GET /elp.php HTTP/1.1" 404 29747 "-" "-"
185.191.171.9 - - [29/Jul/2026:00:36:28 +0800] "GET /blog/page/23/ HTTP/1.1" 200 18776 "-" "Mozilla/5.0 (compatible; SemrushBot/7~bl; +http://www.semrush.com/bot.html)"
4.184.121.217 - - [29/Jul/2026:00:36:29 +0800] "GET /wp-admin/about.php HTTP/1.1" 302 0 "-" "-"
4.184.121.217 - - [29/Jul/2026:00:36:32 +0800] "GET /wp-login.php?redirect_to=https%3A%2F%2Fkitchensolusion.com%2Fwp-admin%2Fabout.php&reauth=1 HTTP/1.1" 200 9389 "-" "-"
4.184.121.217 - - [29/Jul/2026:00:36:38 +0800] "GET /functions.php HTTP/1.1" 404 29747 "-" "-"
4.184.121.217 - - [29/Jul/2026:00:36:43 +0800] "GET /file7.php HTTP/1.1" 404 29747 "-" "-"
4.184.121.217 - - [29/Jul/2026:00:36:49 +0800] "GET /doc.php HTTP/1.1" 404 29747 "-" "-"
4.184.121.217 - - [29/Jul/2026:00:36:53 +0800] "GET /db.php HTTP/1.1" 404 29747 "-" "-"
4.184.121.217 - - [29/Jul/2026:00:36:59 +0800] "GET /ar.php HTTP/1.1" 404 29747 "-" "-"
4.184.121.217 - - [29/Jul/2026:00:37:03 +0800] "GET /0x.php HTTP/1.1" 404 29747 "-" "-"
4.182.232.137 - - [29/Jul/2026:00:37:05 +0800] "POST /wp-login.php HTTP/1.1" 200 3193 "-" "Mozilla/5.0 (Macintosh; Intel Mac OS X 10_15_7) AppleWebKit/605.1.15 Version/17.0 Safari/605.1.15"
4.182.232.137 - - [29/Jul/2026:00:37:05 +0800] "POST /wp-login.php HTTP/1.1" 200 3193 "-" "Mozilla/5.0 (Windows NT 10.0; Win64; x64) AppleWebKit/537.36 Chrome/129.0.0.0 Safari/537.36"
4.184.121.217 - - [29/Jul/2026:00:37:07 +0800] "GET /xbgqdfrj.php HTTP/1.1" 404 29747 "-" "-"
4.184.121.217 - - [29/Jul/2026:00:37:11 +0800] "GET /mah.php HTTP/1.1" 404 29747 "-" "-"
4.184.121.217 - - [29/Jul/2026:00:37:15 +0800] "GET /login.php HTTP/1.1" 302 0 "-" "-"
4.184.121.217 - - [29/Jul/2026:00:37:18 +0800] "GET /wp-login.php HTTP/1.1" 200 9271 "-" "-"
4.184.121.217 - - [29/Jul/2026:00:37:23 +0800] "GET /jvirglze.php HTTP/1.1" 404 29747 "-" "-"
4.184.121.217 - - [29/Jul/2026:00:37:27 +0800] "GET /erin1.PhP7 HTTP/1.1" 404 29747 "-" "-"
4.184.121.217 - - [29/Jul/2026:00:37:31 +0800] "GET /link.php HTTP/1.1" 404 29747 "-" "-"
4.184.121.217 - - [29/Jul/2026:00:37:36 +0800] "GET /file3.php HTTP/1.1" 404 29747 "-" "-"
4.184.121.217 - - [29/Jul/2026:00:37:40 +0800] "GET /faq.php HTTP/1.1" 404 29747 "-" "-"
4.184.121.217 - - [29/Jul/2026:00:37:43 +0800] "GET /13.php HTTP/1.1" 404 29747 "-" "-"
4.184.121.217 - - [29/Jul/2026:00:37:48 +0800] "GET /echkm.php?p= HTTP/1.1" 301 0 "-" "-"
4.184.121.217 - - [29/Jul/2026:00:37:50 +0800] "GET /echkm.php HTTP/1.1" 404 29747 "-" "-"
4.184.121.217 - - [29/Jul/2026:00:37:54 +0800] "GET /la.php HTTP/1.1" 404 29747 "-" "-"
4.184.121.217 - - [29/Jul/2026:00:37:58 +0800] "GET /66.php HTTP/1.1" 404 29747 "-" "-"
4.184.121.217 - - [29/Jul/2026:00:38:04 +0800] "GET /8.php HTTP/1.1" 404 29747 "-" "-"
4.184.121.217 - - [29/Jul/2026:00:38:08 +0800] "GET /ava.php HTTP/1.1" 404 29747 "-" "-"
4.184.121.217 - - [29/Jul/2026:00:38:12 +0800] "GET /resp.php HTTP/1.1" 404 29747 "-" "-"
4.184.121.217 - - [29/Jul/2026:00:38:16 +0800] "GET /bypltspd.php HTTP/1.1" 404 29747 "-" "-"
4.184.121.217 - - [29/Jul/2026:00:38:20 +0800] "GET /jga.php HTTP/1.1" 404 29747 "-" "-"
4.184.121.217 - - [29/Jul/2026:00:38:23 +0800] "GET /new4.php HTTP/1.1" 404 29747 "-" "-"
4.184.121.217 - - [29/Jul/2026:00:38:27 +0800] "GET /yee.php HTTP/1.1" 404 29747 "-" "-"
4.184.121.217 - - [29/Jul/2026:00:38:31 +0800] "GET /zc.php HTTP/1.1" 404 29747 "-" "-"
164.138.220.142 - - [29/Jul/2026:00:38:34 +0800] "GET /wp-login.php HTTP/1.1" 200 2821 "-" "Mozilla/5.0 (Windows NT 10.0; Win64; x64) AppleWebKit/537.36 (KHTML, like Gecko) Chrome/150.0.0.0 Safari/537.36"
4.184.121.217 - - [29/Jul/2026:00:38:35 +0800] "GET /cilus.php HTTP/1.1" 404 29747 "-" "-"
164.138.220.142 - - [29/Jul/2026:00:38:36 +0800] "POST /wp-login.php HTTP/1.1" 200 2928 "https://kitchensolusion.com/wp-login.php" "Mozilla/5.0 (Windows NT 10.0; Win64; x64) AppleWebKit/537.36 (KHTML, like Gecko) Chrome/150.0.0.0 Safari/537.36"
4.184.121.217 - - [29/Jul/2026:00:38:39 +0800] "GET /domvf.php HTTP/1.1" 404 29747 "-" "-"
4.184.121.217 - - [29/Jul/2026:00:38:43 +0800] "GET /c1.php HTTP/1.1" 404 29747 "-" "-"
4.184.121.217 - - [29/Jul/2026:00:38:48 +0800] "GET /crgio.php?p= HTTP/1.1" 301 0 "-" "-"
4.184.121.217 - - [29/Jul/2026:00:38:50 +0800] "GET /crgio.php HTTP/1.1" 404 29747 "-" "-"
4.184.121.217 - - [29/Jul/2026:00:38:55 +0800] "GET /drykl.php HTTP/1.1" 404 29747 "-" "-"
4.184.121.217 - - [29/Jul/2026:00:38:59 +0800] "GET /waso.php HTTP/1.1" 404 29747 "-" "-"
4.184.121.217 - - [29/Jul/2026:00:39:04 +0800] "GET /cro.php HTTP/1.1" 404 29747 "-" "-"
4.184.121.217 - - [29/Jul/2026:00:39:08 +0800] "GET /.gitignore.php HTTP/1.1" 404 29747 "-" "-"
4.184.121.217 - - [29/Jul/2026:00:39:12 +0800] "GET /d61.php HTTP/1.1" 404 29747 "-" "-"
4.184.121.217 - - [29/Jul/2026:00:39:16 +0800] "GET /uwu.php HTTP/1.1" 404 29747 "-" "-"
4.184.121.217 - - [29/Jul/2026:00:39:21 +0800] "GET /cc.php HTTP/1.1" 404 29747 "-" "-"
4.184.121.217 - - [29/Jul/2026:00:39:25 +0800] "GET /sta.php HTTP/1.1" 404 29747 "-" "-"
4.182.232.137 - - [29/Jul/2026:00:39:48 +0800] "POST /wp-login.php HTTP/1.1" 200 3193 "-" "Mozilla/5.0 (Windows NT 10.0; Win64; x64) AppleWebKit/537.36 Chrome/129.0.0.0 Safari/537.36"
4.182.232.137 - - [29/Jul/2026:00:39:48 +0800] "POST /wp-login.php HTTP/1.1" 200 3193 "-" "Mozilla/5.0 (Windows NT 10.0; Win64; rv:143.0) Gecko/20100101 Firefox/143.0"
4.184.121.217 - - [29/Jul/2026:00:40:10 +0800] "GET /ingfo.php HTTP/1.1" 404 29747 "-" "-"
4.184.121.217 - - [29/Jul/2026:00:40:14 +0800] "GET /ccc.php?p= HTTP/1.1" 301 0 "-" "-"
4.184.121.217 - - [29/Jul/2026:00:40:16 +0800] "GET /ccc.php HTTP/1.1" 404 29747 "-" "-"
4.184.121.217 - - [29/Jul/2026:00:40:20 +0800] "GET /jdrot.php HTTP/1.1" 404 29747 "-" "-"
4.184.121.217 - - [29/Jul/2026:00:40:24 +0800] "GET /alpha.php HTTP/1.1" 404 29747 "-" "-"
4.184.121.217 - - [29/Jul/2026:00:40:28 +0800] "GET /jo.php HTTP/1.1" 404 29747 "-" "-"
4.184.121.217 - - [29/Jul/2026:00:40:33 +0800] "GET /jos.php HTTP/1.1" 404 29747 "-" "-"
4.184.121.217 - - [29/Jul/2026:00:40:38 +0800] "GET /srv.php HTTP/1.1" 404 29747 "-" "-"
4.184.121.217 - - [29/Jul/2026:00:40:42 +0800] "GET /uninstall.php HTTP/1.1" 404 29747 "-" "-"
4.184.121.217 - - [29/Jul/2026:00:40:47 +0800] "GET /transfer.php HTTP/1.1" 404 29747 "-" "-"
4.184.121.217 - - [29/Jul/2026:00:40:51 +0800] "GET /geforce.php HTTP/1.1" 404 29747 "-" "-"
68.67.112.238 - - [29/Jul/2026:00:40:51 +0800] "GET /robots.txt HTTP/1.1" 200 114 "-" "Mozilla/5.0 AppleWebKit/537.36 (KHTML, like Gecko; compatible; YouBot/1.0; +https://docs.you.com/youbot; env:prod) Chrome/142.0.0.0 Safari/537.36"
68.67.112.238 - - [29/Jul/2026:00:40:55 +0800] "GET /category/jual-beli-borongan-bekas-restoran-di-bogor-barat/ HTTP/1.1" 200 14650 "-" "Mozilla/5.0 AppleWebKit/537.36 (KHTML, like Gecko; compatible; YouBot/1.0; +https://docs.you.com/youbot; env:prod) Chrome/142.0.0.0 Safari/537.36"
4.184.121.217 - - [29/Jul/2026:00:40:56 +0800] "GET /r.php?p= HTTP/1.1" 301 0 "-" "-"
4.184.121.217 - - [29/Jul/2026:00:40:58 +0800] "GET /r.php HTTP/1.1" 404 29747 "-" "-"
4.184.121.217 - - [29/Jul/2026:00:41:03 +0800] "GET /sixxis.php HTTP/1.1" 404 29747 "-" "-"
4.184.121.217 - - [29/Jul/2026:00:41:07 +0800] "GET /bthil.php HTTP/1.1" 404 29747 "-" "-"
64.120.92.56 - - [29/Jul/2026:00:50:25 +0800] "POST /wp-cron.php?doing_wp_cron=1785257425.5472090244293212890625 HTTP/1.1" 200 0 "-" "WordPress/7.0.2; https://kitchensolusion.com"
40.77.167.101 - - [29/Jul/2026:00:50:24 +0800] "GET /robots.txt HTTP/2" 301 0 "-" "Mozilla/5.0 AppleWebKit/537.36 (KHTML, like Gecko; compatible; bingbot/2.0; +http://www.bing.com/bingbot.htm) Chrome/116.0.1938.76 Safari/537.36"
40.77.167.101 - - [29/Jul/2026:00:50:26 +0800] "GET /robots.txt HTTP/2" 200 114 "-" "Mozilla/5.0 AppleWebKit/537.36 (KHTML, like Gecko; compatible; bingbot/2.0; +http://www.bing.com/bingbot.htm) Chrome/116.0.1938.76 Safari/537.36"
216.73.216.175 - - [29/Jul/2026:00:50:26 +0800] "GET /sitemap_index.xml HTTP/2" 200 317 "-" "Mozilla/5.0 AppleWebKit/537.36 (KHTML, like Gecko; compatible; ClaudeBot/1.0; +claudebot@anthropic.com)"
64.120.92.56 - - [29/Jul/2026:00:50:38 +0800] "POST /wp-cron.php?doing_wp_cron=1785257438.6056809425354003906250 HTTP/1.1" 200 0 "-" "WordPress/7.0.2; https://kitchensolusion.com"
207.46.13.107 - - [29/Jul/2026:00:50:38 +0800] "GET /5-lott%C3%B3-sz%C3%A1m-gener%C3%A1tor/ HTTP/2" 301 0 "-" "Mozilla/5.0 AppleWebKit/537.36 (KHTML, like Gecko; compatible; bingbot/2.0; +http://www.bing.com/bingbot.htm) Chrome/116.0.1938.76 Safari/537.36"
85.208.96.199 - - [29/Jul/2026:00:52:08 +0800] "GET /blog/page/63/ HTTP/1.1" 200 18940 "-" "Mozilla/5.0 (compatible; SemrushBot/7~bl; +http://www.semrush.com/bot.html)"
85.208.96.201 - - [29/Jul/2026:00:54:20 +0800] "GET /category/jual-beli-barang-bekas-restoran-di-larangan/ HTTP/1.1" 200 17396 "-" "Mozilla/5.0 (compatible; SemrushBot/7~bl; +http://www.semrush.com/bot.html)"
57.141.18.56 - - [29/Jul/2026:00:54:58 +0800] "GET /category-sitemap.xml HTTP/2" 200 19733 "-" "Mozilla/5.0 (Macintosh; Intel Mac OS X 10_15_7) AppleWebKit/537.36 (KHTML, like Gecko) Chrome/145.0.0.0 Safari/537.36 (compatible; meta-externalagent/1.1 (+https://developers.facebook.com/docs/sharing/webmasters/crawler))"
64.120.92.56 - - [29/Jul/2026:00:55:47 +0800] "POST /wp-cron.php?doing_wp_cron=1785257747.7525079250335693359375 HTTP/1.1" 200 0 "-" "WordPress/7.0.2; https://kitchensolusion.com"
85.208.96.198 - - [29/Jul/2026:00:55:46 +0800] "GET /author/admin/page/67/ HTTP/1.1" 200 19288 "-" "Mozilla/5.0 (compatible; SemrushBot/7~bl; +http://www.semrush.com/bot.html)"
216.73.216.175 - - [29/Jul/2026:00:57:33 +0800] "GET /category/jual-beli-peralatan-restoran-bekas-di-citra-raya/ HTTP/2" 200 14773 "-" "Mozilla/5.0 AppleWebKit/537.36 (KHTML, like Gecko; compatible; ClaudeBot/1.0; +claudebot@anthropic.com)"
64.120.92.56 - - [29/Jul/2026:01:02:32 +0800] "POST /wp-cron.php?doing_wp_cron=1785258152.1908400058746337890625 HTTP/1.1" 200 0 "-" "WordPress/7.0.2; https://kitchensolusion.com"
157.55.39.56 - - [29/Jul/2026:01:02:31 +0800] "GET /sitemap_index.xml HTTP/2" 200 317 "-" "Mozilla/5.0 AppleWebKit/537.36 (KHTML, like Gecko; compatible; bingbot/2.0; +http://www.bing.com/bingbot.htm) Chrome/116.0.1938.76 Safari/537.36"
216.73.216.175 - - [29/Jul/2026:01:03:09 +0800] "GET /wa-08111-9296-333-jual-beli-barang-bekas-restoran-cafe-kitchen-equipment-di-citra-raya/ HTTP/2" 200 15957 "-" "Mozilla/5.0 AppleWebKit/537.36 (KHTML, like Gecko; compatible; ClaudeBot/1.0; +claudebot@anthropic.com)"
64.120.92.56 - - [29/Jul/2026:01:05:47 +0800] "POST /wp-cron.php?doing_wp_cron=1785258347.2458870410919189453125 HTTP/1.1" 200 0 "-" "WordPress/7.0.2; https://kitchensolusion.com"
85.208.96.206 - - [29/Jul/2026:01:05:46 +0800] "GET /category/jual-beli-barang-bekas-restoran-di-gunung-kaler/ HTTP/1.1" 200 17126 "-" "Mozilla/5.0 (compatible; SemrushBot/7~bl; +http://www.semrush.com/bot.html)"
216.244.66.250 - - [29/Jul/2026:01:06:41 +0800] "GET /robots.txt HTTP/1.1" 200 177 "-" "Mozilla/5.0 (compatible; DotBot/1.2; +https://opensiteexplorer.org/dotbot; help@moz.com)"
216.73.216.175 - - [29/Jul/2026:01:08:25 +0800] "GET /robots.txt HTTP/2" 200 114 "-" "Mozilla/5.0 AppleWebKit/537.36 (KHTML, like Gecko; compatible; ClaudeBot/1.0; +claudebot@anthropic.com)"
216.73.216.175 - - [29/Jul/2026:01:08:29 +0800] "GET /?p=2082 HTTP/2" 301 0 "-" "Mozilla/5.0 AppleWebKit/537.36 (KHTML, like Gecko; compatible; ClaudeBot/1.0; +claudebot@anthropic.com)"
216.73.216.175 - - [29/Jul/2026:01:08:32 +0800] "GET /wa-08111-9296-333-jual-beli-barang-bekas-restoran-cafe-kitchen-equipment-di-citra-raya/ HTTP/2" 200 15957 "https://kitchensolusion.com/?p=2082" "Mozilla/5.0 AppleWebKit/537.36 (KHTML, like Gecko; compatible; ClaudeBot/1.0; +claudebot@anthropic.com)"
216.73.216.175 - - [29/Jul/2026:01:10:06 +0800] "GET /wa-08111-9296-333-jual-beli-barang-bekas-restoran-cafe-kitchen-equipment-di-citra-raya/feed/ HTTP/2" 200 524 "-" "Mozilla/5.0 AppleWebKit/537.36 (KHTML, like Gecko; compatible; ClaudeBot/1.0; +claudebot@anthropic.com)"
64.120.92.56 - - [29/Jul/2026:01:12:11 +0800] "POST /wp-cron.php?doing_wp_cron=1785258731.4956779479980468750000 HTTP/1.1" 200 0 "-" "WordPress/7.0.2; https://kitchensolusion.com"
185.191.171.17 - - [29/Jul/2026:01:12:10 +0800] "GET /author/admin/page/150/ HTTP/1.1" 200 19013 "-" "Mozilla/5.0 (compatible; SemrushBot/7~bl; +http://www.semrush.com/bot.html)"
185.191.171.1 - - [29/Jul/2026:01:12:35 +0800] "GET /blog/page/86/ HTTP/1.1" 200 19027 "-" "Mozilla/5.0 (compatible; SemrushBot/7~bl; +http://www.semrush.com/bot.html)"
220.181.108.178 - - [29/Jul/2026:01:14:45 +0800] "GET /jual-beli-borongan-barang-bekas-restoran-ex-cafe-dan-resto-di-cipayung/ HTTP/2" 200 17921 "-" "Mozilla/5.0 (compatible; Baiduspider/2.0; +http://www.baidu.com/search/spider.html)"
64.120.92.56 - - [29/Jul/2026:01:18:12 +0800] "POST /wp-cron.php?doing_wp_cron=1785259092.7145619392395019531250 HTTP/1.1" 200 0 "-" "WordPress/7.0.2; https://kitchensolusion.com"
185.191.171.16 - - [29/Jul/2026:01:18:11 +0800] "GET /home/di-jakarta-barat/di-palmerah/ HTTP/1.1" 200 16593 "-" "Mozilla/5.0 (compatible; SemrushBot/7~bl; +http://www.semrush.com/bot.html)"
216.244.66.250 - - [29/Jul/2026:01:19:07 +0800] "GET /chat-08111-9296-333-terima-jual-beli-equipment-restoran-hotel-di-cakung/ HTTP/1.1" 200 61588 "-" "Mozilla/5.0 (compatible; DotBot/1.2; +https://opensiteexplorer.org/dotbot; help@moz.com)"
216.244.66.250 - - [29/Jul/2026:01:19:21 +0800] "GET /jual-beli-borongan-barang-bekas-restoran-ex-cafe-dan-resto-di-pal-meriam/ HTTP/1.1" 200 61548 "-" "Mozilla/5.0 (compatible; DotBot/1.2; +https://opensiteexplorer.org/dotbot; help@moz.com)"
216.244.66.250 - - [29/Jul/2026:01:19:33 +0800] "GET /terima-jual-beli-borongan-barang-bekas-alat-restoran-di-sawah-besar/ HTTP/1.1" 200 61379 "-" "Mozilla/5.0 (compatible; DotBot/1.2; +https://opensiteexplorer.org/dotbot; help@moz.com)"
216.244.66.250 - - [29/Jul/2026:01:19:45 +0800] "GET /wa-08111-9296-333-jual-beli-peralatan-restoran-bekas-di-rawamangun/ HTTP/1.1" 200 61474 "-" "Mozilla/5.0 (compatible; DotBot/1.2; +https://opensiteexplorer.org/dotbot; help@moz.com)"
216.244.66.250 - - [29/Jul/2026:01:19:55 +0800] "GET /chat-08111-9296-333-terima-jual-beli-borongan-kitchen-equipment-bekas-restoran-di-pulo-gadung/ HTTP/1.1" 200 62245 "-" "Mozilla/5.0 (compatible; DotBot/1.2; +https://opensiteexplorer.org/dotbot; help@moz.com)"
216.244.66.250 - - [29/Jul/2026:01:20:05 +0800] "GET /chat-08111-9296-333-terima-jual-beli-borongan-peralatan-restoran-bekas-di-palmerah/ HTTP/1.1" 200 61959 "-" "Mozilla/5.0 (compatible; DotBot/1.2; +https://opensiteexplorer.org/dotbot; help@moz.com)"
216.244.66.250 - - [29/Jul/2026:01:20:18 +0800] "GET /chat-08111-9296-333-terima-jual-beli-equipment-restoran-hotel-di-pamulang/ HTTP/1.1" 200 61704 "-" "Mozilla/5.0 (compatible; DotBot/1.2; +https://opensiteexplorer.org/dotbot; help@moz.com)"
64.120.92.56 - - [29/Jul/2026:01:20:32 +0800] "POST /wp-cron.php?doing_wp_cron=1785259232.0717899799346923828125 HTTP/1.1" 200 0 "-" "WordPress/7.0.2; https://kitchensolusion.com"
216.244.66.250 - - [29/Jul/2026:01:20:31 +0800] "GET /jual-beli-borongan-barang-ex-restoran-temukan-penawaran-terbaik-fatmawati/ HTTP/1.1" 200 61587 "-" "Mozilla/5.0 (compatible; DotBot/1.2; +https://opensiteexplorer.org/dotbot; help@moz.com)"
185.191.171.12 - - [29/Jul/2026:01:22:24 +0800] "GET /category/jual-beli-barang-bekas-restoran-di-jatiuwung/ HTTP/1.1" 200 17369 "-" "Mozilla/5.0 (compatible; SemrushBot/7~bl; +http://www.semrush.com/bot.html)"
52.167.144.215 - - [29/Jul/2026:01:25:12 +0800] "GET /category/jual-beli-borongan-bekas-restoran-di-bogor-timur/ HTTP/2" 200 14644 "-" "Mozilla/5.0 AppleWebKit/537.36 (KHTML, like Gecko; compatible; bingbot/2.0; +http://www.bing.com/bingbot.htm) Chrome/116.0.1938.76 Safari/537.36"
64.120.92.56 - - [29/Jul/2026:01:31:02 +0800] "POST /wp-cron.php?doing_wp_cron=1785259862.3035039901733398437500 HTTP/1.1" 200 0 "-" "WordPress/7.0.2; https://kitchensolusion.com"
17.246.19.138 - - [29/Jul/2026:01:31:01 +0800] "GET /wa-08111-9296-333-jual-beli-barang-bekas-restoran-cafe-kitchen-equipment-di-senen/feed/ HTTP/2" 200 555 "-" "Mozilla/5.0 (Macintosh; Intel Mac OS X 10_15_7) AppleWebKit/605.1.15 (KHTML, like Gecko) Version/17.4 Safari/605.1.15 (Applebot/0.1; +http://www.apple.com/go/applebot)"
185.191.171.2 - - [29/Jul/2026:01:34:10 +0800] "GET /author/admin/page/179/ HTTP/1.1" 200 18708 "-" "Mozilla/5.0 (compatible; SemrushBot/7~bl; +http://www.semrush.com/bot.html)"
64.120.92.56 - - [29/Jul/2026:01:36:38 +0800] "POST /wp-cron.php?doing_wp_cron=1785260198.4982659816741943359375 HTTP/1.1" 200 0 "-" "WordPress/7.0.2; https://kitchensolusion.com"
87.253.52.196 - - [29/Jul/2026:01:36:37 +0800] "GET /chat-08111-9296-333-terima-jual-beli-barang-bekas-restoran-cafe-resto-di-jatiasih/ HTTP/1.1" 200 17988 "-" "Mozilla/5.0 (Windows NT 10.0; Win64; x64) AppleWebKit/537.36 (KHTML, like Gecko) Chrome/131.0.6778.139 Safari/537.36"
64.120.92.56 - - [29/Jul/2026:01:41:40 +0800] "POST /wp-cron.php?doing_wp_cron=1785260500.6525359153747558593750 HTTP/1.1" 200 0 "-" "WordPress/7.0.2; https://kitchensolusion.com"
85.208.96.198 - - [29/Jul/2026:01:41:39 +0800] "GET /robots.txt HTTP/1.1" 200 130 "-" "Mozilla/5.0 (compatible; SemrushBot/7~bl; +http://www.semrush.com/bot.html)"
185.191.171.19 - - [29/Jul/2026:01:41:41 +0800] "GET /category/jual-beli-barang-bekas-restoran-di-periuk/ HTTP/1.1" 200 17541 "-" "Mozilla/5.0 (compatible; SemrushBot/7~bl; +http://www.semrush.com/bot.html)"
64.120.92.56 - - [29/Jul/2026:01:49:46 +0800] "POST /wp-cron.php?doing_wp_cron=1785260986.0552051067352294921875 HTTP/1.1" 200 0 "-" "WordPress/7.0.2; https://kitchensolusion.com"
185.191.171.2 - - [29/Jul/2026:01:49:45 +0800] "GET /category/jual-beli-borongan-barang-bekas-restoran-jakarta/page/19/ HTTP/1.1" 200 18805 "-" "Mozilla/5.0 (compatible; SemrushBot/7~bl; +http://www.semrush.com/bot.html)"
198.235.24.10 - - [29/Jul/2026:01:49:59 +0800] "GET /autodiscover/autodiscover.xml HTTP/1.1" 400 52 "http://autodiscover.kitchensolusion.com/" "Hello from Palo Alto Networks, find out more about our scans in https://docs-cortex.paloaltonetworks.com/r/1/Cortex-Xpanse/Scanning-activity"
64.120.92.56 - - [29/Jul/2026:01:53:32 +0800] "POST /wp-cron.php?doing_wp_cron=1785261212.9732270240783691406250 HTTP/1.1" 200 0 "-" "WordPress/7.0.2; https://kitchensolusion.com"
185.191.171.10 - - [29/Jul/2026:01:53:32 +0800] "GET /author/admin/page/5/ HTTP/1.1" 200 19280 "-" "Mozilla/5.0 (compatible; SemrushBot/7~bl; +http://www.semrush.com/bot.html)"
216.73.216.175 - - [29/Jul/2026:01:53:49 +0800] "GET /sitemap_index.xml HTTP/2" 200 317 "-" "Mozilla/5.0 AppleWebKit/537.36 (KHTML, like Gecko; compatible; ClaudeBot/1.0; +claudebot@anthropic.com)"
172.204.96.49 - - [29/Jul/2026:01:55:08 +0800] "GET / HTTP/2" 200 13703 "-" "Mozilla/5.0 AppleWebKit/537.36 (KHTML, like Gecko); compatible; ChatGPT-User/1.0; +https://openai.com/bot"
64.120.92.56 - - [29/Jul/2026:02:06:12 +0800] "POST /wp-cron.php?doing_wp_cron=1785261972.9515569210052490234375 HTTP/1.1" 200 0 "-" "WordPress/7.0.2; https://kitchensolusion.com"
216.73.216.175 - - [29/Jul/2026:02:06:12 +0800] "GET /di-jakarta-selatan/ HTTP/2" 404 8417 "-" "Mozilla/5.0 AppleWebKit/537.36 (KHTML, like Gecko; compatible; ClaudeBot/1.0; +claudebot@anthropic.com)"
37.111.156.92 - - [29/Jul/2026:02:08:48 +0800] "GET /chat-08111-9296-333-terima-jual-beli-equipment-restoran-hotel-di-ciledug/ HTTP/1.1" 200 17981 "-" "Mozilla/5.0 (Macintosh; Intel Mac OS X 13_6_3) AppleWebKit/537.36 (KHTML, like Gecko) Chrome/127.0.6533.17 Safari/537.36"
185.191.171.7 - - [29/Jul/2026:02:09:42 +0800] "GET /blog/page/121/ HTTP/1.1" 200 18830 "-" "Mozilla/5.0 (compatible; SemrushBot/7~bl; +http://www.semrush.com/bot.html)"
64.120.92.56 - - [29/Jul/2026:02:12:55 +0800] "POST /wp-cron.php?doing_wp_cron=1785262375.1901469230651855468750 HTTP/1.1" 200 0 "-" "WordPress/7.0.2; https://kitchensolusion.com"
216.73.216.175 - - [29/Jul/2026:02:12:54 +0800] "GET /robots.txt HTTP/2" 200 114 "-" "Mozilla/5.0 AppleWebKit/537.36 (KHTML, like Gecko; compatible; ClaudeBot/1.0; +claudebot@anthropic.com)"
216.73.216.175 - - [29/Jul/2026:02:12:55 +0800] "GET /jual-beli-alat-dapur-bekas-restoran-di-jakarta-selatan/di-cilandak/ HTTP/2" 200 14621 "-" "Mozilla/5.0 AppleWebKit/537.36 (KHTML, like Gecko; compatible; ClaudeBot/1.0; +claudebot@anthropic.com)"
216.73.216.175 - - [29/Jul/2026:02:13:04 +0800] "GET /?p=4650 HTTP/2" 301 0 "-" "Mozilla/5.0 AppleWebKit/537.36 (KHTML, like Gecko; compatible; ClaudeBot/1.0; +claudebot@anthropic.com)"
216.73.216.175 - - [29/Jul/2026:02:13:05 +0800] "GET /jual-beli-alat-dapur-bekas-restoran-di-jakarta-selatan/di-cilandak/ HTTP/2" 200 14621 "https://kitchensolusion.com/?p=4650" "Mozilla/5.0 AppleWebKit/537.36 (KHTML, like Gecko; compatible; ClaudeBot/1.0; +claudebot@anthropic.com)"
43.159.135.203 - - [29/Jul/2026:02:14:03 +0800] "GET / HTTP/1.1" 200 15324 "http://kitchensolusion.com" "Mozilla/5.0 (iPhone; CPU iPhone OS 13_2_3 like Mac OS X) AppleWebKit/605.1.15 (KHTML, like Gecko) Version/13.0.3 Mobile/15E148 Safari/604.1"
64.120.92.56 - - [29/Jul/2026:02:17:38 +0800] "POST /wp-cron.php?doing_wp_cron=1785262658.1390340328216552734375 HTTP/1.1" 200 0 "-" "WordPress/7.0.2; https://kitchensolusion.com"
216.73.216.175 - - [29/Jul/2026:02:17:37 +0800] "GET /category/jual-beli-peralatan-restoran-bekas-di-kedoya/feed/ HTTP/2" 200 4589 "-" "Mozilla/5.0 AppleWebKit/537.36 (KHTML, like Gecko; compatible; ClaudeBot/1.0; +claudebot@anthropic.com)"
216.73.216.175 - - [29/Jul/2026:02:18:21 +0800] "GET /jual-beli-borongan-alat-dapur-di-jakarta-barat/ HTTP/2" 200 15805 "-" "Mozilla/5.0 AppleWebKit/537.36 (KHTML, like Gecko; compatible; ClaudeBot/1.0; +claudebot@anthropic.com)"
205.169.39.29 - - [29/Jul/2026:02:18:27 +0800] "GET / HTTP/1.1" 301 0 "http://kitchensolusion.com.kelasprivat.com/" "Mozilla/5.0 (Windows NT 10.0; Win64; x64) AppleWebKit/537.36 (KHTML, like Gecko) Chrome/117.0.5938.132 Safari/537.36"
205.169.39.29 - - [29/Jul/2026:02:18:30 +0800] "GET / HTTP/1.1" 301 0 "http://kitchensolusion.com.kelasprivat.com/" "Mozilla/5.0 (Windows NT 10.0; Win64; x64) AppleWebKit/537.36 (KHTML, like Gecko) Chrome/117.0.5938.132 Safari/537.36"
205.169.39.29 - - [29/Jul/2026:02:18:34 +0800] "GET / HTTP/1.1" 200 13702 "https://kitchensolusion.com/" "Mozilla/5.0 (Windows NT 10.0; Win64; x64) AppleWebKit/537.36 (KHTML, like Gecko) Chrome/117.0.5938.132 Safari/537.36"
64.120.92.56 - - [29/Jul/2026:02:20:51 +0800] "POST /wp-cron.php?doing_wp_cron=1785262851.7503750324249267578125 HTTP/1.1" 200 0 "-" "WordPress/7.0.2; https://kitchensolusion.com"
216.73.216.175 - - [29/Jul/2026:02:20:51 +0800] "GET /?p=3503 HTTP/2" 301 0 "-" "Mozilla/5.0 AppleWebKit/537.36 (KHTML, like Gecko; compatible; ClaudeBot/1.0; +claudebot@anthropic.com)"
216.73.216.175 - - [29/Jul/2026:02:20:52 +0800] "GET /chat-08111-9296-333-terima-jual-beli-barang-bekas-restoran-cafe-resto-di-tanah-kusir/ HTTP/2" 200 16034 "https://kitchensolusion.com/?p=3503" "Mozilla/5.0 AppleWebKit/537.36 (KHTML, like Gecko; compatible; ClaudeBot/1.0; +claudebot@anthropic.com)"
216.73.216.175 - - [29/Jul/2026:02:24:31 +0800] "GET /category/jual-beli-peralatan-restoran-bekas-di-kedoya/page/2/ HTTP/2" 200 14489 "-" "Mozilla/5.0 AppleWebKit/537.36 (KHTML, like Gecko; compatible; ClaudeBot/1.0; +claudebot@anthropic.com)"
64.120.92.56 - - [29/Jul/2026:02:27:11 +0800] "POST /wp-cron.php?doing_wp_cron=1785263231.4130160808563232421875 HTTP/1.1" 200 0 "-" "WordPress/7.0.2; https://kitchensolusion.com"
216.73.216.175 - - [29/Jul/2026:02:27:10 +0800] "GET /chat-08111-9296-333-terima-jual-beli-barang-bekas-restoran-di-kedoya/ HTTP/2" 200 15998 "-" "Mozilla/5.0 AppleWebKit/537.36 (KHTML, like Gecko; compatible; ClaudeBot/1.0; +claudebot@anthropic.com)"
185.191.171.8 - - [29/Jul/2026:02:29:07 +0800] "GET /blog/page/20/ HTTP/1.1" 200 19062 "-" "Mozilla/5.0 (compatible; SemrushBot/7~bl; +http://www.semrush.com/bot.html)"
216.73.216.175 - - [29/Jul/2026:02:29:21 +0800] "GET /chat-08111-9296-333-terima-jual-beli-borongan-kitchen-equipment-bekas-restoran-di-kedoya/ HTTP/2" 200 16008 "-" "Mozilla/5.0 AppleWebKit/537.36 (KHTML, like Gecko; compatible; ClaudeBot/1.0; +claudebot@anthropic.com)"
64.120.92.56 - - [29/Jul/2026:02:32:42 +0800] "POST /wp-cron.php?doing_wp_cron=1785263562.5986061096191406250000 HTTP/1.1" 200 0 "-" "WordPress/7.0.2; https://kitchensolusion.com"
216.73.216.175 - - [29/Jul/2026:02:32:41 +0800] "GET /wa-08111-9296-333-jual-beli-peralatan-kitchen-cafe-bekas-di-kedoya/ HTTP/2" 200 15997 "-" "Mozilla/5.0 AppleWebKit/537.36 (KHTML, like Gecko; compatible; ClaudeBot/1.0; +claudebot@anthropic.com)"
68.67.112.150 - - [29/Jul/2026:02:32:51 +0800] "GET /robots.txt HTTP/1.1" 200 114 "-" "Mozilla/5.0 AppleWebKit/537.36 (KHTML, like Gecko; compatible; YouBot/1.0; +https://docs.you.com/youbot; env:prod) Chrome/142.0.0.0 Safari/537.36"
68.67.112.150 - - [29/Jul/2026:02:32:53 +0800] "GET /chat-08111-9296-333-terima-jual-beli-borongan-kitchen-equipment-bekas-restoran-di-cilandak/ HTTP/1.1" 200 16002 "-" "Mozilla/5.0 AppleWebKit/537.36 (KHTML, like Gecko; compatible; YouBot/1.0; +https://docs.you.com/youbot; env:prod) Chrome/142.0.0.0 Safari/537.36"
185.191.171.17 - - [29/Jul/2026:02:33:00 +0800] "GET /category/jual-beli-barang-bekas-restoran-di-cinere/ HTTP/1.1" 200 19126 "-" "Mozilla/5.0 (compatible; SemrushBot/7~bl; +http://www.semrush.com/bot.html)"
185.191.171.5 - - [29/Jul/2026:02:33:14 +0800] "GET /category/jual-beli-borongan-bekas-restoran-di-bogor-timur/ HTTP/1.1" 200 17999 "-" "Mozilla/5.0 (compatible; SemrushBot/7~bl; +http://www.semrush.com/bot.html)"
216.73.216.175 - - [29/Jul/2026:02:34:51 +0800] "GET /chat-08111-9296-333-terima-jual-beli-barang-bekas-restoran-cafe-resto-di-tanah-kusir/feed/ HTTP/2" 200 531 "-" "Mozilla/5.0 AppleWebKit/537.36 (KHTML, like Gecko; compatible; ClaudeBot/1.0; +claudebot@anthropic.com)"
216.244.66.250 - - [29/Jul/2026:02:35:45 +0800] "GET /robots.txt HTTP/1.1" 200 177 "-" "Mozilla/5.0 (compatible; DotBot/1.2; +https://opensiteexplorer.org/dotbot; help@moz.com)"
185.191.171.7 - - [29/Jul/2026:02:35:48 +0800] "GET /author/admin/page/117/ HTTP/1.1" 200 19119 "-" "Mozilla/5.0 (compatible; SemrushBot/7~bl; +http://www.semrush.com/bot.html)"
216.73.216.175 - - [29/Jul/2026:02:35:55 +0800] "GET /?p=2500 HTTP/2" 301 0 "-" "Mozilla/5.0 AppleWebKit/537.36 (KHTML, like Gecko; compatible; ClaudeBot/1.0; +claudebot@anthropic.com)"
216.73.216.175 - - [29/Jul/2026:02:35:56 +0800] "GET /wa-08111-9296-333-jual-beli-borongan-barang-bekas-alat-restoran-di-kedoya/ HTTP/2" 200 15942 "https://kitchensolusion.com/?p=2500" "Mozilla/5.0 AppleWebKit/537.36 (KHTML, like Gecko; compatible; ClaudeBot/1.0; +claudebot@anthropic.com)"
216.73.216.175 - - [29/Jul/2026:02:36:40 +0800] "GET /chat-08111-9296-333-terima-jual-beli-equipment-restoran-hotel-di-kedoya/ HTTP/2" 200 15953 "-" "Mozilla/5.0 AppleWebKit/537.36 (KHTML, like Gecko; compatible; ClaudeBot/1.0; +claudebot@anthropic.com)"
216.73.216.175 - - [29/Jul/2026:02:37:49 +0800] "GET /wa-08111-9296-333-jual-beli-peralatan-dapur-restoran-stainless-bekas-di-kedoya/ HTTP/2" 200 16012 "-" "Mozilla/5.0 AppleWebKit/537.36 (KHTML, like Gecko; compatible; ClaudeBot/1.0; +claudebot@anthropic.com)"
216.73.216.175 - - [29/Jul/2026:02:37:59 +0800] "GET /wa-08111-9296-333-jual-beli-borongan-barang-bekas-restoran-ex-cafe-dan-resto-di-kedoya/ HTTP/2" 200 15947 "-" "Mozilla/5.0 AppleWebKit/537.36 (KHTML, like Gecko; compatible; ClaudeBot/1.0; +claudebot@anthropic.com)"
79.117.164.80 - - [29/Jul/2026:02:38:46 +0800] "GET /jual-beli-borongan-barang-ex-restoran-temukan-penawaran-terbaik-cilandak/ HTTP/1.1" 200 18013 "-" "Mozilla/5.0 (Macintosh; Intel Mac OS X 12_6_0) AppleWebKit/537.36 (KHTML, like Gecko) Chrome/132.0.6834.83 Safari/537.36"
85.208.96.194 - - [29/Jul/2026:02:38:50 +0800] "GET /author/admin/page/60/ HTTP/1.1" 200 19727 "-" "Mozilla/5.0 (compatible; SemrushBot/7~bl; +http://www.semrush.com/bot.html)"
216.73.216.175 - - [29/Jul/2026:02:39:06 +0800] "GET /sitemap_index.xml HTTP/2" 200 317 "-" "Mozilla/5.0 AppleWebKit/537.36 (KHTML, like Gecko; compatible; ClaudeBot/1.0; +claudebot@anthropic.com)"
64.120.92.56 - - [29/Jul/2026:02:42:17 +0800] "POST /wp-cron.php?doing_wp_cron=1785264137.3876171112060546875000 HTTP/1.1" 200 0 "-" "WordPress/7.0.2; https://kitchensolusion.com"
85.208.96.204 - - [29/Jul/2026:02:42:16 +0800] "GET /robots.txt HTTP/1.1" 200 130 "-" "Mozilla/5.0 (compatible; SemrushBot/7~bl; +http://www.semrush.com/bot.html)"
85.208.96.193 - - [29/Jul/2026:02:42:18 +0800] "GET /category/jual-beli-barang-bekas-restoran-di-kemiri/ HTTP/1.1" 200 17404 "-" "Mozilla/5.0 (compatible; SemrushBot/7~bl; +http://www.semrush.com/bot.html)"
64.120.92.56 - - [29/Jul/2026:02:47:40 +0800] "POST /wp-cron.php?doing_wp_cron=1785264460.5352449417114257812500 HTTP/1.1" 200 0 "-" "WordPress/7.0.2; https://kitchensolusion.com"
216.244.66.250 - - [29/Jul/2026:02:47:39 +0800] "GET /chat-08111-9296-333-terima-jual-beli-equipment-restoran-hotel-di-ciracas/ HTTP/1.1" 200 61616 "-" "Mozilla/5.0 (compatible; DotBot/1.2; +https://opensiteexplorer.org/dotbot; help@moz.com)"
216.244.66.250 - - [29/Jul/2026:02:47:46 +0800] "GET /wa-08111-9296-333-jual-beli-perkakas-dapur-restoran-di-pondok-ranji/ HTTP/1.1" 200 61542 "-" "Mozilla/5.0 (compatible; DotBot/1.2; +https://opensiteexplorer.org/dotbot; help@moz.com)"
216.244.66.250 - - [29/Jul/2026:02:48:16 +0800] "GET /chat-08111-9296-333-terima-jual-beli-alat-restoran-bekas-di-jakarta-barat/ HTTP/1.1" 200 61730 "-" "Mozilla/5.0 (compatible; DotBot/1.2; +https://opensiteexplorer.org/dotbot; help@moz.com)"
216.244.66.250 - - [29/Jul/2026:02:48:22 +0800] "GET /jual-beli-lelang-barang-bekas-restoran-cafe-kitchen-equipment-di-penjaringan/ HTTP/1.1" 200 61661 "-" "Mozilla/5.0 (compatible; DotBot/1.2; +https://opensiteexplorer.org/dotbot; help@moz.com)"
64.120.92.56 - - [29/Jul/2026:02:53:07 +0800] "POST /wp-cron.php?doing_wp_cron=1785264787.1776371002197265625000 HTTP/1.1" 200 0 "-" "WordPress/7.0.2; https://kitchensolusion.com"
68.67.112.0 - - [29/Jul/2026:02:53:06 +0800] "GET /robots.txt HTTP/1.1" 200 114 "-" "Mozilla/5.0 AppleWebKit/537.36 (KHTML, like Gecko; compatible; YouBot/1.0; +https://docs.you.com/youbot; env:prod) Chrome/142.0.0.0 Safari/537.36"
68.67.112.0 - - [29/Jul/2026:02:53:08 +0800] "GET /category/jual-beli-lelang-barang-bekas-restoran-jakarta/ HTTP/1.1" 200 14151 "-" "Mozilla/5.0 AppleWebKit/537.36 (KHTML, like Gecko; compatible; YouBot/1.0; +https://docs.you.com/youbot; env:prod) Chrome/142.0.0.0 Safari/537.36"
40.160.252.80 - - [29/Jul/2026:02:54:18 +0800] "GET / HTTP/2" 200 13703 "-" "Mozilla/5.0 (Windows NT 10.0; Win64; x64) AppleWebKit/537.36 (KHTML, like Gecko) Chrome/131.0.0.0 Safari/537.36"
64.120.92.56 - - [29/Jul/2026:02:57:01 +0800] "POST /wp-cron.php?doing_wp_cron=1785265021.3708291053771972656250 HTTP/1.1" 200 0 "-" "WordPress/7.0.2; https://kitchensolusion.com"
216.73.216.175 - - [29/Jul/2026:02:57:00 +0800] "GET /wa-08111-9296-333-jual-beli-ex-resto-terdekat-di-citra-raya/ HTTP/2" 200 15965 "-" "Mozilla/5.0 AppleWebKit/537.36 (KHTML, like Gecko; compatible; ClaudeBot/1.0; +claudebot@anthropic.com)"
216.73.216.175 - - [29/Jul/2026:02:57:01 +0800] "GET /?p=2296 HTTP/2" 301 0 "-" "Mozilla/5.0 AppleWebKit/537.36 (KHTML, like Gecko; compatible; ClaudeBot/1.0; +claudebot@anthropic.com)"
216.73.216.175 - - [29/Jul/2026:02:57:02 +0800] "GET /wa-08111-9296-333-jual-beli-borongan-barang-bekas-alat-restoran-di-gambir/ HTTP/2" 200 15936 "https://kitchensolusion.com/?p=2296" "Mozilla/5.0 AppleWebKit/537.36 (KHTML, like Gecko; compatible; ClaudeBot/1.0; +claudebot@anthropic.com)"
216.73.216.175 - - [29/Jul/2026:02:58:46 +0800] "GET /wa-08111-9296-333-jual-beli-peralatan-dapur-restoran-stainless-bekas-di-citra-raya/ HTTP/2" 200 15980 "-" "Mozilla/5.0 AppleWebKit/537.36 (KHTML, like Gecko; compatible; ClaudeBot/1.0; +claudebot@anthropic.com)"
85.208.96.206 - - [29/Jul/2026:02:59:28 +0800] "GET /author/admin/page/66/ HTTP/1.1" 200 19299 "-" "Mozilla/5.0 (compatible; SemrushBot/7~bl; +http://www.semrush.com/bot.html)"
216.73.216.175 - - [29/Jul/2026:02:59:33 +0800] "GET /category/jual-beli-peralatan-restoran-bekas-di-citra-raya/feed/ HTTP/2" 200 4278 "-" "Mozilla/5.0 AppleWebKit/537.36 (KHTML, like Gecko; compatible; ClaudeBot/1.0; +claudebot@anthropic.com)"
64.120.92.56 - - [29/Jul/2026:03:00:56 +0800] "POST /wp-cron.php?doing_wp_cron=1785265256.9073059558868408203125 HTTP/1.1" 200 0 "-" "WordPress/7.0.2; https://kitchensolusion.com"
216.73.216.175 - - [29/Jul/2026:03:00:56 +0800] "GET /wa-08111-9296-333-jual-beli-borongan-barang-bekas-alat-restoran-di-citra-raya/ HTTP/2" 200 15950 "-" "Mozilla/5.0 AppleWebKit/537.36 (KHTML, like Gecko; compatible; ClaudeBot/1.0; +claudebot@anthropic.com)"
157.55.39.53 - - [29/Jul/2026:03:01:07 +0800] "GET /08111-9296-333-terima-jual-beli-barang-bekas-restoran-di-tambora/ HTTP/2" 200 15889 "-" "Mozilla/5.0 AppleWebKit/537.36 (KHTML, like Gecko; compatible; bingbot/2.0; +http://www.bing.com/bingbot.htm) Chrome/116.0.1938.76 Safari/537.36"
216.73.216.175 - - [29/Jul/2026:03:01:12 +0800] "GET /wa-08111-9296-333-jual-beli-barang-bekas-restoran-di-citra-raya/ HTTP/2" 200 16019 "-" "Mozilla/5.0 AppleWebKit/537.36 (KHTML, like Gecko; compatible; ClaudeBot/1.0; +claudebot@anthropic.com)"
216.73.216.175 - - [29/Jul/2026:03:02:14 +0800] "GET /wa-08111-9296-333-jual-beli-barang-bekas-restoran-cafe-kitchen-equipment-di-citra-raya/ HTTP/2" 200 15957 "-" "Mozilla/5.0 AppleWebKit/537.36 (KHTML, like Gecko; compatible; ClaudeBot/1.0; +claudebot@anthropic.com)"
74.7.228.36 - - [29/Jul/2026:03:02:46 +0800] "GET /robots.txt HTTP/2" 200 114 "-" "Mozilla/5.0 (Macintosh; Intel Mac OS X 10_15_7) AppleWebKit/537.36 (KHTML, like Gecko) Chrome/131.0.0.0 Safari/537.36; compatible; OAI-SearchBot/1.4; robots.txt; +https://openai.com/searchbot"
74.7.243.44 - - [29/Jul/2026:03:02:46 +0800] "GET / HTTP/2" 200 13703 "-" "Mozilla/5.0 (Macintosh; Intel Mac OS X 10_15_7) AppleWebKit/537.36 (KHTML, like Gecko) Chrome/131.0.0.0 Safari/537.36; compatible; OAI-SearchBot/1.4; +https://openai.com/searchbot"
216.73.216.175 - - [29/Jul/2026:03:05:11 +0800] "GET /wa-08111-9296-333-jual-beli-peralatan-kitchen-cafe-bekas-di-citra-raya/ HTTP/2" 200 15968 "-" "Mozilla/5.0 AppleWebKit/537.36 (KHTML, like Gecko; compatible; ClaudeBot/1.0; +claudebot@anthropic.com)"
216.73.216.175 - - [29/Jul/2026:03:05:26 +0800] "GET /wa-08111-9296-333-jual-beli-perkakas-dapur-restoran-di-citra-raya/ HTTP/2" 200 16036 "-" "Mozilla/5.0 AppleWebKit/537.36 (KHTML, like Gecko; compatible; ClaudeBot/1.0; +claudebot@anthropic.com)"
64.120.92.56 - - [29/Jul/2026:03:06:06 +0800] "POST /wp-cron.php?doing_wp_cron=1785265566.7051599025726318359375 HTTP/1.1" 200 0 "-" "WordPress/7.0.2; https://kitchensolusion.com"
185.191.171.2 - - [29/Jul/2026:03:06:05 +0800] "GET /author/admin/page/128/ HTTP/1.1" 200 18504 "-" "Mozilla/5.0 (compatible; SemrushBot/7~bl; +http://www.semrush.com/bot.html)"
216.73.216.175 - - [29/Jul/2026:03:07:02 +0800] "GET /wa-08111-9296-333-jual-beli-barang-bekas-restoran-cafe-kitchen-equipment-di-citra-raya/feed/ HTTP/2" 200 524 "-" "Mozilla/5.0 AppleWebKit/537.36 (KHTML, like Gecko; compatible; ClaudeBot/1.0; +claudebot@anthropic.com)"
85.208.96.202 - - [29/Jul/2026:03:07:38 +0800] "GET /blog/page/30/ HTTP/1.1" 200 19229 "-" "Mozilla/5.0 (compatible; SemrushBot/7~bl; +http://www.semrush.com/bot.html)"
216.73.216.175 - - [29/Jul/2026:03:07:48 +0800] "GET /?p=2082 HTTP/2" 301 0 "-" "Mozilla/5.0 AppleWebKit/537.36 (KHTML, like Gecko; compatible; ClaudeBot/1.0; +claudebot@anthropic.com)"
216.73.216.175 - - [29/Jul/2026:03:07:50 +0800] "GET /wa-08111-9296-333-jual-beli-barang-bekas-restoran-cafe-kitchen-equipment-di-citra-raya/ HTTP/2" 429 0 "https://kitchensolusion.com/?p=2082" "Mozilla/5.0 AppleWebKit/537.36 (KHTML, like Gecko; compatible; ClaudeBot/1.0; +claudebot@anthropic.com)"
216.73.216.175 - - [29/Jul/2026:03:07:57 +0800] "GET /wa-08111-9296-333-jual-beli-borongan-barang-bekas-restoran-ex-cafe-dan-resto-di-citra-raya/ HTTP/2" 429 0 "-" "Mozilla/5.0 AppleWebKit/537.36 (KHTML, like Gecko; compatible; ClaudeBot/1.0; +claudebot@anthropic.com)"
216.73.216.175 - - [29/Jul/2026:03:09:03 +0800] "GET /wa-08111-9296-333-jual-beli-alat-dapur-bekas-restoran-di-citra-raya/ HTTP/2" 200 15946 "-" "Mozilla/5.0 AppleWebKit/537.36 (KHTML, like Gecko; compatible; ClaudeBot/1.0; +claudebot@anthropic.com)"
173.252.82.36 - - [29/Jul/2026:03:09:21 +0800] "GET /wp-content/uploads/2023/06/layanan4-1024x1024.webp HTTP/2" 429 0 "-" "meta-externalagent/1.1 (+https://developers.facebook.com/docs/sharing/webmasters/crawler)"
64.120.92.56 - - [29/Jul/2026:03:11:42 +0800] "POST /wp-cron.php?doing_wp_cron=1785265902.5382759571075439453125 HTTP/1.1" 200 0 "-" "WordPress/7.0.2; https://kitchensolusion.com"
216.73.216.175 - - [29/Jul/2026:03:11:41 +0800] "GET /wa-08111-9296-333-jual-beli-borongan-barang-bekas-alat-restoran-di-gambir/ HTTP/2" 200 15936 "-" "Mozilla/5.0 AppleWebKit/537.36 (KHTML, like Gecko; compatible; ClaudeBot/1.0; +claudebot@anthropic.com)"
