216.73.216.175 - - [28/Jul/2026:22:07:19 +0800] "GET /?p=2684 HTTP/2" 301 0 "-" "Mozilla/5.0 AppleWebKit/537.36 (KHTML, like Gecko; compatible; ClaudeBot/1.0; +claudebot@anthropic.com)"
216.73.216.175 - - [28/Jul/2026:22:07:20 +0800] "GET /wa-08111-9296-333-jual-beli-borongan-peralatan-restoran-bekas-di-jakarta/ HTTP/2" 429 0 "https://kitchensolusion.com/?p=2684" "Mozilla/5.0 AppleWebKit/537.36 (KHTML, like Gecko; compatible; ClaudeBot/1.0; +claudebot@anthropic.com)"
216.73.216.175 - - [28/Jul/2026:22:07:51 +0800] "GET /?p=3962 HTTP/2" 429 0 "-" "Mozilla/5.0 AppleWebKit/537.36 (KHTML, like Gecko; compatible; ClaudeBot/1.0; +claudebot@anthropic.com)"
216.73.216.175 - - [28/Jul/2026:22:07:56 +0800] "GET /wa-08111-9296-333-jual-beli-borongan-peralatan-restoran-bekas-di-jakarta/feed/ HTTP/2" 429 0 "-" "Mozilla/5.0 AppleWebKit/537.36 (KHTML, like Gecko; compatible; ClaudeBot/1.0; +claudebot@anthropic.com)"
216.244.66.250 - - [28/Jul/2026:22:08:20 +0800] "GET /robots.txt HTTP/1.1" 200 177 "-" "Mozilla/5.0 (compatible; DotBot/1.2; +https://opensiteexplorer.org/dotbot; help@moz.com)"
52.167.144.173 - - [28/Jul/2026:22:10:21 +0800] "GET /category/terima-jual-beli-borongan-barang-bekas-restoran-mampang-prapatan/ HTTP/2" 200 14712 "-" "Mozilla/5.0 AppleWebKit/537.36 (KHTML, like Gecko; compatible; bingbot/2.0; +http://www.bing.com/bingbot.htm) Chrome/116.0.1938.76 Safari/537.36"
64.120.92.56 - - [28/Jul/2026:22:10:48 +0800] "POST /wp-cron.php?doing_wp_cron=1785247848.5837190151214599609375 HTTP/1.1" 200 0 "-" "WordPress/7.0.2; https://kitchensolusion.com"
216.73.216.175 - - [28/Jul/2026:22:10:47 +0800] "GET /?p=2680 HTTP/2" 301 0 "-" "Mozilla/5.0 AppleWebKit/537.36 (KHTML, like Gecko; compatible; ClaudeBot/1.0; +claudebot@anthropic.com)"
216.73.216.175 - - [28/Jul/2026:22:10:48 +0800] "GET /wa-08111-9296-333-jual-beli-borongan-alat-restoran-bekas-di-jakarta/ HTTP/2" 429 0 "https://kitchensolusion.com/?p=2680" "Mozilla/5.0 AppleWebKit/537.36 (KHTML, like Gecko; compatible; ClaudeBot/1.0; +claudebot@anthropic.com)"
216.73.216.175 - - [28/Jul/2026:22:12:57 +0800] "GET /?p=1842 HTTP/2" 301 0 "-" "Mozilla/5.0 AppleWebKit/537.36 (KHTML, like Gecko; compatible; ClaudeBot/1.0; +claudebot@anthropic.com)"
216.73.216.175 - - [28/Jul/2026:22:12:58 +0800] "GET /jual-beli-alat-dapur-bekas-restoran-di-klender/ HTTP/2" 429 0 "https://kitchensolusion.com/?p=1842" "Mozilla/5.0 AppleWebKit/537.36 (KHTML, like Gecko; compatible; ClaudeBot/1.0; +claudebot@anthropic.com)"
216.73.216.175 - - [28/Jul/2026:22:13:21 +0800] "GET /?p=3646 HTTP/2" 429 0 "-" "Mozilla/5.0 AppleWebKit/537.36 (KHTML, like Gecko; compatible; ClaudeBot/1.0; +claudebot@anthropic.com)"
205.169.39.27 - - [28/Jul/2026:22:14:36 +0800] "GET / HTTP/1.1" 200 13703 "-" "Mozilla/5.0 (Windows NT 10.0; Win64; x64) AppleWebKit/537.36 (KHTML, like Gecko) Chrome/117.0.5938.132 Safari/537.36"
205.169.39.27 - - [28/Jul/2026:22:14:48 +0800] "GET / HTTP/1.1" 200 13703 "-" "Mozilla/5.0 (Windows NT 10.0; Win64; x64) AppleWebKit/537.36 (KHTML, like Gecko) Chrome/117.0.5938.132 Safari/537.36"
64.120.92.56 - - [28/Jul/2026:22:18:12 +0800] "POST /wp-cron.php?doing_wp_cron=1785248292.2401399612426757812500 HTTP/1.1" 200 0 "-" "WordPress/7.0.2; https://kitchensolusion.com"
216.73.216.175 - - [28/Jul/2026:22:18:11 +0800] "GET /?p=2277 HTTP/2" 301 0 "-" "Mozilla/5.0 AppleWebKit/537.36 (KHTML, like Gecko; compatible; ClaudeBot/1.0; +claudebot@anthropic.com)"
216.73.216.175 - - [28/Jul/2026:22:18:12 +0800] "GET /wa-08111-9296-333-jual-beli-peralatan-restoran-bekas-di-serdang/ HTTP/2" 429 0 "https://kitchensolusion.com/?p=2277" "Mozilla/5.0 AppleWebKit/537.36 (KHTML, like Gecko; compatible; ClaudeBot/1.0; +claudebot@anthropic.com)"
64.120.92.56 - - [28/Jul/2026:22:20:35 +0800] "POST /wp-cron.php?doing_wp_cron=1785248435.3812379837036132812500 HTTP/1.1" 200 0 "-" "WordPress/7.0.2; https://kitchensolusion.com"
216.244.66.250 - - [28/Jul/2026:22:20:34 +0800] "GET /jual-beli-lelang-alat-dapur-di-bintaro/ HTTP/1.1" 200 60585 "-" "Mozilla/5.0 (compatible; DotBot/1.2; +https://opensiteexplorer.org/dotbot; help@moz.com)"
216.244.66.250 - - [28/Jul/2026:22:20:43 +0800] "GET /chat-08111-9296-333-terima-jual-beli-equipment-restoran-hotel-di-cisoka/ HTTP/1.1" 200 61592 "-" "Mozilla/5.0 (compatible; DotBot/1.2; +https://opensiteexplorer.org/dotbot; help@moz.com)"
216.244.66.250 - - [28/Jul/2026:22:20:58 +0800] "GET /jual-beli-barang-bekas-restoran-di-bintaro/ HTTP/1.1" 200 60688 "-" "Mozilla/5.0 (compatible; DotBot/1.2; +https://opensiteexplorer.org/dotbot; help@moz.com)"
216.73.216.175 - - [28/Jul/2026:22:21:09 +0800] "GET /?p=2685 HTTP/2" 301 0 "-" "Mozilla/5.0 AppleWebKit/537.36 (KHTML, like Gecko; compatible; ClaudeBot/1.0; +claudebot@anthropic.com)"
216.73.216.175 - - [28/Jul/2026:22:21:11 +0800] "GET /wa-08111-9296-333-jual-beli-borongan-barang-bekas-restoran-di-jakarta/ HTTP/2" 429 0 "https://kitchensolusion.com/?p=2685" "Mozilla/5.0 AppleWebKit/537.36 (KHTML, like Gecko; compatible; ClaudeBot/1.0; +claudebot@anthropic.com)"
40.77.167.79 - - [28/Jul/2026:22:21:23 +0800] "GET /home/jual-beli-borongan-alat-kitchen-bekas-restauran-di-jakarta-pusat/di-menteng/ HTTP/2" 200 14736 "-" "Mozilla/5.0 AppleWebKit/537.36 (KHTML, like Gecko; compatible; bingbot/2.0; +http://www.bing.com/bingbot.htm) Chrome/116.0.1938.76 Safari/537.36"
216.244.66.250 - - [28/Jul/2026:22:21:30 +0800] "GET /wa-08111-9296-333-jual-beli-lelang-borongan-bekas-restoran-di-rempoa/ HTTP/1.1" 200 61470 "-" "Mozilla/5.0 (compatible; DotBot/1.2; +https://opensiteexplorer.org/dotbot; help@moz.com)"
216.244.66.250 - - [28/Jul/2026:22:22:02 +0800] "GET /chat-08111-9296-333-terima-jual-beli-borongan-kitchen-equipment-bekas-restoran-di-pluit/ HTTP/1.1" 200 62104 "-" "Mozilla/5.0 (compatible; DotBot/1.2; +https://opensiteexplorer.org/dotbot; help@moz.com)"
216.244.66.250 - - [28/Jul/2026:22:22:33 +0800] "GET /chat-08111-9296-333-terima-jual-beli-borongan-peralatan-restoran-bekas-di-ciracas/ HTTP/1.1" 200 61905 "-" "Mozilla/5.0 (compatible; DotBot/1.2; +https://opensiteexplorer.org/dotbot; help@moz.com)"
85.208.96.195 - - [28/Jul/2026:22:22:49 +0800] "GET /robots.txt HTTP/1.1" 200 130 "-" "Mozilla/5.0 (compatible; SemrushBot/7~bl; +http://www.semrush.com/bot.html)"
85.208.96.198 - - [28/Jul/2026:22:22:51 +0800] "GET /blog/page/62/ HTTP/1.1" 200 19428 "-" "Mozilla/5.0 (compatible; SemrushBot/7~bl; +http://www.semrush.com/bot.html)"
216.244.66.250 - - [28/Jul/2026:22:23:02 +0800] "GET /chat-08111-9296-333-terima-jual-beli-equipment-restoran-hotel-di-pondok-aren/ HTTP/1.1" 200 61408 "-" "Mozilla/5.0 (compatible; DotBot/1.2; +https://opensiteexplorer.org/dotbot; help@moz.com)"
216.244.66.250 - - [28/Jul/2026:22:23:31 +0800] "GET /wa-08111-9296-333-jual-beli-barang-bekas-restoran-cafe-kitchen-equipment-di-karawaci/ HTTP/1.1" 200 61981 "-" "Mozilla/5.0 (compatible; DotBot/1.2; +https://opensiteexplorer.org/dotbot; help@moz.com)"
216.73.216.175 - - [28/Jul/2026:22:23:54 +0800] "GET /?p=1843 HTTP/2" 301 0 "-" "Mozilla/5.0 AppleWebKit/537.36 (KHTML, like Gecko; compatible; ClaudeBot/1.0; +claudebot@anthropic.com)"
216.73.216.175 - - [28/Jul/2026:22:23:55 +0800] "GET /jual-beli-alat-dapur-bekas-restoran-di-cakung/ HTTP/2" 429 0 "https://kitchensolusion.com/?p=1843" "Mozilla/5.0 AppleWebKit/537.36 (KHTML, like Gecko; compatible; ClaudeBot/1.0; +claudebot@anthropic.com)"
216.244.66.250 - - [28/Jul/2026:22:23:58 +0800] "GET /wa-08111-9296-333-jual-beli-borongan-barang-bekas-alat-restoran-di-kemayoran/ HTTP/1.1" 200 61776 "-" "Mozilla/5.0 (compatible; DotBot/1.2; +https://opensiteexplorer.org/dotbot; help@moz.com)"
216.244.66.250 - - [28/Jul/2026:22:24:24 +0800] "GET /category/jual-beli-barang-bekas-restoran-di-cinere/page/1/ HTTP/1.1" 301 0 "-" "Mozilla/5.0 (compatible; DotBot/1.2; +https://opensiteexplorer.org/dotbot; help@moz.com)"
216.73.216.175 - - [28/Jul/2026:22:25:23 +0800] "GET /?p=12139 HTTP/2" 301 0 "-" "Mozilla/5.0 AppleWebKit/537.36 (KHTML, like Gecko; compatible; ClaudeBot/1.0; +claudebot@anthropic.com)"
216.73.216.175 - - [28/Jul/2026:22:25:24 +0800] "GET /jual-beli-borongan-alat-kitchen-bekas-restoran-di-kabupaten-tangerang/jual-beli-borongan-alat-kitchen-bekas-restoran-di-cisoka/ HTTP/2" 429 0 "https://kitchensolusion.com/?p=12139" "Mozilla/5.0 AppleWebKit/537.36 (KHTML, like Gecko; compatible; ClaudeBot/1.0; +claudebot@anthropic.com)"
64.120.92.56 - - [28/Jul/2026:22:25:39 +0800] "POST /wp-cron.php?doing_wp_cron=1785248739.3430259227752685546875 HTTP/1.1" 200 0 "-" "WordPress/7.0.2; https://kitchensolusion.com"
45.146.192.214 - - [28/Jul/2026:22:25:38 +0800] "GET /wp-login.php HTTP/1.1" 200 2821 "-" "Mozilla/5.0 (Windows NT 10.0; Win64; x64) AppleWebKit/537.36 (KHTML, like Gecko) Chrome/150.0.0.0 Safari/537.36"
45.146.192.214 - - [28/Jul/2026:22:25:40 +0800] "POST /wp-login.php HTTP/1.1" 200 2927 "https://kitchensolusion.com/wp-login.php" "Mozilla/5.0 (Windows NT 10.0; Win64; x64) AppleWebKit/537.36 (KHTML, like Gecko) Chrome/150.0.0.0 Safari/537.36"
216.73.216.175 - - [28/Jul/2026:22:28:07 +0800] "GET /chat-08111-9296-333-terima-jual-beli-alat-restoran-bekas-di-koja/feed/ HTTP/2" 200 529 "-" "Mozilla/5.0 AppleWebKit/537.36 (KHTML, like Gecko; compatible; ClaudeBot/1.0; +claudebot@anthropic.com)"
52.167.144.161 - - [28/Jul/2026:22:30:05 +0800] "GET /chat-08111-9296-333-terima-jual-beli-borongan-barang-bekas-restoran-di-setiabudi/ HTTP/2" 200 15915 "-" "Mozilla/5.0 AppleWebKit/537.36 (KHTML, like Gecko; compatible; bingbot/2.0; +http://www.bing.com/bingbot.htm) Chrome/116.0.1938.76 Safari/537.36"
220.181.108.155 - - [28/Jul/2026:22:31:12 +0800] "GET /chat-08111-9296-333-terima-jual-beli-barang-bekas-restoran-cafe-resto-di-larangan/ HTTP/2" 200 17977 "-" "Mozilla/5.0 (compatible; Baiduspider/2.0; +http://www.baidu.com/search/spider.html)"
216.73.163.32 - - [28/Jul/2026:22:34:05 +0800] "GET // HTTP/1.1" 301 0 "-" "Mozilla/5.0 (Macintosh; Intel Mac OS X 10_15_7) AppleWebKit/537.36 (KHTML, like Gecko) Chrome/125.0.0.0 Safari/537.36"
216.73.163.32 - - [28/Jul/2026:22:34:07 +0800] "GET / HTTP/1.1" 200 15326 "-" "Mozilla/5.0 (Macintosh; Intel Mac OS X 10_15_7) AppleWebKit/537.36 (KHTML, like Gecko) Chrome/125.0.0.0 Safari/537.36"
216.73.163.32 - - [28/Jul/2026:22:34:12 +0800] "GET //wp-json/batch/v1 HTTP/1.1" 404 118 "-" "Mozilla/5.0 (Macintosh; Intel Mac OS X 10_15_7) AppleWebKit/537.36 (KHTML, like Gecko) Chrome/125.0.0.0 Safari/537.36"
216.73.163.32 - - [28/Jul/2026:22:34:17 +0800] "GET //?rest_route=/batch/v1 HTTP/1.1" 404 118 "-" "Mozilla/5.0 (Windows NT 10.0; Win64; x64) AppleWebKit/537.36 (KHTML, like Gecko) Chrome/124.0.0.0 Safari/537.36"
216.73.216.175 - - [28/Jul/2026:22:34:27 +0800] "GET /sitemap_index.xml HTTP/2" 200 317 "-" "Mozilla/5.0 AppleWebKit/537.36 (KHTML, like Gecko; compatible; ClaudeBot/1.0; +claudebot@anthropic.com)"
64.120.92.56 - - [28/Jul/2026:22:36:34 +0800] "POST /wp-cron.php?doing_wp_cron=1785249394.2820179462432861328125 HTTP/1.1" 200 0 "-" "WordPress/7.0.2; https://kitchensolusion.com"
68.67.112.222 - - [28/Jul/2026:22:36:33 +0800] "GET /robots.txt HTTP/1.1" 200 114 "-" "Mozilla/5.0 AppleWebKit/537.36 (KHTML, like Gecko; compatible; YouBot/1.0; +https://docs.you.com/youbot; env:prod) Chrome/142.0.0.0 Safari/537.36"
68.67.112.222 - - [28/Jul/2026:22:36:35 +0800] "GET /category/jual-beli-barang-bekas-restoran-di-bekasi-timur/ HTTP/1.1" 200 14506 "-" "Mozilla/5.0 AppleWebKit/537.36 (KHTML, like Gecko; compatible; YouBot/1.0; +https://docs.you.com/youbot; env:prod) Chrome/142.0.0.0 Safari/537.36"
185.191.171.5 - - [28/Jul/2026:22:37:00 +0800] "GET /blog/page/151/ HTTP/1.1" 200 18697 "-" "Mozilla/5.0 (compatible; SemrushBot/7~bl; +http://www.semrush.com/bot.html)"
64.120.92.56 - - [28/Jul/2026:22:46:55 +0800] "POST /wp-cron.php?doing_wp_cron=1785250015.8117139339447021484375 HTTP/1.1" 200 0 "-" "WordPress/7.0.2; https://kitchensolusion.com"
185.191.171.3 - - [28/Jul/2026:22:46:54 +0800] "GET /blog/page/24/ HTTP/1.1" 200 19142 "-" "Mozilla/5.0 (compatible; SemrushBot/7~bl; +http://www.semrush.com/bot.html)"
64.120.92.56 - - [28/Jul/2026:22:54:31 +0800] "POST /wp-cron.php?doing_wp_cron=1785250471.0667319297790527343750 HTTP/1.1" 200 0 "-" "WordPress/7.0.2; https://kitchensolusion.com"
95.108.213.178 - - [28/Jul/2026:22:54:30 +0800] "GET /robots.txt HTTP/1.1" 200 177 "-" "Mozilla/5.0 (compatible; YandexBot/3.0; +http://yandex.com/bots)"
213.180.203.87 - - [28/Jul/2026:22:54:32 +0800] "GET /chat-08111-9296-333-terima-jual-beli-borongan-peralatan-restoran-bekas-di-jakarta/ HTTP/2" 200 17969 "-" "Mozilla/5.0 (compatible; YandexBot/3.0; +http://yandex.com/bots)"
64.120.92.56 - - [28/Jul/2026:22:56:48 +0800] "POST /wp-cron.php?doing_wp_cron=1785250608.3108251094818115234375 HTTP/1.1" 200 0 "-" "WordPress/7.0.2; https://kitchensolusion.com"
95.108.213.82 - - [28/Jul/2026:22:56:47 +0800] "GET /chat-08111-9296-333-terima-jual-beli-borongan-kitchen-equipment-bekas-restoran-di-cimanggis/ HTTP/2" 200 18015 "-" "Mozilla/5.0 (compatible; YandexBot/3.0; +http://yandex.com/bots)"
85.208.96.208 - - [28/Jul/2026:22:58:41 +0800] "GET /galeri/ HTTP/1.1" 200 12633 "-" "Mozilla/5.0 (compatible; SemrushBot/7~bl; +http://www.semrush.com/bot.html)"
64.120.92.56 - - [28/Jul/2026:23:01:07 +0800] "POST /wp-cron.php?doing_wp_cron=1785250867.8292469978332519531250 HTTP/1.1" 200 0 "-" "WordPress/7.0.2; https://kitchensolusion.com"
4.182.232.137 - - [28/Jul/2026:23:01:07 +0800] "POST /wp-login.php HTTP/1.1" 200 3212 "-" "Mozilla/5.0 (Windows NT 10.0; Win64; x64) AppleWebKit/537.36 Chrome/129.0.0.0 Safari/537.36"
4.182.232.137 - - [28/Jul/2026:23:01:07 +0800] "POST /wp-login.php HTTP/1.1" 200 3212 "-" "Mozilla/5.0 (Windows NT 10.0; Win64; x64) AppleWebKit/537.36 Chrome/129.0.0.0 Safari/537.36"
213.180.203.112 - - [28/Jul/2026:23:01:51 +0800] "GET /chat-08111-9296-333-terima-jual-beli-barang-bekas-restoran-cafe-resto-di-ciracas/ HTTP/2" 200 17950 "-" "Mozilla/5.0 (compatible; YandexBot/3.0; +http://yandex.com/bots)"
216.73.216.175 - - [28/Jul/2026:23:04:30 +0800] "GET /robots.txt HTTP/2" 200 114 "-" "Mozilla/5.0 AppleWebKit/537.36 (KHTML, like Gecko; compatible; ClaudeBot/1.0; +claudebot@anthropic.com)"
97.74.93.24 - - [28/Jul/2026:23:04:38 +0800] "POST /xmlrpc.php HTTP/1.1" 200 216 "-" "Mozilla/5.0 (Windows NT 10.0; Win64; x64) AppleWebKit/537.36 (KHTML, like Gecko) Chrome/150.0.0.0 Safari/537.36"
216.73.216.175 - - [28/Jul/2026:23:04:58 +0800] "GET /chat-08111-9296-333-terima-jual-beli-barang-bekas-restoran-di-cibodas/feed/ HTTP/2" 200 518 "-" "Mozilla/5.0 AppleWebKit/537.36 (KHTML, like Gecko; compatible; ClaudeBot/1.0; +claudebot@anthropic.com)"
216.73.216.175 - - [28/Jul/2026:23:04:59 +0800] "GET /?p=3536 HTTP/2" 301 0 "-" "Mozilla/5.0 AppleWebKit/537.36 (KHTML, like Gecko; compatible; ClaudeBot/1.0; +claudebot@anthropic.com)"
216.73.216.175 - - [28/Jul/2026:23:05:01 +0800] "GET /chat-08111-9296-333-terima-jual-beli-barang-bekas-restoran-di-cibodas/ HTTP/2" 200 15906 "https://kitchensolusion.com/?p=3536" "Mozilla/5.0 AppleWebKit/537.36 (KHTML, like Gecko; compatible; ClaudeBot/1.0; +claudebot@anthropic.com)"
4.182.232.137 - - [28/Jul/2026:23:05:13 +0800] "POST /wp-login.php HTTP/1.1" 200 3212 "-" "Mozilla/5.0 (Windows NT 10.0; Win64; x64) AppleWebKit/537.36 Chrome/129.0.0.0 Safari/537.36"
4.182.232.137 - - [28/Jul/2026:23:05:13 +0800] "POST /wp-login.php HTTP/1.1" 200 3212 "-" "Mozilla/5.0 (Windows NT 10.0; Win64; rv:143.0) Gecko/20100101 Firefox/143.0"
64.120.92.56 - - [28/Jul/2026:23:05:37 +0800] "POST /wp-cron.php?doing_wp_cron=1785251137.3699960708618164062500 HTTP/1.1" 200 0 "-" "WordPress/7.0.2; https://kitchensolusion.com"
35.151.190.151 - - [28/Jul/2026:23:05:36 +0800] "GET /chat-08111-9296-333-terima-jual-beli-borongan-kitchen-equipment-bekas-restoran-di-tanjung-priuk/ HTTP/1.1" 200 18031 "-" "Mozilla/5.0 (Macintosh; Intel Mac OS X 10_15_7) AppleWebKit/537.36 (KHTML, like Gecko) Chrome/134.0.6998.45 Safari/537.36"
4.182.232.137 - - [28/Jul/2026:23:08:46 +0800] "POST /wp-login.php HTTP/1.1" 200 3191 "-" "Mozilla/5.0 (Macintosh; Intel Mac OS X 10_15_7) AppleWebKit/605.1.15 Version/17.0 Safari/605.1.15"
4.182.232.137 - - [28/Jul/2026:23:08:46 +0800] "POST /wp-login.php HTTP/1.1" 200 3193 "-" "Mozilla/5.0 (Windows NT 10.0; Win64; rv:143.0) Gecko/20100101 Firefox/143.0"
216.73.216.175 - - [28/Jul/2026:23:09:36 +0800] "GET /?p=3537 HTTP/2" 301 0 "-" "Mozilla/5.0 AppleWebKit/537.36 (KHTML, like Gecko; compatible; ClaudeBot/1.0; +claudebot@anthropic.com)"
216.73.216.175 - - [28/Jul/2026:23:09:37 +0800] "GET /chat-08111-9296-333-terima-jual-beli-alat-restoran-bekas-di-cibodas/ HTTP/2" 200 15928 "https://kitchensolusion.com/?p=3537" "Mozilla/5.0 AppleWebKit/537.36 (KHTML, like Gecko; compatible; ClaudeBot/1.0; +claudebot@anthropic.com)"
85.208.96.212 - - [28/Jul/2026:23:09:43 +0800] "GET /blog/page/135/ HTTP/1.1" 200 18095 "-" "Mozilla/5.0 (compatible; SemrushBot/7~bl; +http://www.semrush.com/bot.html)"
216.73.216.175 - - [28/Jul/2026:23:09:47 +0800] "GET /?p=3534 HTTP/2" 301 0 "-" "Mozilla/5.0 AppleWebKit/537.36 (KHTML, like Gecko; compatible; ClaudeBot/1.0; +claudebot@anthropic.com)"
216.73.216.175 - - [28/Jul/2026:23:09:48 +0800] "GET /chat-08111-9296-333-terima-jual-beli-borongan-barang-bekas-restoran-di-cibodas/ HTTP/2" 200 15909 "https://kitchensolusion.com/?p=3534" "Mozilla/5.0 AppleWebKit/537.36 (KHTML, like Gecko; compatible; ClaudeBot/1.0; +claudebot@anthropic.com)"
220.181.108.94 - - [28/Jul/2026:23:12:30 +0800] "GET /wa-08111-9296-333-jual-beli-barang-bekas-restoran-di-jakarta/ HTTP/2" 200 17986 "-" "Mozilla/5.0 (compatible; Baiduspider/2.0; +http://www.baidu.com/search/spider.html)"
4.182.232.137 - - [28/Jul/2026:23:12:35 +0800] "POST /wp-login.php HTTP/1.1" 200 3193 "-" "Mozilla/5.0 (Windows NT 10.0; Win64; rv:143.0) Gecko/20100101 Firefox/143.0"
4.182.232.137 - - [28/Jul/2026:23:12:35 +0800] "POST /wp-login.php HTTP/1.1" 200 3190 "-" "Mozilla/5.0 (Windows NT 10.0; Win64; x64) AppleWebKit/537.36 Chrome/129.0.0.0 Safari/537.36"
62.210.185.4 - - [28/Jul/2026:23:13:46 +0800] "POST /xmlrpc.php HTTP/1.1" 200 216 "-" "Mozilla/5.0 (Windows NT 10.0; Win64; x64) AppleWebKit/537.36 (KHTML, like Gecko) Chrome/150.0.0.0 Safari/537.36"
64.120.92.56 - - [28/Jul/2026:23:16:28 +0800] "POST /wp-cron.php?doing_wp_cron=1785251788.3995349407196044921875 HTTP/1.1" 200 0 "-" "WordPress/7.0.2; https://kitchensolusion.com"
4.182.232.137 - - [28/Jul/2026:23:16:27 +0800] "POST /wp-login.php HTTP/1.1" 200 3193 "-" "Mozilla/5.0 (Windows NT 10.0; Win64; x64) AppleWebKit/537.36 Chrome/129.0.0.0 Safari/537.36"
4.182.232.137 - - [28/Jul/2026:23:16:27 +0800] "POST /wp-login.php HTTP/1.1" 200 3190 "-" "Mozilla/5.0 (Windows NT 10.0; Win64; x64) AppleWebKit/537.36 Chrome/129.0.0.0 Safari/537.36"
160.153.252.100 - - [28/Jul/2026:23:19:45 +0800] "GET /wp-login.php HTTP/1.1" 200 2821 "-" "Mozilla/5.0 (Windows NT 10.0; Win64; x64) AppleWebKit/537.36 (KHTML, like Gecko) Chrome/150.0.0.0 Safari/537.36"
185.191.171.3 - - [28/Jul/2026:23:19:45 +0800] "GET /author/admin/page/97/ HTTP/1.1" 200 19077 "-" "Mozilla/5.0 (compatible; SemrushBot/7~bl; +http://www.semrush.com/bot.html)"
160.153.252.100 - - [28/Jul/2026:23:19:46 +0800] "POST /wp-login.php HTTP/1.1" 200 2928 "https://kitchensolusion.com/wp-login.php" "Mozilla/5.0 (Windows NT 10.0; Win64; x64) AppleWebKit/537.36 (KHTML, like Gecko) Chrome/150.0.0.0 Safari/537.36"
4.182.232.137 - - [28/Jul/2026:23:19:58 +0800] "POST /wp-login.php HTTP/1.1" 200 3193 "-" "Mozilla/5.0 (Macintosh; Intel Mac OS X 10_15_7) AppleWebKit/605.1.15 Version/17.0 Safari/605.1.15"
4.182.232.137 - - [28/Jul/2026:23:19:58 +0800] "POST /wp-login.php HTTP/1.1" 200 3193 "-" "Mozilla/5.0 (Macintosh; Intel Mac OS X 10_15_7) AppleWebKit/605.1.15 Version/17.0 Safari/605.1.15"
64.120.92.56 - - [28/Jul/2026:23:20:36 +0800] "POST /wp-cron.php?doing_wp_cron=1785252036.5583620071411132812500 HTTP/1.1" 200 0 "-" "WordPress/7.0.2; https://kitchensolusion.com"
91.126.186.45 - - [28/Jul/2026:23:20:35 +0800] "GET /jual-beli-peralatan-restoran-bekas-di-sawah-besar/ HTTP/1.1" 200 17888 "-" "Mozilla/5.0 (Windows NT 10.0; Win64; x64) AppleWebKit/537.36 (KHTML, like Gecko) Chrome/129.0.6668.58 Safari/537.36"
63.34.153.202 - - [28/Jul/2026:23:21:20 +0800] "GET /wp-login.php HTTP/1.1" 200 2812 "-" "Mozilla/5.0 (Windows NT 10.0; Win64; x64) AppleWebKit/537.36 (KHTML, like Gecko) Chrome/150.0.0.0 Safari/537.36"
63.34.153.202 - - [28/Jul/2026:23:21:22 +0800] "POST /wp-login.php HTTP/1.1" 200 2928 "https://kitchensolusion.com/wp-login.php" "Mozilla/5.0 (Windows NT 10.0; Win64; x64) AppleWebKit/537.36 (KHTML, like Gecko) Chrome/150.0.0.0 Safari/537.36"
95.108.213.184 - - [28/Jul/2026:23:21:32 +0800] "GET /chat-08111-9296-333-terima-jual-beli-barang-bekas-restoran-cafe-resto-di-jatiasih/ HTTP/2" 200 17988 "-" "Mozilla/5.0 (compatible; YandexBot/3.0; +http://yandex.com/bots)"
68.67.112.215 - - [28/Jul/2026:23:23:08 +0800] "GET /robots.txt HTTP/1.1" 200 114 "-" "Mozilla/5.0 AppleWebKit/537.36 (KHTML, like Gecko; compatible; YouBot/1.0; +https://docs.you.com/youbot; env:prod) Chrome/142.0.0.0 Safari/537.36"
68.67.112.215 - - [28/Jul/2026:23:23:11 +0800] "GET /category/jual-beli-barang-bekas-restoran-di-rawalumbu/ HTTP/1.1" 200 14469 "-" "Mozilla/5.0 AppleWebKit/537.36 (KHTML, like Gecko; compatible; YouBot/1.0; +https://docs.you.com/youbot; env:prod) Chrome/142.0.0.0 Safari/537.36"
4.182.232.137 - - [28/Jul/2026:23:23:44 +0800] "POST /wp-login.php HTTP/1.1" 200 3212 "-" "Mozilla/5.0 (Windows NT 10.0; Win64; rv:143.0) Gecko/20100101 Firefox/143.0"
4.182.232.137 - - [28/Jul/2026:23:23:44 +0800] "POST /wp-login.php HTTP/1.1" 200 3212 "-" "Mozilla/5.0 (Windows NT 10.0; Win64; x64) AppleWebKit/537.36 Chrome/129.0.0.0 Safari/537.36"
64.120.92.56 - - [28/Jul/2026:23:25:32 +0800] "POST /wp-cron.php?doing_wp_cron=1785252332.1702799797058105468750 HTTP/1.1" 200 0 "-" "WordPress/7.0.2; https://kitchensolusion.com"
66.228.141.205 - - [28/Jul/2026:23:25:31 +0800] "POST /xmlrpc.php HTTP/1.1" 200 216 "-" "Mozilla/5.0 (Windows NT 10.0; Win64; x64) AppleWebKit/537.36 (KHTML, like Gecko) Chrome/150.0.0.0 Safari/537.36"
216.73.216.175 - - [28/Jul/2026:23:27:08 +0800] "GET /chat-08111-9296-333-terima-jual-beli-equipment-restoran-hotel-di-cibodas/feed/ HTTP/2" 200 523 "-" "Mozilla/5.0 AppleWebKit/537.36 (KHTML, like Gecko; compatible; ClaudeBot/1.0; +claudebot@anthropic.com)"
4.182.232.137 - - [28/Jul/2026:23:27:16 +0800] "POST /wp-login.php HTTP/1.1" 200 3212 "-" "Mozilla/5.0 (Macintosh; Intel Mac OS X 10_15_7) AppleWebKit/605.1.15 Version/17.0 Safari/605.1.15"
4.182.232.137 - - [28/Jul/2026:23:27:16 +0800] "POST /wp-login.php HTTP/1.1" 200 3191 "-" "Mozilla/5.0 (Macintosh; Intel Mac OS X 10_15_7) AppleWebKit/605.1.15 Version/17.0 Safari/605.1.15"
216.73.216.175 - - [28/Jul/2026:23:27:23 +0800] "GET /?p=3532 HTTP/2" 301 0 "-" "Mozilla/5.0 AppleWebKit/537.36 (KHTML, like Gecko; compatible; ClaudeBot/1.0; +claudebot@anthropic.com)"
216.73.216.175 - - [28/Jul/2026:23:27:24 +0800] "GET /chat-08111-9296-333-terima-jual-beli-equipment-restoran-hotel-di-cibodas/ HTTP/2" 200 15973 "https://kitchensolusion.com/?p=3532" "Mozilla/5.0 AppleWebKit/537.36 (KHTML, like Gecko; compatible; ClaudeBot/1.0; +claudebot@anthropic.com)"
85.208.96.199 - - [28/Jul/2026:23:29:01 +0800] "GET /robots.txt HTTP/1.1" 200 130 "-" "Mozilla/5.0 (compatible; SemrushBot/7~bl; +http://www.semrush.com/bot.html)"
85.208.96.209 - - [28/Jul/2026:23:29:03 +0800] "GET /author/admin/page/20/ HTTP/1.1" 200 19245 "-" "Mozilla/5.0 (compatible; SemrushBot/7~bl; +http://www.semrush.com/bot.html)"
4.182.232.137 - - [28/Jul/2026:23:30:37 +0800] "POST /wp-login.php HTTP/1.1" 200 3193 "-" "Mozilla/5.0 (Windows NT 10.0; Win64; x64) AppleWebKit/537.36 Chrome/129.0.0.0 Safari/537.36"
64.120.92.56 - - [28/Jul/2026:23:30:38 +0800] "POST /wp-cron.php?doing_wp_cron=1785252638.4333019256591796875000 HTTP/1.1" 200 0 "-" "WordPress/7.0.2; https://kitchensolusion.com"
4.182.232.137 - - [28/Jul/2026:23:30:37 +0800] "POST /wp-login.php HTTP/1.1" 200 3193 "-" "Mozilla/5.0 (Macintosh; Intel Mac OS X 10_15_7) AppleWebKit/605.1.15 Version/17.0 Safari/605.1.15"
66.249.66.37 - - [28/Jul/2026:23:33:41 +0800] "GET /robots.txt HTTP/1.1" 301 0 "-" "Mozilla/5.0 (compatible; Googlebot/2.1; +http://www.google.com/bot.html)"
66.249.71.192 - - [28/Jul/2026:23:33:42 +0800] "GET /robots.txt HTTP/1.1" 200 114 "-" "Mozilla/5.0 (compatible; Googlebot/2.1; +http://www.google.com/bot.html)"
66.249.71.135 - - [28/Jul/2026:23:33:44 +0800] "GET / HTTP/1.1" 301 0 "-" "Mozilla/5.0 (Linux; Android 6.0.1; Nexus 5X Build/MMB29P) AppleWebKit/537.36 (KHTML, like Gecko) Chrome/150.0.7871.128 Mobile Safari/537.36 (compatible; Googlebot/2.1; +http://www.google.com/bot.html)"
66.249.71.192 - - [28/Jul/2026:23:33:45 +0800] "GET / HTTP/1.1" 200 13713 "-" "Mozilla/5.0 (Linux; Android 6.0.1; Nexus 5X Build/MMB29P) AppleWebKit/537.36 (KHTML, like Gecko) Chrome/150.0.7871.128 Mobile Safari/537.36 (compatible; Googlebot/2.1; +http://www.google.com/bot.html)"
4.182.232.137 - - [28/Jul/2026:23:34:20 +0800] "POST /wp-login.php HTTP/1.1" 200 3193 "-" "Mozilla/5.0 (Macintosh; Intel Mac OS X 10_15_7) AppleWebKit/605.1.15 Version/17.0 Safari/605.1.15"
4.182.232.137 - - [28/Jul/2026:23:34:20 +0800] "POST /wp-login.php HTTP/1.1" 200 3193 "-" "Mozilla/5.0 (Macintosh; Intel Mac OS X 10_15_7) AppleWebKit/605.1.15 Version/17.0 Safari/605.1.15"
66.249.66.160 - - [28/Jul/2026:23:34:33 +0800] "GET /wp-content/plugins/click-to-chat-for-whatsapp/new/inc/assets/js/app.js?ver=4.28 HTTP/1.1" 200 3558 "https://kitchensolusion.com/" "Mozilla/5.0 (Linux; Android 6.0.1; Nexus 5X Build/MMB29P) AppleWebKit/537.36 (KHTML, like Gecko) Chrome/150.0.7871.128 Mobile Safari/537.36 (compatible; Googlebot/2.1; +http://www.google.com/bot.html)"
66.249.66.35 - - [28/Jul/2026:23:34:39 +0800] "GET /wp-content/plugins/elementor/assets/js/text-editor.abc8f59c62f2820dc25a.bundle.min.js HTTP/1.1" 200 672 "https://kitchensolusion.com/" "Mozilla/5.0 (Linux; Android 6.0.1; Nexus 5X Build/MMB29P) AppleWebKit/537.36 (KHTML, like Gecko) Chrome/150.0.7871.128 Mobile Safari/537.36 (compatible; Googlebot/2.1; +http://www.google.com/bot.html)"
217.182.128.41 - - [28/Jul/2026:23:34:45 +0800] "POST /xmlrpc.php HTTP/1.1" 200 216 "-" "Mozilla/5.0 (Windows NT 10.0; Win64; x64) AppleWebKit/537.36 (KHTML, like Gecko) Chrome/150.0.0.0 Safari/537.36"
66.249.71.135 - - [28/Jul/2026:23:35:26 +0800] "GET / HTTP/1.1" 301 0 "-" "Mozilla/5.0 (Linux; Android 6.0.1; Nexus 5X Build/MMB29P) AppleWebKit/537.36 (KHTML, like Gecko) Chrome/99.0.4844.84 Mobile Safari/537.36 (compatible; Googlebot/2.1; +http://www.google.com/bot.html)"
66.249.66.34 - - [28/Jul/2026:23:35:27 +0800] "GET / HTTP/1.1" 200 13713 "-" "Mozilla/5.0 (Linux; Android 6.0.1; Nexus 5X Build/MMB29P) AppleWebKit/537.36 (KHTML, like Gecko) Chrome/99.0.4844.84 Mobile Safari/537.36 (compatible; Googlebot/2.1; +http://www.google.com/bot.html)"
64.120.92.56 - - [28/Jul/2026:23:35:36 +0800] "POST /wp-cron.php?doing_wp_cron=1785252936.7661008834838867187500 HTTP/1.1" 200 0 "-" "WordPress/7.0.2; https://kitchensolusion.com"
83.32.218.8 - - [28/Jul/2026:23:35:35 +0800] "GET /wa-08111-9296-333-jual-beli-peralatan-restoran-bekas-di-kenari/ HTTP/1.1" 200 17959 "-" "Mozilla/5.0 (Macintosh; Intel Mac OS X 12_7_3) AppleWebKit/537.36 (KHTML, like Gecko) Chrome/124.0.6367.82 Safari/537.36"
66.249.66.67 - - [28/Jul/2026:23:35:50 +0800] "GET / HTTP/1.1" 301 0 "-" "Mozilla/5.0 (compatible; Googlebot/2.1; +http://www.google.com/bot.html)"
66.249.66.77 - - [28/Jul/2026:23:35:51 +0800] "GET / HTTP/1.1" 200 13703 "-" "Mozilla/5.0 (compatible; Googlebot/2.1; +http://www.google.com/bot.html)"
66.249.66.168 - - [28/Jul/2026:23:35:59 +0800] "GET /wp-content/plugins/elementor/assets/css/widget-heading.min.css?ver=3.31.3 HTTP/1.1" 200 162 "https://kitchensolusion.com/" "Mozilla/5.0 (Linux; Android 6.0.1; Nexus 5X Build/MMB29P) AppleWebKit/537.36 (KHTML, like Gecko) Chrome/150.0.7871.124 Mobile Safari/537.36 (compatible; Googlebot/2.1; +http://www.google.com/bot.html)"
66.249.71.192 - - [28/Jul/2026:23:36:06 +0800] "GET /wp-content/plugins/elementor/assets/css/widget-spacer.min.css?ver=3.31.3 HTTP/1.1" 200 349 "https://kitchensolusion.com/" "Mozilla/5.0 AppleWebKit/537.36 (KHTML, like Gecko; compatible; Googlebot/2.1; +http://www.google.com/bot.html) Chrome/150.0.7871.124 Safari/537.36"
66.249.66.205 - - [28/Jul/2026:23:36:15 +0800] "GET /wp-content/plugins/elementor/assets/js/image-carousel.6167d20b95b33386757b.bundle.min.js HTTP/1.1" 200 280 "https://kitchensolusion.com/" "Mozilla/5.0 (Linux; Android 6.0.1; Nexus 5X Build/MMB29P) AppleWebKit/537.36 (KHTML, like Gecko) Chrome/150.0.7871.124 Mobile Safari/537.36 (compatible; Googlebot/2.1; +http://www.google.com/bot.html)"
66.249.66.205 - - [28/Jul/2026:23:36:19 +0800] "GET /wp-content/plugins/elementor/assets/js/image-carousel.6167d20b95b33386757b.bundle.min.js HTTP/1.1" 200 280 "https://kitchensolusion.com/" "Mozilla/5.0 AppleWebKit/537.36 (KHTML, like Gecko; compatible; Googlebot/2.1; +http://www.google.com/bot.html) Chrome/150.0.7871.124 Safari/537.36"
4.182.232.137 - - [28/Jul/2026:23:37:43 +0800] "POST /wp-login.php HTTP/1.1" 200 3193 "-" "Mozilla/5.0 (Windows NT 10.0; Win64; x64) AppleWebKit/537.36 Chrome/129.0.0.0 Safari/537.36"
4.182.232.137 - - [28/Jul/2026:23:37:43 +0800] "POST /wp-login.php HTTP/1.1" 200 3193 "-" "Mozilla/5.0 (Windows NT 10.0; Win64; x64) AppleWebKit/537.36 Chrome/129.0.0.0 Safari/537.36"
216.244.66.250 - - [28/Jul/2026:23:37:44 +0800] "GET /robots.txt HTTP/1.1" 200 177 "-" "Mozilla/5.0 (compatible; DotBot/1.2; +https://opensiteexplorer.org/dotbot; help@moz.com)"
68.67.112.39 - - [28/Jul/2026:23:39:45 +0800] "GET /robots.txt HTTP/1.1" 200 114 "-" "Mozilla/5.0 AppleWebKit/537.36 (KHTML, like Gecko; compatible; YouBot/1.0; +https://docs.you.com/youbot; env:prod) Chrome/142.0.0.0 Safari/537.36"
68.67.112.39 - - [28/Jul/2026:23:39:48 +0800] "GET /category/jual-beli-barang-bekas-restoran-di-grogol/ HTTP/1.1" 200 14437 "-" "Mozilla/5.0 AppleWebKit/537.36 (KHTML, like Gecko; compatible; YouBot/1.0; +https://docs.you.com/youbot; env:prod) Chrome/142.0.0.0 Safari/537.36"
192.250.227.149 - - [28/Jul/2026:23:39:51 +0800] "GET /wp-login.php HTTP/1.1" 200 2821 "-" "Mozilla/5.0 (Windows NT 10.0; Win64; x64) AppleWebKit/537.36 (KHTML, like Gecko) Chrome/150.0.0.0 Safari/537.36"
192.250.227.149 - - [28/Jul/2026:23:39:53 +0800] "POST /wp-login.php HTTP/1.1" 200 2928 "https://kitchensolusion.com/wp-login.php" "Mozilla/5.0 (Windows NT 10.0; Win64; x64) AppleWebKit/537.36 (KHTML, like Gecko) Chrome/150.0.0.0 Safari/537.36"
64.120.92.56 - - [28/Jul/2026:23:41:04 +0800] "POST /wp-cron.php?doing_wp_cron=1785253264.4074919223785400390625 HTTP/1.1" 200 0 "-" "WordPress/7.0.2; https://kitchensolusion.com"
4.182.232.137 - - [28/Jul/2026:23:41:03 +0800] "POST /wp-login.php HTTP/1.1" 200 3190 "-" "Mozilla/5.0 (Windows NT 10.0; Win64; rv:143.0) Gecko/20100101 Firefox/143.0"
4.182.232.137 - - [28/Jul/2026:23:41:03 +0800] "POST /wp-login.php HTTP/1.1" 200 3193 "-" "Mozilla/5.0 (Windows NT 10.0; Win64; x64) AppleWebKit/537.36 Chrome/129.0.0.0 Safari/537.36"
4.182.232.137 - - [28/Jul/2026:23:44:36 +0800] "POST /wp-login.php HTTP/1.1" 200 3212 "-" "Mozilla/5.0 (Macintosh; Intel Mac OS X 10_15_7) AppleWebKit/605.1.15 Version/17.0 Safari/605.1.15"
4.182.232.137 - - [28/Jul/2026:23:44:36 +0800] "POST /wp-login.php HTTP/1.1" 200 3212 "-" "Mozilla/5.0 (Windows NT 10.0; Win64; x64) AppleWebKit/537.36 Chrome/129.0.0.0 Safari/537.36"
64.120.92.56 - - [28/Jul/2026:23:45:42 +0800] "POST /wp-cron.php?doing_wp_cron=1785253542.1114499568939208984375 HTTP/1.1" 200 0 "-" "WordPress/7.0.2; https://kitchensolusion.com"
52.212.4.38 - - [28/Jul/2026:23:45:41 +0800] "POST /xmlrpc.php HTTP/1.1" 200 216 "-" "Mozilla/5.0 (Windows NT 10.0; Win64; x64) AppleWebKit/537.36 (KHTML, like Gecko) Chrome/150.0.0.0 Safari/537.36"
64.120.92.56 - - [28/Jul/2026:23:47:44 +0800] "POST /wp-cron.php?doing_wp_cron=1785253664.8020610809326171875000 HTTP/1.1" 200 0 "-" "WordPress/7.0.2; https://kitchensolusion.com"
4.182.232.137 - - [28/Jul/2026:23:47:44 +0800] "POST /wp-login.php HTTP/1.1" 200 3212 "-" "Mozilla/5.0 (Windows NT 10.0; Win64; rv:143.0) Gecko/20100101 Firefox/143.0"
64.120.92.56 - - [28/Jul/2026:23:47:44 +0800] "POST /wp-cron.php?doing_wp_cron=1785253664.8021349906921386718750 HTTP/1.1" 200 0 "-" "WordPress/7.0.2; https://kitchensolusion.com"
4.182.232.137 - - [28/Jul/2026:23:47:44 +0800] "POST /wp-login.php HTTP/1.1" 200 3212 "-" "Mozilla/5.0 (Windows NT 10.0; Win64; rv:143.0) Gecko/20100101 Firefox/143.0"
216.244.66.250 - - [28/Jul/2026:23:49:20 +0800] "GET /chat-08111-9296-333-terima-jual-beli-alat-restoran-bekas-di-balaraja/ HTTP/1.1" 200 61511 "-" "Mozilla/5.0 (compatible; DotBot/1.2; +https://opensiteexplorer.org/dotbot; help@moz.com)"
216.244.66.250 - - [28/Jul/2026:23:49:26 +0800] "GET /chat-08111-9296-333-terima-jual-beli-barang-bekas-restoran-di-jatinegara/ HTTP/1.1" 200 61666 "-" "Mozilla/5.0 (compatible; DotBot/1.2; +https://opensiteexplorer.org/dotbot; help@moz.com)"
216.244.66.250 - - [28/Jul/2026:23:49:32 +0800] "GET /jual-beli-alat-kitchen-ex-restoran-di-kecamatan-menteng/ HTTP/1.1" 200 61012 "-" "Mozilla/5.0 (compatible; DotBot/1.2; +https://opensiteexplorer.org/dotbot; help@moz.com)"
216.244.66.250 - - [28/Jul/2026:23:49:37 +0800] "GET /wa-08111-9296-333-jual-beli-alat-dapur-bekas-restoran-di-cikokol/ HTTP/1.1" 200 61419 "-" "Mozilla/5.0 (compatible; DotBot/1.2; +https://opensiteexplorer.org/dotbot; help@moz.com)"
216.244.66.250 - - [28/Jul/2026:23:49:43 +0800] "GET /chat-08111-9296-333-terima-jual-beli-barang-bekas-restoran-cafe-resto-di-kramat-jati/ HTTP/1.1" 200 62057 "-" "Mozilla/5.0 (compatible; DotBot/1.2; +https://opensiteexplorer.org/dotbot; help@moz.com)"
216.244.66.250 - - [28/Jul/2026:23:49:48 +0800] "GET /chat-08111-9296-333-terima-jual-beli-borongan-peralatan-restoran-bekas-di-cikupa/ HTTP/1.1" 200 61857 "-" "Mozilla/5.0 (compatible; DotBot/1.2; +https://opensiteexplorer.org/dotbot; help@moz.com)"
216.244.66.250 - - [28/Jul/2026:23:49:54 +0800] "GET /chat-08111-9296-333-terima-jual-beli-borongan-peralatan-restoran-bekas-di-kalideres/ HTTP/1.1" 200 62014 "-" "Mozilla/5.0 (compatible; DotBot/1.2; +https://opensiteexplorer.org/dotbot; help@moz.com)"
216.244.66.250 - - [28/Jul/2026:23:49:59 +0800] "GET /dapatkan-penawaran-terbaik-jual-beli-borongan-barang-ex-restoran-daan-mogot/ HTTP/1.1" 200 61544 "-" "Mozilla/5.0 (compatible; DotBot/1.2; +https://opensiteexplorer.org/dotbot; help@moz.com)"
64.120.92.56 - - [28/Jul/2026:23:50:42 +0800] "POST /wp-cron.php?doing_wp_cron=1785253842.0036211013793945312500 HTTP/1.1" 200 0 "-" "WordPress/7.0.2; https://kitchensolusion.com"
151.244.153.66 - - [28/Jul/2026:23:50:41 +0800] "GET /chat-08111-9296-333-terima-jual-beli-borongan-barang-bekas-restoran-di-makasar/ HTTP/1.1" 200 17955 "-" "Mozilla/5.0 (Macintosh; Intel Mac OS X 15_2_0) AppleWebKit/537.36 (KHTML, like Gecko) Chrome/125.0.6422.60 Safari/537.36"
4.182.232.137 - - [28/Jul/2026:23:50:55 +0800] "POST /wp-login.php HTTP/1.1" 200 3212 "-" "Mozilla/5.0 (Macintosh; Intel Mac OS X 10_15_7) AppleWebKit/605.1.15 Version/17.0 Safari/605.1.15"
4.182.232.137 - - [28/Jul/2026:23:50:55 +0800] "POST /wp-login.php HTTP/1.1" 200 3212 "-" "Mozilla/5.0 (Windows NT 10.0; Win64; x64) AppleWebKit/537.36 Chrome/129.0.0.0 Safari/537.36"
85.208.96.210 - - [28/Jul/2026:23:51:31 +0800] "GET /category/jual-beli-barang-bekas-restoran-di-palmerah/ HTTP/1.1" 200 17548 "-" "Mozilla/5.0 (compatible; SemrushBot/7~bl; +http://www.semrush.com/bot.html)"
192.250.239.173 - - [28/Jul/2026:23:52:26 +0800] "POST /xmlrpc.php HTTP/1.1" 200 216 "-" "Mozilla/5.0 (Windows NT 10.0; Win64; x64) AppleWebKit/537.36 (KHTML, like Gecko) Chrome/150.0.0.0 Safari/537.36"
220.181.108.92 - - [28/Jul/2026:23:53:30 +0800] "GET /jual-beli-perlengkapan-restoran-bekas-di-pademangan/ HTTP/2" 200 17884 "-" "Mozilla/5.0 (compatible; Baiduspider/2.0; +http://www.baidu.com/search/spider.html)"
4.182.232.137 - - [28/Jul/2026:23:54:23 +0800] "POST /wp-login.php HTTP/1.1" 200 3193 "-" "Mozilla/5.0 (Windows NT 10.0; Win64; rv:143.0) Gecko/20100101 Firefox/143.0"
4.182.232.137 - - [28/Jul/2026:23:54:23 +0800] "POST /wp-login.php HTTP/1.1" 200 3193 "-" "Mozilla/5.0 (Windows NT 10.0; Win64; x64) AppleWebKit/537.36 Chrome/129.0.0.0 Safari/537.36"
64.120.92.56 - - [28/Jul/2026:23:55:45 +0800] "POST /wp-cron.php?doing_wp_cron=1785254145.9202699661254882812500 HTTP/1.1" 200 0 "-" "WordPress/7.0.2; https://kitchensolusion.com"
185.191.171.18 - - [28/Jul/2026:23:55:45 +0800] "GET /category/jual-beli-barang-bekas-restoran-di-jambe/ HTTP/1.1" 200 17231 "-" "Mozilla/5.0 (compatible; SemrushBot/7~bl; +http://www.semrush.com/bot.html)"
188.165.193.149 - - [28/Jul/2026:23:55:52 +0800] "GET / HTTP/1.1" 200 15326 "-" "tranco-crawler/1.0"
4.182.232.137 - - [28/Jul/2026:23:57:25 +0800] "POST /wp-login.php HTTP/1.1" 200 3193 "-" "Mozilla/5.0 (Windows NT 10.0; Win64; x64) AppleWebKit/537.36 Chrome/129.0.0.0 Safari/537.36"
4.182.232.137 - - [28/Jul/2026:23:57:25 +0800] "POST /wp-login.php HTTP/1.1" 200 3193 "-" "Mozilla/5.0 (Windows NT 10.0; Win64; rv:143.0) Gecko/20100101 Firefox/143.0"
216.73.216.175 - - [28/Jul/2026:23:57:32 +0800] "GET /?p=1873 HTTP/2" 301 0 "-" "Mozilla/5.0 AppleWebKit/537.36 (KHTML, like Gecko; compatible; ClaudeBot/1.0; +claudebot@anthropic.com)"
216.73.216.175 - - [28/Jul/2026:23:57:33 +0800] "GET /jual-beli-alat-dapur-bekas-restoran-di-grogol-petamburan/ HTTP/2" 200 15966 "https://kitchensolusion.com/?p=1873" "Mozilla/5.0 AppleWebKit/537.36 (KHTML, like Gecko; compatible; ClaudeBot/1.0; +claudebot@anthropic.com)"
17.241.227.201 - - [28/Jul/2026:23:59:02 +0800] "GET /blog/page/10/ HTTP/2" 200 19483 "-" "Mozilla/5.0 (Macintosh; Intel Mac OS X 10_15_7) AppleWebKit/605.1.15 (KHTML, like Gecko) Version/17.4 Safari/605.1.15 (Applebot/0.1; +http://www.apple.com/go/applebot)"
85.208.96.196 - - [28/Jul/2026:23:59:49 +0800] "GET /author/admin/page/119/ HTTP/1.1" 200 18962 "-" "Mozilla/5.0 (compatible; SemrushBot/7~bl; +http://www.semrush.com/bot.html)"
17.241.219.169 - - [28/Jul/2026:23:59:59 +0800] "GET /wp-includes/js/jquery/jquery.min.js?ver=3.7.1 HTTP/2" 200 31405 "https://kitchensolusion.com/blog/page/10/" "Mozilla/5.0 (Macintosh; Intel Mac OS X 10_15_7) AppleWebKit/605.1.15 (KHTML, like Gecko) Version/17.4 Safari/605.1.15 (Applebot/0.1; +http://www.apple.com/go/applebot)"
17.241.219.169 - - [28/Jul/2026:23:59:59 +0800] "GET /wp-content/themes/landingpress-wp/assets/js/script.min.js?ver=3.4.7.2 HTTP/2" 200 8720 "https://kitchensolusion.com/blog/page/10/" "Mozilla/5.0 (Macintosh; Intel Mac OS X 10_15_7) AppleWebKit/605.1.15 (KHTML, like Gecko) Version/17.4 Safari/605.1.15 (Applebot/0.1; +http://www.apple.com/go/applebot)"
17.241.219.169 - - [29/Jul/2026:00:00:01 +0800] "GET /wp-includes/js/jquery/jquery-migrate.min.js?ver=3.4.1 HTTP/2" 200 4999 "https://kitchensolusion.com/blog/page/10/" "Mozilla/5.0 (Macintosh; Intel Mac OS X 10_15_7) AppleWebKit/605.1.15 (KHTML, like Gecko) Version/17.4 Safari/605.1.15 (Applebot/0.1; +http://www.apple.com/go/applebot)"
17.241.219.169 - - [29/Jul/2026:00:00:02 +0800] "GET /wp-content/plugins/click-to-chat-for-whatsapp/new/inc/assets/js/app.js?ver=4.28 HTTP/2" 200 3558 "https://kitchensolusion.com/blog/page/10/" "Mozilla/5.0 (Macintosh; Intel Mac OS X 10_15_7) AppleWebKit/605.1.15 (KHTML, like Gecko) Version/17.4 Safari/605.1.15 (Applebot/0.1; +http://www.apple.com/go/applebot)"
64.120.92.56 - - [29/Jul/2026:00:03:15 +0800] "POST /wp-cron.php?doing_wp_cron=1785254595.7579789161682128906250 HTTP/1.1" 200 0 "-" "WordPress/7.0.2; https://kitchensolusion.com"
64.120.92.56 - - [29/Jul/2026:00:03:15 +0800] "POST /wp-cron.php?doing_wp_cron=1785254595.7578709125518798828125 HTTP/1.1" 200 0 "-" "WordPress/7.0.2; https://kitchensolusion.com"
4.182.232.137 - - [29/Jul/2026:00:03:14 +0800] "POST /wp-login.php HTTP/1.1" 200 3193 "-" "Mozilla/5.0 (Macintosh; Intel Mac OS X 10_15_7) AppleWebKit/605.1.15 Version/17.0 Safari/605.1.15"
4.182.232.137 - - [29/Jul/2026:00:03:14 +0800] "POST /wp-login.php HTTP/1.1" 200 3193 "-" "Mozilla/5.0 (Windows NT 10.0; Win64; rv:143.0) Gecko/20100101 Firefox/143.0"
54.39.0.72 - - [29/Jul/2026:00:03:53 +0800] "GET /robots.txt HTTP/2" 200 114 "-" "Mozilla/5.0 (compatible; AhrefsBot/7.0; +http://ahrefs.com/robot/)"
198.244.168.61 - - [29/Jul/2026:00:03:55 +0800] "GET /tempat-terpercaya-jual-beli-borongan-barang-restoran-bekas-taman-sari/ HTTP/2" 200 15907 "-" "Mozilla/5.0 (compatible; AhrefsBot/7.0; +http://ahrefs.com/robot/)"
216.73.216.175 - - [29/Jul/2026:00:04:38 +0800] "GET /robots.txt HTTP/2" 200 114 "-" "Mozilla/5.0 AppleWebKit/537.36 (KHTML, like Gecko; compatible; ClaudeBot/1.0; +claudebot@anthropic.com)"
216.73.216.175 - - [29/Jul/2026:00:04:41 +0800] "GET /jual-beli-alat-dapur-bekas-restoran-di-grogol-petamburan/feed/ HTTP/2" 200 514 "-" "Mozilla/5.0 AppleWebKit/537.36 (KHTML, like Gecko; compatible; ClaudeBot/1.0; +claudebot@anthropic.com)"
64.120.92.56 - - [29/Jul/2026:00:05:59 +0800] "POST /wp-cron.php?doing_wp_cron=1785254759.2791628837585449218750 HTTP/1.1" 200 0 "-" "WordPress/7.0.2; https://kitchensolusion.com"
4.182.232.137 - - [29/Jul/2026:00:05:58 +0800] "POST /wp-login.php HTTP/1.1" 200 3212 "-" "Mozilla/5.0 (Windows NT 10.0; Win64; rv:143.0) Gecko/20100101 Firefox/143.0"
4.182.232.137 - - [29/Jul/2026:00:05:58 +0800] "POST /wp-login.php HTTP/1.1" 200 3212 "-" "Mozilla/5.0 (Windows NT 10.0; Win64; rv:143.0) Gecko/20100101 Firefox/143.0"
85.208.96.209 - - [29/Jul/2026:00:07:18 +0800] "GET /category/jual-beli-peralatan-restoran-bekas-di-pamulang/ HTTP/1.1" 200 18980 "-" "Mozilla/5.0 (compatible; SemrushBot/7~bl; +http://www.semrush.com/bot.html)"
52.167.144.181 - - [29/Jul/2026:00:07:29 +0800] "GET / HTTP/2" 200 13703 "-" "Mozilla/5.0 AppleWebKit/537.36 (KHTML, like Gecko; compatible; bingbot/2.0; +http://www.bing.com/bingbot.htm) Chrome/116.0.1938.76 Safari/537.36"
52.167.144.181 - - [29/Jul/2026:00:07:48 +0800] "GET /wp-content/plugins/elementor/assets/lib/eicons/fonts/eicons.woff?5.43.0 HTTP/2" 200 126860 "https://kitchensolusion.com/wp-content/plugins/elementor/assets/lib/eicons/css/elementor-icons.min.css?ver=5.43.0" "Mozilla/5.0 AppleWebKit/537.36 (KHTML, like Gecko; compatible; bingbot/2.0; +http://www.bing.com/bingbot.htm) Chrome/136.0.0.0 Safari/537.36 AppleWebKit/537.36 (KHTML, like Gecko; compatible; bingbot/2.0; +http://www.bing.com/bingbot.htm) Chrome/116.0.1938.76 Safari/537.36"
52.167.144.181 - - [29/Jul/2026:00:07:49 +0800] "GET /wp-content/plugins/elementor/assets/lib/eicons/fonts/eicons.ttf?5.43.0 HTTP/2" 200 230892 "https://kitchensolusion.com/wp-content/plugins/elementor/assets/lib/eicons/css/elementor-icons.min.css?ver=5.43.0" "Mozilla/5.0 AppleWebKit/537.36 (KHTML, like Gecko; compatible; bingbot/2.0; +http://www.bing.com/bingbot.htm) Chrome/136.0.0.0 Safari/537.36 AppleWebKit/537.36 (KHTML, like Gecko; compatible; bingbot/2.0; +http://www.bing.com/bingbot.htm) Chrome/116.0.1938.76 Safari/537.36"
52.167.144.161 - - [29/Jul/2026:00:07:52 +0800] "GET /wp-content/plugins/elementor/assets/lib/eicons/fonts/eicons.woff2?5.43.0 HTTP/2" 200 103208 "https://kitchensolusion.com/wp-content/plugins/elementor/assets/lib/eicons/css/elementor-icons.min.css?ver=5.43.0" "Mozilla/5.0 AppleWebKit/537.36 (KHTML, like Gecko; compatible; bingbot/2.0; +http://www.bing.com/bingbot.htm) Chrome/136.0.0.0 Safari/537.36 AppleWebKit/537.36 (KHTML, like Gecko; compatible; bingbot/2.0; +http://www.bing.com/bingbot.htm) Chrome/116.0.1938.76 Safari/537.36"
52.167.144.161 - - [29/Jul/2026:00:07:53 +0800] "GET /wp-content/uploads/elementor/google-fonts/fonts/roboto-fb5169d9.woff2 HTTP/2" 200 40128 "https://kitchensolusion.com/wp-content/uploads/elementor/google-fonts/css/roboto.css?ver=1756880823" "Mozilla/5.0 AppleWebKit/537.36 (KHTML, like Gecko; compatible; bingbot/2.0; +http://www.bing.com/bingbot.htm) Chrome/136.0.0.0 Safari/537.36 AppleWebKit/537.36 (KHTML, like Gecko; compatible; bingbot/2.0; +http://www.bing.com/bingbot.htm) Chrome/116.0.1938.76 Safari/537.36"
4.182.232.137 - - [29/Jul/2026:00:08:47 +0800] "POST /wp-login.php HTTP/1.1" 200 3193 "-" "Mozilla/5.0 (Macintosh; Intel Mac OS X 10_15_7) AppleWebKit/605.1.15 Version/17.0 Safari/605.1.15"
4.182.232.137 - - [29/Jul/2026:00:08:47 +0800] "POST /wp-login.php HTTP/1.1" 200 3212 "-" "Mozilla/5.0 (Windows NT 10.0; Win64; rv:143.0) Gecko/20100101 Firefox/143.0"
64.120.92.56 - - [29/Jul/2026:00:10:41 +0800] "POST /wp-cron.php?doing_wp_cron=1785255041.2307589054107666015625 HTTP/1.1" 200 0 "-" "WordPress/7.0.2; https://kitchensolusion.com"
185.191.171.2 - - [29/Jul/2026:00:10:40 +0800] "GET /category/jual-beli-borongan-barang-bekas-restoran-jakarta/page/24/ HTTP/1.1" 200 19127 "-" "Mozilla/5.0 (compatible; SemrushBot/7~bl; +http://www.semrush.com/bot.html)"
36.65.207.201 - - [29/Jul/2026:00:11:10 +0800] "GET /wa-08111-9296-333-jual-beli-peralatan-restoran-bekas-di-sawangan/ HTTP/1.1" 200 17957 "-" "Mozilla/5.0 (Macintosh; Intel Mac OS X 10.15; rv:134.0) Gecko/20100101 Firefox/134.0"
4.182.232.137 - - [29/Jul/2026:00:11:41 +0800] "POST /wp-login.php HTTP/1.1" 200 3190 "-" "Mozilla/5.0 (Windows NT 10.0; Win64; rv:143.0) Gecko/20100101 Firefox/143.0"
4.182.232.137 - - [29/Jul/2026:00:11:41 +0800] "POST /wp-login.php HTTP/1.1" 200 3193 "-" "Mozilla/5.0 (Windows NT 10.0; Win64; rv:143.0) Gecko/20100101 Firefox/143.0"
216.73.216.175 - - [29/Jul/2026:00:11:51 +0800] "GET /wa-08111-9296-333-jual-beli-borongan-barang-bekas-alat-restoran-di-kedoya/feed/ HTTP/2" 200 531 "-" "Mozilla/5.0 AppleWebKit/537.36 (KHTML, like Gecko; compatible; ClaudeBot/1.0; +claudebot@anthropic.com)"
68.67.112.131 - - [29/Jul/2026:00:13:22 +0800] "GET /robots.txt HTTP/1.1" 200 114 "-" "Mozilla/5.0 AppleWebKit/537.36 (KHTML, like Gecko; compatible; YouBot/1.0; +https://docs.you.com/youbot; env:prod) Chrome/142.0.0.0 Safari/537.36"
68.67.112.131 - - [29/Jul/2026:00:13:25 +0800] "GET /category/jual-beli-barang-bekas-restoran-di-cimone/ HTTP/1.1" 200 14711 "-" "Mozilla/5.0 AppleWebKit/537.36 (KHTML, like Gecko; compatible; YouBot/1.0; +https://docs.you.com/youbot; env:prod) Chrome/142.0.0.0 Safari/537.36"
216.73.216.175 - - [29/Jul/2026:00:14:20 +0800] "GET /chat-08111-9296-333-terima-jual-beli-barang-bekas-restoran-cafe-resto-di-tanah-kusir/ HTTP/2" 200 16034 "-" "Mozilla/5.0 AppleWebKit/537.36 (KHTML, like Gecko; compatible; ClaudeBot/1.0; +claudebot@anthropic.com)"
4.182.232.137 - - [29/Jul/2026:00:14:46 +0800] "POST /wp-login.php HTTP/1.1" 200 3190 "-" "Mozilla/5.0 (Windows NT 10.0; Win64; x64) AppleWebKit/537.36 Chrome/129.0.0.0 Safari/537.36"
4.182.232.137 - - [29/Jul/2026:00:14:46 +0800] "POST /wp-login.php HTTP/1.1" 200 3190 "-" "Mozilla/5.0 (Windows NT 10.0; Win64; rv:143.0) Gecko/20100101 Firefox/143.0"
216.73.216.175 - - [29/Jul/2026:00:14:51 +0800] "GET /wa-08111-9296-333-jual-beli-borongan-barang-bekas-alat-restoran-di-kedoya/ HTTP/2" 200 15940 "-" "Mozilla/5.0 AppleWebKit/537.36 (KHTML, like Gecko; compatible; ClaudeBot/1.0; +claudebot@anthropic.com)"
201.148.107.8 - - [29/Jul/2026:00:14:57 +0800] "POST /xmlrpc.php HTTP/1.1" 200 216 "-" "Mozilla/5.0 (Windows NT 10.0; Win64; x64) AppleWebKit/537.36 (KHTML, like Gecko) Chrome/150.0.0.0 Safari/537.36"
64.120.92.56 - - [29/Jul/2026:00:17:05 +0800] "POST /wp-cron.php?doing_wp_cron=1785255424.6757678985595703125000 HTTP/1.1" 200 0 "-" "WordPress/7.0.2; https://kitchensolusion.com"
216.73.216.175 - - [29/Jul/2026:00:17:01 +0800] "GET /category/jual-beli-peralatan-restoran-bekas-di-kedoya/ HTTP/2" 200 15042 "-" "Mozilla/5.0 AppleWebKit/537.36 (KHTML, like Gecko; compatible; ClaudeBot/1.0; +claudebot@anthropic.com)"
4.182.232.137 - - [29/Jul/2026:00:17:33 +0800] "POST /wp-login.php HTTP/1.1" 200 3190 "-" "Mozilla/5.0 (Windows NT 10.0; Win64; rv:143.0) Gecko/20100101 Firefox/143.0"
4.182.232.137 - - [29/Jul/2026:00:17:33 +0800] "POST /wp-login.php HTTP/1.1" 200 3193 "-" "Mozilla/5.0 (Windows NT 10.0; Win64; x64) AppleWebKit/537.36 Chrome/129.0.0.0 Safari/537.36"
216.73.216.175 - - [29/Jul/2026:00:18:28 +0800] "GET /chat-08111-9296-333-terima-jual-beli-barang-bekas-restoran-cafe-resto-di-tanah-kusir/feed/ HTTP/2" 200 531 "-" "Mozilla/5.0 AppleWebKit/537.36 (KHTML, like Gecko; compatible; ClaudeBot/1.0; +claudebot@anthropic.com)"
207.46.13.87 - - [29/Jul/2026:00:19:21 +0800] "GET /jual-beli-borongan-alat-dapur-di-bintaro/ HTTP/2" 200 15940 "-" "Mozilla/5.0 AppleWebKit/537.36 (KHTML, like Gecko; compatible; bingbot/2.0; +http://www.bing.com/bingbot.htm) Chrome/116.0.1938.76 Safari/537.36"
192.190.220.212 - - [29/Jul/2026:00:20:19 +0800] "GET /wp-login.php HTTP/1.1" 200 2821 "-" "Mozilla/5.0 (Windows NT 10.0; Win64; x64) AppleWebKit/537.36 (KHTML, like Gecko) Chrome/150.0.0.0 Safari/537.36"
192.190.220.212 - - [29/Jul/2026:00:20:21 +0800] "POST /wp-login.php HTTP/1.1" 200 2928 "https://kitchensolusion.com/wp-login.php" "Mozilla/5.0 (Windows NT 10.0; Win64; x64) AppleWebKit/537.36 (KHTML, like Gecko) Chrome/150.0.0.0 Safari/537.36"
4.182.232.137 - - [29/Jul/2026:00:20:22 +0800] "POST /wp-login.php HTTP/1.1" 200 3193 "-" "Mozilla/5.0 (Macintosh; Intel Mac OS X 10_15_7) AppleWebKit/605.1.15 Version/17.0 Safari/605.1.15"
4.182.232.137 - - [29/Jul/2026:00:20:22 +0800] "POST /wp-login.php HTTP/1.1" 200 3190 "-" "Mozilla/5.0 (Macintosh; Intel Mac OS X 10_15_7) AppleWebKit/605.1.15 Version/17.0 Safari/605.1.15"
185.191.171.17 - - [29/Jul/2026:00:20:23 +0800] "GET /blog/page/57/ HTTP/1.1" 200 19010 "-" "Mozilla/5.0 (compatible; SemrushBot/7~bl; +http://www.semrush.com/bot.html)"
64.120.92.56 - - [29/Jul/2026:00:20:59 +0800] "POST /wp-cron.php?doing_wp_cron=1785255659.7815411090850830078125 HTTP/1.1" 200 0 "-" "WordPress/7.0.2; https://kitchensolusion.com"
5.180.81.160 - - [29/Jul/2026:00:20:58 +0800] "GET /wp-login.php HTTP/1.1" 200 2821 "-" "Mozilla/5.0 (Windows NT 10.0; Win64; x64) AppleWebKit/537.36 (KHTML, like Gecko) Chrome/150.0.0.0 Safari/537.36"
