216.73.216.175 - - [29/Jul/2026:08:06:43 +0800] "GET /08111-9296-333-terima-jual-beli-alat-restoran-bekas-kitchen-di-palmerah/feed/ HTTP/2" 200 526 "-" "Mozilla/5.0 AppleWebKit/537.36 (KHTML, like Gecko; compatible; ClaudeBot/1.0; +claudebot@anthropic.com)"
85.208.96.202 - - [29/Jul/2026:08:07:13 +0800] "GET /category/jual-beli-kitchen-equipment-bekas/page/8/ HTTP/1.1" 200 15679 "-" "Mozilla/5.0 (compatible; SemrushBot/7~bl; +http://www.semrush.com/bot.html)"
64.120.92.56 - - [29/Jul/2026:08:12:57 +0800] "POST /wp-cron.php?doing_wp_cron=1785283977.8389201164245605468750 HTTP/1.1" 200 0 "-" "WordPress/7.0.2; https://kitchensolusion.com"
216.73.216.175 - - [29/Jul/2026:08:12:57 +0800] "GET /?p=4315 HTTP/2" 301 0 "-" "Mozilla/5.0 AppleWebKit/537.36 (KHTML, like Gecko; compatible; ClaudeBot/1.0; +claudebot@anthropic.com)"
216.73.216.175 - - [29/Jul/2026:08:12:58 +0800] "GET /chat-08111-9296-333-terima-jual-beli-borongan-kitchen-equipment-bekas-restoran-di-kelapa-dua/ HTTP/2" 429 0 "https://kitchensolusion.com/?p=4315" "Mozilla/5.0 AppleWebKit/537.36 (KHTML, like Gecko; compatible; ClaudeBot/1.0; +claudebot@anthropic.com)"
216.73.216.175 - - [29/Jul/2026:08:13:12 +0800] "GET /wa-08111-9296-333-jual-beli-barang-bekas-restoran-cafe-kitchen-equipment-di-kemayoran/ HTTP/2" 429 0 "-" "Mozilla/5.0 AppleWebKit/537.36 (KHTML, like Gecko; compatible; ClaudeBot/1.0; +claudebot@anthropic.com)"
64.120.92.56 - - [29/Jul/2026:08:15:56 +0800] "POST /wp-cron.php?doing_wp_cron=1785284156.2570290565490722656250 HTTP/1.1" 200 0 "-" "WordPress/7.0.2; https://kitchensolusion.com"
103.157.79.69 - - [29/Jul/2026:08:15:55 +0800] "GET /jual-beli-borongan-barang-bekas-restoran-ex-cafe-dan-resto-di-pinang-ranti/ HTTP/1.1" 200 17940 "-" "Mozilla/5.0 (Windows NT 10.0; WOW64; rv:129.0) Gecko/20100101 Firefox/129.0"
182.6.2.89 - - [29/Jul/2026:08:17:08 +0800] "GET /wp-content/uploads/2023/06/layanan12-1024x1024.webp HTTP/2" 200 71180 "https://www.google.com/" "Mozilla/5.0 (Linux; Android 10; MI 8 Build/QKQ1.190828.002; wv) AppleWebKit/537.36 (KHTML, like Gecko) Version/4.0 Chrome/150.0.7871.181 Mobile Safari/537.36 GoogleApp/17.0.4.ve.arm64"
185.191.171.9 - - [29/Jul/2026:08:17:43 +0800] "GET /category/jual-beli-peralatan-restoran-bekas-di-tanah-kusir/page/2/ HTTP/1.1" 200 17206 "-" "Mozilla/5.0 (compatible; SemrushBot/7~bl; +http://www.semrush.com/bot.html)"
216.73.216.175 - - [29/Jul/2026:08:19:51 +0800] "GET /wa-08111-9296-333-jual-beli-peralatan-kitchen-cafe-bekas-di-gambir/ HTTP/2" 200 16012 "-" "Mozilla/5.0 AppleWebKit/537.36 (KHTML, like Gecko; compatible; ClaudeBot/1.0; +claudebot@anthropic.com)"
64.120.92.56 - - [29/Jul/2026:08:28:45 +0800] "POST /wp-cron.php?doing_wp_cron=1785284925.3091900348663330078125 HTTP/1.1" 200 0 "-" "WordPress/7.0.2; https://kitchensolusion.com"
185.191.171.17 - - [29/Jul/2026:08:28:44 +0800] "GET /author/admin/page/94/ HTTP/1.1" 200 19643 "-" "Mozilla/5.0 (compatible; SemrushBot/7~bl; +http://www.semrush.com/bot.html)"
216.244.66.250 - - [29/Jul/2026:08:33:10 +0800] "GET /robots.txt HTTP/1.1" 200 177 "-" "Mozilla/5.0 (compatible; DotBot/1.2; +https://opensiteexplorer.org/dotbot; help@moz.com)"
64.120.92.56 - - [29/Jul/2026:08:42:34 +0800] "POST /wp-cron.php?doing_wp_cron=1785285754.6636250019073486328125 HTTP/1.1" 200 0 "-" "WordPress/7.0.2; https://kitchensolusion.com"
216.244.66.250 - - [29/Jul/2026:08:42:33 +0800] "GET /jual-beli-peralatan-dapur-bekas-resto-restoran-di-daerah-tanah-abang/feed/ HTTP/1.1" 200 1039 "-" "Mozilla/5.0 (compatible; DotBot/1.2; +https://opensiteexplorer.org/dotbot; help@moz.com)"
216.73.216.175 - - [29/Jul/2026:08:43:12 +0800] "GET /robots.txt HTTP/2" 200 114 "-" "Mozilla/5.0 AppleWebKit/537.36 (KHTML, like Gecko; compatible; ClaudeBot/1.0; +claudebot@anthropic.com)"
216.73.216.175 - - [29/Jul/2026:08:43:13 +0800] "GET /sitemap_index.xml HTTP/2" 200 317 "-" "Mozilla/5.0 AppleWebKit/537.36 (KHTML, like Gecko; compatible; ClaudeBot/1.0; +claudebot@anthropic.com)"
216.244.66.250 - - [29/Jul/2026:08:44:38 +0800] "GET /chat-08111-9296-333-terima-jual-beli-alat-restoran-bekas-di-matraman/ HTTP/1.1" 200 61516 "-" "Mozilla/5.0 (compatible; DotBot/1.2; +https://opensiteexplorer.org/dotbot; help@moz.com)"
216.244.66.250 - - [29/Jul/2026:08:44:44 +0800] "GET /jual-beli-peralatan-cafe-bekas-di-jakarta-barat/ HTTP/1.1" 200 60455 "-" "Mozilla/5.0 (compatible; DotBot/1.2; +https://opensiteexplorer.org/dotbot; help@moz.com)"
216.244.66.250 - - [29/Jul/2026:08:44:49 +0800] "GET /jual-beli-peralatan-dapur-restoran-stainless-bekas-di-tanjung-priok/ HTTP/1.1" 200 61379 "-" "Mozilla/5.0 (compatible; DotBot/1.2; +https://opensiteexplorer.org/dotbot; help@moz.com)"
216.244.66.250 - - [29/Jul/2026:08:44:55 +0800] "GET /jual-beli-peralatan-kitchen-cafe-bekas-di-pademangan/ HTTP/1.1" 200 60883 "-" "Mozilla/5.0 (compatible; DotBot/1.2; +https://opensiteexplorer.org/dotbot; help@moz.com)"
216.244.66.250 - - [29/Jul/2026:08:44:58 +0800] "GET /chat-08111-9296-333-terima-jual-beli-borongan-barang-bekas-restoran-di-pesanggrahan/ HTTP/1.1" 200 62045 "-" "Mozilla/5.0 (compatible; DotBot/1.2; +https://opensiteexplorer.org/dotbot; help@moz.com)"
216.244.66.250 - - [29/Jul/2026:08:45:03 +0800] "GET /dapatkan-penawaran-terbaik-jual-beli-borongan-barang-ex-restoran-kembangan/ HTTP/1.1" 200 61501 "-" "Mozilla/5.0 (compatible; DotBot/1.2; +https://opensiteexplorer.org/dotbot; help@moz.com)"
64.120.92.56 - - [29/Jul/2026:08:45:56 +0800] "POST /wp-cron.php?doing_wp_cron=1785285956.4733080863952636718750 HTTP/1.1" 200 0 "-" "WordPress/7.0.2; https://kitchensolusion.com"
84.79.231.22 - - [29/Jul/2026:08:45:55 +0800] "GET /jual-beli-dan-lelang-barang-bekas-restoran-di-daerah-cempaka-putih/ HTTP/1.1" 200 17953 "-" "Mozilla/5.0 (Macintosh; Intel Mac OS X 15_2_1) AppleWebKit/537.36 (KHTML, like Gecko) Chrome/131.0.6778.139 Safari/537.36"
64.120.92.56 - - [29/Jul/2026:08:58:33 +0800] "POST /wp-cron.php?doing_wp_cron=1785286713.9671878814697265625000 HTTP/1.1" 200 0 "-" "WordPress/7.0.2; https://kitchensolusion.com"
185.191.171.18 - - [29/Jul/2026:08:58:33 +0800] "GET /robots.txt HTTP/1.1" 200 130 "-" "Mozilla/5.0 (compatible; SemrushBot/7~bl; +http://www.semrush.com/bot.html)"
185.191.171.5 - - [29/Jul/2026:08:58:35 +0800] "GET /author/admin/page/166/ HTTP/1.1" 200 19027 "-" "Mozilla/5.0 (compatible; SemrushBot/7~bl; +http://www.semrush.com/bot.html)"
64.120.92.56 - - [29/Jul/2026:09:06:36 +0800] "POST /wp-cron.php?doing_wp_cron=1785287196.8096549510955810546875 HTTP/1.1" 200 0 "-" "WordPress/7.0.2; https://kitchensolusion.com"
37.204.111.153 - - [29/Jul/2026:09:06:35 +0800] "GET / HTTP/1.1" 200 15327 "https://google.com/" "Mozilla/5.0 (Windows NT 10.0; Win64; x64; rv:134.0) Gecko/20100101 Firefox/135.0"
66.249.71.205 - - [29/Jul/2026:09:07:13 +0800] "GET / HTTP/1.1" 200 13712 "-" "Mozilla/5.0 (Linux; Android 6.0.1; Nexus 5X Build/MMB29P) AppleWebKit/537.36 (KHTML, like Gecko) Chrome/150.0.7871.128 Mobile Safari/537.36 (compatible; Googlebot/2.1; +http://www.google.com/bot.html)"
17.241.75.166 - - [29/Jul/2026:09:07:28 +0800] "GET /chat-08111-9296-333-terima-jual-beli-borongan-kitchen-equipment-bekas-restoran-di-cimanggis/ HTTP/2" 200 18015 "-" "Mozilla/5.0 (Macintosh; Intel Mac OS X 10_15_7) AppleWebKit/605.1.15 (KHTML, like Gecko) Version/17.4 Safari/605.1.15 (Applebot/0.1; +http://www.apple.com/go/applebot)"
66.249.71.206 - - [29/Jul/2026:09:07:34 +0800] "GET /wp-content/themes/landingpress-wp/style.css?ver=3.4.7.2 HTTP/1.1" 200 12863 "https://kitchensolusion.com/" "Mozilla/5.0 (Linux; Android 6.0.1; Nexus 5X Build/MMB29P) AppleWebKit/537.36 (KHTML, like Gecko) Chrome/150.0.7871.128 Mobile Safari/537.36 (compatible; Googlebot/2.1; +http://www.google.com/bot.html)"
66.249.66.168 - - [29/Jul/2026:09:07:37 +0800] "GET /wp-content/plugins/elementor/assets/css/conditionals/e-swiper.min.css?ver=3.31.3 HTTP/1.1" 200 753 "https://kitchensolusion.com/" "Mozilla/5.0 (Linux; Android 6.0.1; Nexus 5X Build/MMB29P) AppleWebKit/537.36 (KHTML, like Gecko) Chrome/150.0.7871.128 Mobile Safari/537.36 (compatible; Googlebot/2.1; +http://www.google.com/bot.html)"
66.249.71.205 - - [29/Jul/2026:09:07:48 +0800] "GET /favicon.ico HTTP/1.1" 404 1251 "-" "Googlebot-Image/1.0"
66.249.71.205 - - [29/Jul/2026:09:08:28 +0800] "GET /wp-content/plugins/elementor/assets/css/widget-spacer.min.css?ver=3.31.3 HTTP/1.1" 200 349 "https://kitchensolusion.com/" "Mozilla/5.0 (Linux; Android 6.0.1; Nexus 5X Build/MMB29P) AppleWebKit/537.36 (KHTML, like Gecko) Chrome/150.0.7871.128 Mobile Safari/537.36 (compatible; Googlebot/2.1; +http://www.google.com/bot.html)"
64.120.92.56 - - [29/Jul/2026:09:13:06 +0800] "POST /wp-cron.php?doing_wp_cron=1785287586.2990310192108154296875 HTTP/1.1" 200 0 "-" "WordPress/7.0.2; https://kitchensolusion.com"
185.191.171.9 - - [29/Jul/2026:09:13:05 +0800] "GET /jual-beli-alat-dapur-bekas-restoran-di-jakarta-selatan/di-jagakarsa/ HTTP/1.1" 200 16422 "-" "Mozilla/5.0 (compatible; SemrushBot/7~bl; +http://www.semrush.com/bot.html)"
57.141.18.58 - - [29/Jul/2026:09:13:06 +0800] "GET /sitemap.html HTTP/2" 404 9200 "-" "Mozilla/5.0 (Windows NT 10.0; Win64; x64) AppleWebKit/537.36 (KHTML, like Gecko) Chrome/145.0.0.0 Safari/537.36 Edg/145.0.0.0 (compatible; meta-externalagent/1.1 (+https://developers.facebook.com/docs/sharing/webmasters/crawler))"
43.166.244.192 - - [29/Jul/2026:09:16:02 +0800] "GET / HTTP/1.1" 200 15325 "http://kitchensolusion.com" "Mozilla/5.0 (iPhone; CPU iPhone OS 13_2_3 like Mac OS X) AppleWebKit/605.1.15 (KHTML, like Gecko) Version/13.0.3 Mobile/15E148 Safari/604.1"
216.244.66.250 - - [29/Jul/2026:09:17:46 +0800] "GET /robots.txt HTTP/1.1" 200 177 "-" "Mozilla/5.0 (compatible; DotBot/1.2; +https://opensiteexplorer.org/dotbot; help@moz.com)"
64.120.92.56 - - [29/Jul/2026:09:22:12 +0800] "POST /wp-cron.php?doing_wp_cron=1785288132.3049449920654296875000 HTTP/1.1" 200 0 "-" "WordPress/7.0.2; https://kitchensolusion.com"
92.222.104.213 - - [29/Jul/2026:09:22:11 +0800] "GET /robots.txt HTTP/2" 200 114 "-" "Mozilla/5.0 (compatible; AhrefsBot/7.0; +http://ahrefs.com/robot/)"
198.244.242.30 - - [29/Jul/2026:09:22:14 +0800] "GET /category/jual-beli-barang-bekas-restoran-jakarta/ HTTP/2" 200 15088 "-" "Mozilla/5.0 (compatible; AhrefsBot/7.0; +http://ahrefs.com/robot/)"
17.241.227.192 - - [29/Jul/2026:09:24:49 +0800] "GET /wp-content/themes/landingpress-wp/assets/js/script.min.js?ver=3.4.7.2 HTTP/2" 200 8720 "https://kitchensolusion.com/chat-08111-9296-333-terima-jual-beli-borongan-kitchen-equipment-bekas-restoran-di-cimanggis/" "Mozilla/5.0 (Macintosh; Intel Mac OS X 10_15_7) AppleWebKit/605.1.15 (KHTML, like Gecko) Version/17.4 Safari/605.1.15 (Applebot/0.1; +http://www.apple.com/go/applebot)"
17.241.227.192 - - [29/Jul/2026:09:24:50 +0800] "GET /wp-content/plugins/click-to-chat-for-whatsapp/new/inc/assets/js/app.js?ver=4.28 HTTP/2" 200 3558 "https://kitchensolusion.com/chat-08111-9296-333-terima-jual-beli-borongan-kitchen-equipment-bekas-restoran-di-cimanggis/" "Mozilla/5.0 (Macintosh; Intel Mac OS X 10_15_7) AppleWebKit/605.1.15 (KHTML, like Gecko) Version/17.4 Safari/605.1.15 (Applebot/0.1; +http://www.apple.com/go/applebot)"
17.241.227.192 - - [29/Jul/2026:09:24:51 +0800] "GET /wp-includes/js/jquery/jquery-migrate.min.js?ver=3.4.1 HTTP/2" 200 4999 "https://kitchensolusion.com/chat-08111-9296-333-terima-jual-beli-borongan-kitchen-equipment-bekas-restoran-di-cimanggis/" "Mozilla/5.0 (Macintosh; Intel Mac OS X 10_15_7) AppleWebKit/605.1.15 (KHTML, like Gecko) Version/17.4 Safari/605.1.15 (Applebot/0.1; +http://www.apple.com/go/applebot)"
17.241.227.192 - - [29/Jul/2026:09:24:53 +0800] "GET /wp-includes/js/jquery/jquery.min.js?ver=3.7.1 HTTP/2" 200 31405 "https://kitchensolusion.com/chat-08111-9296-333-terima-jual-beli-borongan-kitchen-equipment-bekas-restoran-di-cimanggis/" "Mozilla/5.0 (Macintosh; Intel Mac OS X 10_15_7) AppleWebKit/605.1.15 (KHTML, like Gecko) Version/17.4 Safari/605.1.15 (Applebot/0.1; +http://www.apple.com/go/applebot)"
17.241.227.192 - - [29/Jul/2026:09:24:54 +0800] "GET /wp-includes/js/comment-reply.min.js?ver=7.0.2 HTTP/2" 200 1321 "https://kitchensolusion.com/chat-08111-9296-333-terima-jual-beli-borongan-kitchen-equipment-bekas-restoran-di-cimanggis/" "Mozilla/5.0 (Macintosh; Intel Mac OS X 10_15_7) AppleWebKit/605.1.15 (KHTML, like Gecko) Version/17.4 Safari/605.1.15 (Applebot/0.1; +http://www.apple.com/go/applebot)"
64.120.92.56 - - [29/Jul/2026:09:28:43 +0800] "POST /wp-cron.php?doing_wp_cron=1785288523.1986219882965087890625 HTTP/1.1" 200 0 "-" "WordPress/7.0.2; https://kitchensolusion.com"
216.244.66.250 - - [29/Jul/2026:09:28:42 +0800] "GET /chat-08111-9296-333-terima-jual-beli-alat-restoran-bekas-di-ciracas/ HTTP/1.1" 200 61265 "-" "Mozilla/5.0 (compatible; DotBot/1.2; +https://opensiteexplorer.org/dotbot; help@moz.com)"
216.244.66.250 - - [29/Jul/2026:09:28:53 +0800] "GET /chat-08111-9296-333-terima-jual-beli-alat-restoran-bekas-di-karawaci/ HTTP/1.1" 200 61521 "-" "Mozilla/5.0 (compatible; DotBot/1.2; +https://opensiteexplorer.org/dotbot; help@moz.com)"
216.244.66.250 - - [29/Jul/2026:09:29:04 +0800] "GET /chat-08111-9296-333-terima-jual-beli-barang-bekas-restoran-di-pancoran/ HTTP/1.1" 200 61573 "-" "Mozilla/5.0 (compatible; DotBot/1.2; +https://opensiteexplorer.org/dotbot; help@moz.com)"
216.244.66.250 - - [29/Jul/2026:09:29:13 +0800] "GET /jual-beli-kitchen-equipment-bekas-di-daerah-tanah-abang/ HTTP/1.1" 200 60999 "-" "Mozilla/5.0 (compatible; DotBot/1.2; +https://opensiteexplorer.org/dotbot; help@moz.com)"
216.244.66.250 - - [29/Jul/2026:09:29:21 +0800] "GET /chat-08111-9296-333-terima-jual-beli-borongan-kitchen-equipment-bekas-restoran-di-serpong/ HTTP/1.1" 200 62193 "-" "Mozilla/5.0 (compatible; DotBot/1.2; +https://opensiteexplorer.org/dotbot; help@moz.com)"
216.244.66.250 - - [29/Jul/2026:09:29:28 +0800] "GET /chat-08111-9296-333-terima-jual-beli-borongan-kitchen-equipment-bekas-restoran-di-tebet/ HTTP/1.1" 200 62097 "-" "Mozilla/5.0 (compatible; DotBot/1.2; +https://opensiteexplorer.org/dotbot; help@moz.com)"
64.120.92.56 - - [29/Jul/2026:09:32:45 +0800] "POST /wp-cron.php?doing_wp_cron=1785288765.8028469085693359375000 HTTP/1.1" 200 0 "-" "WordPress/7.0.2; https://kitchensolusion.com"
216.73.216.175 - - [29/Jul/2026:09:32:45 +0800] "GET /?p=2243 HTTP/2" 301 0 "-" "Mozilla/5.0 AppleWebKit/537.36 (KHTML, like Gecko; compatible; ClaudeBot/1.0; +claudebot@anthropic.com)"
216.73.216.175 - - [29/Jul/2026:09:32:46 +0800] "GET /wa-08111-9296-333-jual-beli-peralatan-restoran-bekas-di-senen/ HTTP/2" 429 0 "https://kitchensolusion.com/?p=2243" "Mozilla/5.0 AppleWebKit/537.36 (KHTML, like Gecko; compatible; ClaudeBot/1.0; +claudebot@anthropic.com)"
216.73.216.175 - - [29/Jul/2026:09:32:56 +0800] "GET /wa-08111-9296-333-jual-beli-peralatan-restoran-bekas-di-senen/ HTTP/2" 429 0 "-" "Mozilla/5.0 AppleWebKit/537.36 (KHTML, like Gecko; compatible; ClaudeBot/1.0; +claudebot@anthropic.com)"
64.120.92.56 - - [29/Jul/2026:09:41:32 +0800] "POST /wp-cron.php?doing_wp_cron=1785289292.1893830299377441406250 HTTP/1.1" 200 0 "-" "WordPress/7.0.2; https://kitchensolusion.com"
216.73.216.175 - - [29/Jul/2026:09:41:31 +0800] "GET /?p=4077 HTTP/2" 301 0 "-" "Mozilla/5.0 AppleWebKit/537.36 (KHTML, like Gecko; compatible; ClaudeBot/1.0; +claudebot@anthropic.com)"
216.73.216.175 - - [29/Jul/2026:09:41:32 +0800] "GET /chat-08111-9296-333-terima-jual-beli-alat-restoran-bekas-di-pancoran/ HTTP/2" 429 0 "https://kitchensolusion.com/?p=4077" "Mozilla/5.0 AppleWebKit/537.36 (KHTML, like Gecko; compatible; ClaudeBot/1.0; +claudebot@anthropic.com)"
64.120.92.56 - - [29/Jul/2026:09:50:43 +0800] "POST /wp-cron.php?doing_wp_cron=1785289843.0860331058502197265625 HTTP/1.1" 200 0 "-" "WordPress/7.0.2; https://kitchensolusion.com"
185.191.171.13 - - [29/Jul/2026:09:50:42 +0800] "GET /blog/page/182/ HTTP/1.1" 200 18223 "-" "Mozilla/5.0 (compatible; SemrushBot/7~bl; +http://www.semrush.com/bot.html)"
216.73.216.175 - - [29/Jul/2026:09:51:06 +0800] "GET /robots.txt HTTP/2" 200 114 "-" "Mozilla/5.0 AppleWebKit/537.36 (KHTML, like Gecko; compatible; ClaudeBot/1.0; +claudebot@anthropic.com)"
216.73.216.175 - - [29/Jul/2026:09:51:07 +0800] "GET /sitemap_index.xml HTTP/2" 200 317 "-" "Mozilla/5.0 AppleWebKit/537.36 (KHTML, like Gecko; compatible; ClaudeBot/1.0; +claudebot@anthropic.com)"
64.120.92.56 - - [29/Jul/2026:09:56:15 +0800] "POST /wp-cron.php?doing_wp_cron=1785290175.6456599235534667968750 HTTP/1.1" 200 0 "-" "WordPress/7.0.2; https://kitchensolusion.com"
185.191.171.5 - - [29/Jul/2026:09:56:14 +0800] "GET /blog/page/85/ HTTP/1.1" 200 19048 "-" "Mozilla/5.0 (compatible; SemrushBot/7~bl; +http://www.semrush.com/bot.html)"
51.89.129.138 - - [29/Jul/2026:09:58:19 +0800] "GET /jual-beli-barang-bekas-restoran-di-johar-baru/feed/ HTTP/2" 304 0 "-" "Mozilla/5.0 (compatible; AhrefsBot/7.0; +http://ahrefs.com/robot/)"
216.244.66.250 - - [29/Jul/2026:10:01:55 +0800] "GET /robots.txt HTTP/1.1" 200 177 "-" "Mozilla/5.0 (compatible; DotBot/1.2; +https://opensiteexplorer.org/dotbot; help@moz.com)"
64.120.92.56 - - [29/Jul/2026:10:06:43 +0800] "POST /wp-cron.php?doing_wp_cron=1785290803.7707490921020507812500 HTTP/1.1" 200 0 "-" "WordPress/7.0.2; https://kitchensolusion.com"
85.208.96.199 - - [29/Jul/2026:10:06:43 +0800] "GET /robots.txt HTTP/1.1" 200 130 "-" "Mozilla/5.0 (compatible; SemrushBot/7~bl; +http://www.semrush.com/bot.html)"
85.208.96.206 - - [29/Jul/2026:10:06:44 +0800] "GET /author/admin/page/11/ HTTP/1.1" 200 19397 "-" "Mozilla/5.0 (compatible; SemrushBot/7~bl; +http://www.semrush.com/bot.html)"
64.120.92.56 - - [29/Jul/2026:10:12:28 +0800] "POST /wp-cron.php?doing_wp_cron=1785291148.7605879306793212890625 HTTP/1.1" 200 0 "-" "WordPress/7.0.2; https://kitchensolusion.com"
216.244.66.250 - - [29/Jul/2026:10:12:28 +0800] "GET /08111-9296-333-terima-jual-beli-alat-restoran-bekas-kitchen-di-tambora/ HTTP/1.1" 200 61679 "-" "Mozilla/5.0 (compatible; DotBot/1.2; +https://opensiteexplorer.org/dotbot; help@moz.com)"
216.244.66.250 - - [29/Jul/2026:10:12:34 +0800] "GET /08111-9296-333-terima-jual-beli-equipment-restoran-hotel-di-palmerah/ HTTP/1.1" 200 61648 "-" "Mozilla/5.0 (compatible; DotBot/1.2; +https://opensiteexplorer.org/dotbot; help@moz.com)"
216.244.66.250 - - [29/Jul/2026:10:12:39 +0800] "GET /chat-08111-9296-333-terima-jual-beli-alat-restoran-bekas-di-makasar/ HTTP/1.1" 200 61473 "-" "Mozilla/5.0 (compatible; DotBot/1.2; +https://opensiteexplorer.org/dotbot; help@moz.com)"
216.244.66.250 - - [29/Jul/2026:10:12:45 +0800] "GET /chat-08111-9296-333-terima-jual-beli-barang-bekas-restoran-di-rawamangun/ HTTP/1.1" 200 61658 "-" "Mozilla/5.0 (compatible; DotBot/1.2; +https://opensiteexplorer.org/dotbot; help@moz.com)"
216.244.66.250 - - [29/Jul/2026:10:12:52 +0800] "GET /chat-08111-9296-333-terima-jual-beli-equipment-restoran-hotel-di-makasar/ HTTP/1.1" 200 61626 "-" "Mozilla/5.0 (compatible; DotBot/1.2; +https://opensiteexplorer.org/dotbot; help@moz.com)"
216.244.66.250 - - [29/Jul/2026:10:12:59 +0800] "GET /jual-beli-peralatan-bekas-dapur-ex-cafe-dan-resto-di-jakarta-barat/ HTTP/1.1" 200 61071 "-" "Mozilla/5.0 (compatible; DotBot/1.2; +https://opensiteexplorer.org/dotbot; help@moz.com)"
216.244.66.250 - - [29/Jul/2026:10:13:21 +0800] "GET /wa-08111-9296-333-jual-beli-peralatan-restoran-bekas-di-kenari/ HTTP/1.1" 200 61303 "-" "Mozilla/5.0 (compatible; DotBot/1.2; +https://opensiteexplorer.org/dotbot; help@moz.com)"
216.244.66.250 - - [29/Jul/2026:10:13:29 +0800] "GET /wa-08111-9296-333-terima-jual-beli-equipment-restauran-hotel-di-jonggol/ HTTP/1.1" 200 61706 "-" "Mozilla/5.0 (compatible; DotBot/1.2; +https://opensiteexplorer.org/dotbot; help@moz.com)"
216.244.66.250 - - [29/Jul/2026:10:13:46 +0800] "GET /chat-08111-9296-333-terima-jual-beli-borongan-barang-bekas-restoran-di-petogogan/ HTTP/1.1" 200 61903 "-" "Mozilla/5.0 (compatible; DotBot/1.2; +https://opensiteexplorer.org/dotbot; help@moz.com)"
216.244.66.250 - - [29/Jul/2026:10:13:59 +0800] "GET /chat-08111-9296-333-terima-jual-beli-borongan-barang-bekas-restoran-di-setiabudi/ HTTP/1.1" 200 61896 "-" "Mozilla/5.0 (compatible; DotBot/1.2; +https://opensiteexplorer.org/dotbot; help@moz.com)"
216.244.66.250 - - [29/Jul/2026:10:14:12 +0800] "GET /chat-08111-9296-333-terima-jual-beli-borongan-kitchen-equipment-bekas-restoran-di-ciracas/ HTTP/1.1" 200 62187 "-" "Mozilla/5.0 (compatible; DotBot/1.2; +https://opensiteexplorer.org/dotbot; help@moz.com)"
216.244.66.250 - - [29/Jul/2026:10:14:23 +0800] "GET /wa-08111-9296-333-jual-beli-peralatan-dapur-restoran-stainless-bekas-di-kemayoran/ HTTP/1.1" 200 61940 "-" "Mozilla/5.0 (compatible; DotBot/1.2; +https://opensiteexplorer.org/dotbot; help@moz.com)"
216.244.66.250 - - [29/Jul/2026:10:14:36 +0800] "GET /wa-08111-9296-333-terima-jual-beli-equipment-restauran-hotel-di-mampang-prapatan/ HTTP/1.1" 200 62033 "-" "Mozilla/5.0 (compatible; DotBot/1.2; +https://opensiteexplorer.org/dotbot; help@moz.com)"
64.120.92.56 - - [29/Jul/2026:10:32:16 +0800] "POST /wp-cron.php?doing_wp_cron=1785292336.6659231185913085937500 HTTP/1.1" 200 0 "-" "WordPress/7.0.2; https://kitchensolusion.com"
198.244.240.222 - - [29/Jul/2026:10:32:16 +0800] "GET /chat-08111-9296-333-terima-jual-beli-barang-bekas-restoran-cafe-resto-di-serpong/feed/ HTTP/2" 304 0 "-" "Mozilla/5.0 (compatible; AhrefsBot/7.0; +http://ahrefs.com/robot/)"
216.73.216.175 - - [29/Jul/2026:10:34:11 +0800] "GET /?p=2260 HTTP/2" 301 0 "-" "Mozilla/5.0 AppleWebKit/537.36 (KHTML, like Gecko; compatible; ClaudeBot/1.0; +claudebot@anthropic.com)"
216.73.216.175 - - [29/Jul/2026:10:34:12 +0800] "GET /wa-08111-9296-333-jual-beli-perkakas-dapur-restoran-di-serdang/ HTTP/2" 429 0 "https://kitchensolusion.com/?p=2260" "Mozilla/5.0 AppleWebKit/537.36 (KHTML, like Gecko; compatible; ClaudeBot/1.0; +claudebot@anthropic.com)"
64.120.92.56 - - [29/Jul/2026:10:35:38 +0800] "POST /wp-cron.php?doing_wp_cron=1785292538.9641089439392089843750 HTTP/1.1" 200 0 "-" "WordPress/7.0.2; https://kitchensolusion.com"
66.249.71.192 - - [29/Jul/2026:10:35:38 +0800] "GET /robots.txt HTTP/1.1" 200 114 "-" "Mozilla/5.0 (compatible; Googlebot/2.1; +http://www.google.com/bot.html)"
85.208.96.210 - - [29/Jul/2026:10:36:29 +0800] "GET /home/jual-beli-borongan-alat-kitchen-bekas-restauran-di-jakarta-utara/ HTTP/1.1" 200 16875 "-" "Mozilla/5.0 (compatible; SemrushBot/7~bl; +http://www.semrush.com/bot.html)"
185.191.171.16 - - [29/Jul/2026:10:37:31 +0800] "GET /category/jual-beli-barang-bekas-restoran-di-grogol/ HTTP/1.1" 200 17187 "-" "Mozilla/5.0 (compatible; SemrushBot/7~bl; +http://www.semrush.com/bot.html)"
185.191.171.6 - - [29/Jul/2026:10:38:44 +0800] "GET /category/jual-beli-borongan-barang-bekas-restoran-jakarta/page/12/ HTTP/1.1" 200 18435 "-" "Mozilla/5.0 (compatible; SemrushBot/7~bl; +http://www.semrush.com/bot.html)"
66.249.66.160 - - [29/Jul/2026:10:41:05 +0800] "GET /wp-content/plugins/elementor/assets/js/webpack.runtime.min.js?ver=3.31.3 HTTP/1.1" 200 2528 "https://kitchensolusion.com/" "Mozilla/5.0 (Linux; Android 6.0.1; Nexus 5X Build/MMB29P) AppleWebKit/537.36 (KHTML, like Gecko) Chrome/150.0.7871.128 Mobile Safari/537.36 (compatible; Googlebot/2.1; +http://www.google.com/bot.html)"
66.249.66.168 - - [29/Jul/2026:10:43:25 +0800] "GET /wp-content/plugins/elementor/assets/css/widget-spacer.min.css?ver=3.31.3 HTTP/1.1" 200 349 "https://kitchensolusion.com/" "Mozilla/5.0 (Linux; Android 6.0.1; Nexus 5X Build/MMB29P) AppleWebKit/537.36 (KHTML, like Gecko) Chrome/150.0.7871.128 Mobile Safari/537.36 (compatible; Googlebot/2.1; +http://www.google.com/bot.html)"
64.120.92.56 - - [29/Jul/2026:10:44:56 +0800] "POST /wp-cron.php?doing_wp_cron=1785293096.3131248950958251953125 HTTP/1.1" 200 0 "-" "WordPress/7.0.2; https://kitchensolusion.com"
57.141.18.106 - - [29/Jul/2026:10:44:55 +0800] "GET /SiteMap.aspx HTTP/2" 404 9200 "-" "Mozilla/5.0 (Macintosh; Intel Mac OS X 10_15_7) AppleWebKit/537.36 (KHTML, like Gecko) Chrome/145.0.0.0 Safari/537.36 (compatible; meta-externalagent/1.1 (+https://developers.facebook.com/docs/sharing/webmasters/crawler))"
216.244.66.250 - - [29/Jul/2026:10:46:22 +0800] "GET /robots.txt HTTP/1.1" 200 177 "-" "Mozilla/5.0 (compatible; DotBot/1.2; +https://opensiteexplorer.org/dotbot; help@moz.com)"
64.120.92.56 - - [29/Jul/2026:10:52:46 +0800] "POST /wp-cron.php?doing_wp_cron=1785293566.9025108814239501953125 HTTP/1.1" 200 0 "-" "WordPress/7.0.2; https://kitchensolusion.com"
216.73.216.175 - - [29/Jul/2026:10:52:46 +0800] "GET /robots.txt HTTP/2" 200 114 "-" "Mozilla/5.0 AppleWebKit/537.36 (KHTML, like Gecko; compatible; ClaudeBot/1.0; +claudebot@anthropic.com)"
216.73.216.175 - - [29/Jul/2026:10:52:47 +0800] "GET /sitemap_index.xml HTTP/2" 200 317 "-" "Mozilla/5.0 AppleWebKit/537.36 (KHTML, like Gecko; compatible; ClaudeBot/1.0; +claudebot@anthropic.com)"
51.195.215.212 - - [29/Jul/2026:10:54:33 +0800] "GET /chat-08111-9296-333-terima-jual-beli-alat-restoran-bekas-di-serpong/feed/ HTTP/2" 304 0 "-" "Mozilla/5.0 (compatible; AhrefsBot/7.0; +http://ahrefs.com/robot/)"
64.120.92.56 - - [29/Jul/2026:10:58:02 +0800] "POST /wp-cron.php?doing_wp_cron=1785293882.2989540100097656250000 HTTP/1.1" 200 0 "-" "WordPress/7.0.2; https://kitchensolusion.com"
216.244.66.250 - - [29/Jul/2026:10:58:01 +0800] "GET /borongan-lelang-alat-dapur-di-daerah-tanah-abang/ HTTP/1.1" 200 60767 "-" "Mozilla/5.0 (compatible; DotBot/1.2; +https://opensiteexplorer.org/dotbot; help@moz.com)"
216.244.66.250 - - [29/Jul/2026:10:58:07 +0800] "GET /category/jual-beli-borongan-barang-bekas-restoran-jakarta/page/11/ HTTP/1.1" 200 122810 "-" "Mozilla/5.0 (compatible; DotBot/1.2; +https://opensiteexplorer.org/dotbot; help@moz.com)"
216.244.66.250 - - [29/Jul/2026:10:58:13 +0800] "GET /chat-08111-9296-333-terima-jual-beli-alat-restoran-bekas-di-pondok-aren/ HTTP/1.1" 200 61252 "-" "Mozilla/5.0 (compatible; DotBot/1.2; +https://opensiteexplorer.org/dotbot; help@moz.com)"
216.244.66.250 - - [29/Jul/2026:10:58:19 +0800] "GET /pusat-jual-beli-borongan-barang-restoran-bekas-terpercaya-daan-mogot/ HTTP/1.1" 200 61302 "-" "Mozilla/5.0 (compatible; DotBot/1.2; +https://opensiteexplorer.org/dotbot; help@moz.com)"
216.244.66.250 - - [29/Jul/2026:10:58:25 +0800] "GET /chat-08111-9296-333-terima-jual-beli-barang-bekas-restoran-cafe-resto-di-kebayoran-baru/ HTTP/1.1" 200 62166 "-" "Mozilla/5.0 (compatible; DotBot/1.2; +https://opensiteexplorer.org/dotbot; help@moz.com)"
216.244.66.250 - - [29/Jul/2026:10:58:33 +0800] "GET /chat-08111-9296-333-terima-jual-beli-borongan-kitchen-equipment-bekas-restoran-di-pamulang/ HTTP/1.1" 200 62221 "-" "Mozilla/5.0 (compatible; DotBot/1.2; +https://opensiteexplorer.org/dotbot; help@moz.com)"
64.120.92.56 - - [29/Jul/2026:11:01:01 +0800] "POST /wp-cron.php?doing_wp_cron=1785294061.0335841178894042968750 HTTP/1.1" 200 0 "-" "WordPress/7.0.2; https://kitchensolusion.com"
198.244.226.232 - - [29/Jul/2026:11:01:00 +0800] "GET /chat-08111-9296-333-terima-jual-beli-barang-bekas-restoran-cafe-resto-di-jatinegara/feed/ HTTP/2" 304 0 "-" "Mozilla/5.0 (compatible; AhrefsBot/7.0; +http://ahrefs.com/robot/)"
64.120.92.56 - - [29/Jul/2026:11:14:35 +0800] "POST /wp-cron.php?doing_wp_cron=1785294875.0137860774993896484375 HTTP/1.1" 200 0 "-" "WordPress/7.0.2; https://kitchensolusion.com"
216.73.216.175 - - [29/Jul/2026:11:14:34 +0800] "GET /?p=4077 HTTP/2" 301 0 "-" "Mozilla/5.0 AppleWebKit/537.36 (KHTML, like Gecko; compatible; ClaudeBot/1.0; +claudebot@anthropic.com)"
216.73.216.175 - - [29/Jul/2026:11:14:35 +0800] "GET /chat-08111-9296-333-terima-jual-beli-alat-restoran-bekas-di-pancoran/ HTTP/2" 200 16009 "https://kitchensolusion.com/?p=4077" "Mozilla/5.0 AppleWebKit/537.36 (KHTML, like Gecko; compatible; ClaudeBot/1.0; +claudebot@anthropic.com)"
85.208.96.199 - - [29/Jul/2026:11:14:46 +0800] "GET /robots.txt HTTP/1.1" 200 130 "-" "Mozilla/5.0 (compatible; SemrushBot/7~bl; +http://www.semrush.com/bot.html)"
185.191.171.7 - - [29/Jul/2026:11:14:47 +0800] "GET /blog/page/128/ HTTP/1.1" 200 18845 "-" "Mozilla/5.0 (compatible; SemrushBot/7~bl; +http://www.semrush.com/bot.html)"
64.120.92.56 - - [29/Jul/2026:11:18:46 +0800] "POST /wp-cron.php?doing_wp_cron=1785295126.4376790523529052734375 HTTP/1.1" 200 0 "-" "WordPress/7.0.2; https://kitchensolusion.com"
216.73.216.175 - - [29/Jul/2026:11:18:45 +0800] "GET /chat-08111-9296-333-terima-jual-beli-barang-bekas-restoran-cafe-resto-di-pancoran/ HTTP/2" 200 16014 "-" "Mozilla/5.0 AppleWebKit/537.36 (KHTML, like Gecko; compatible; ClaudeBot/1.0; +claudebot@anthropic.com)"
223.188.95.207 - - [29/Jul/2026:11:19:23 +0800] "GET /category/jual-beli-peralatan-restoran-bekas-di-cikokol/ HTTP/1.1" 200 14901 "-" "Mozilla/5.0 (Macintosh; Intel Mac OS X 10_15_7) AppleWebKit/537.36 (KHTML, like Gecko) Chrome/120.0.0.0 Safari/537.36"
64.120.92.56 - - [29/Jul/2026:11:24:53 +0800] "POST /wp-cron.php?doing_wp_cron=1785295493.0206639766693115234375 HTTP/1.1" 200 0 "-" "WordPress/7.0.2; https://kitchensolusion.com"
69.63.184.4 - - [29/Jul/2026:11:24:52 +0800] "GET /robots.txt HTTP/2" 200 177 "-" "facebookexternalhit/1.1 (+http://www.facebook.com/externalhit_uatext.php)"
51.195.183.136 - - [29/Jul/2026:11:25:06 +0800] "GET /chat-08111-9296-333-terima-jual-beli-borongan-barang-bekas-restoran-di-kramat-jati/feed/ HTTP/2" 304 0 "-" "Mozilla/5.0 (compatible; AhrefsBot/7.0; +http://ahrefs.com/robot/)"
64.120.92.56 - - [29/Jul/2026:11:26:46 +0800] "POST /wp-cron.php?doing_wp_cron=1785295606.6018459796905517578125 HTTP/1.1" 200 0 "-" "WordPress/7.0.2; https://kitchensolusion.com"
34.0.133.250 - - [29/Jul/2026:11:26:45 +0800] "GET / HTTP/1.1" 200 13705 "-" "Mozilla/5.0 (Windows NT 10.0; Win64; x64) AppleWebKit/537.36 (KHTML, like Gecko; compatible; BuiltWith/1.4; rb.gy/xprgqj) Chrome/124.0.0.0 Safari/537.36"
34.0.133.250 - - [29/Jul/2026:11:26:47 +0800] "GET /robots.txt HTTP/1.1" 200 114 "-" "Mozilla/5.0 (Windows NT 10.0; Win64; x64) AppleWebKit/537.36 (KHTML, like Gecko; compatible; BuiltWith/1.4; rb.gy/xprgqj) Chrome/124.0.0.0 Safari/537.36"
34.0.133.250 - - [29/Jul/2026:11:26:47 +0800] "GET / HTTP/1.1" 200 13705 "-" "Mozilla/5.0 (Windows NT 10.0; Win64; x64) AppleWebKit/537.36 (KHTML, like Gecko; compatible; BuiltWith/1.4; rb.gy/xprgqj) Chrome/124.0.0.0 Safari/537.36"
216.73.216.175 - - [29/Jul/2026:11:28:00 +0800] "GET /chat-08111-9296-333-terima-jual-beli-barang-bekas-restoran-di-pancoran/ HTTP/2" 200 16003 "-" "Mozilla/5.0 AppleWebKit/537.36 (KHTML, like Gecko; compatible; ClaudeBot/1.0; +claudebot@anthropic.com)"
49.43.161.160 - - [29/Jul/2026:11:28:23 +0800] "GET /chat-08111-9296-333-terima-jual-beli-equipment-restoran-hotel-di-pademangan/ HTTP/1.1" 200 15927 "-" "Mozilla/5.0 (Macintosh; Intel Mac OS X 10_15_7) AppleWebKit/537.36 (KHTML, like Gecko) Chrome/131.0.0.0 Safari/537.36"
54.38.147.117 - - [29/Jul/2026:11:29:11 +0800] "GET /chat-08111-9296-333-terima-jual-beli-alat-restoran-bekas-di-jatinegara/feed/ HTTP/2" 304 0 "-" "Mozilla/5.0 (compatible; AhrefsBot/7.0; +http://ahrefs.com/robot/)"
57.141.18.102 - - [29/Jul/2026:11:29:37 +0800] "GET /post-sitemap2.xml HTTP/2" 200 13801 "-" "Mozilla/5.0 (Windows NT 10.0; Win64; x64) AppleWebKit/537.36 (KHTML, like Gecko) Chrome/145.0.0.0 Safari/537.36 (compatible; meta-externalagent/1.1 (+https://developers.facebook.com/docs/sharing/webmasters/crawler))"
216.244.66.250 - - [29/Jul/2026:11:30:33 +0800] "GET /robots.txt HTTP/1.1" 200 177 "-" "Mozilla/5.0 (compatible; DotBot/1.2; +https://opensiteexplorer.org/dotbot; help@moz.com)"
185.191.171.13 - - [29/Jul/2026:11:30:35 +0800] "GET /blog/page/112/ HTTP/1.1" 200 18864 "-" "Mozilla/5.0 (compatible; SemrushBot/7~bl; +http://www.semrush.com/bot.html)"
198.244.242.165 - - [29/Jul/2026:11:32:42 +0800] "GET /wa-08111-9296-333-jual-beli-alat-dapur-bekas-restoran-di-pondok-ranji/feed/ HTTP/2" 304 0 "-" "Mozilla/5.0 (compatible; AhrefsBot/7.0; +http://ahrefs.com/robot/)"
207.46.13.107 - - [29/Jul/2026:11:33:54 +0800] "GET /chat-08111-9296-333-terima-jual-beli-barang-bekas-restoran-cafe-resto-di-jakarta-barat/ HTTP/2" 200 15997 "-" "Mozilla/5.0 AppleWebKit/537.36 (KHTML, like Gecko; compatible; bingbot/2.0; +http://www.bing.com/bingbot.htm) Chrome/116.0.1938.76 Safari/537.36"
198.244.168.43 - - [29/Jul/2026:11:35:17 +0800] "GET /category/jual-beli-peralatan-restoran-bekas-di-srengseng/ HTTP/2" 200 14952 "-" "Mozilla/5.0 (compatible; AhrefsBot/7.0; +http://ahrefs.com/robot/)"
64.120.92.56 - - [29/Jul/2026:11:42:01 +0800] "POST /wp-cron.php?doing_wp_cron=1785296521.9320371150970458984375 HTTP/1.1" 200 0 "-" "WordPress/7.0.2; https://kitchensolusion.com"
216.244.66.250 - - [29/Jul/2026:11:42:01 +0800] "GET /wa-08111-9296-333-jual-beli-ex-resto-terdekat-di-pondok-cabe/ HTTP/1.1" 200 61311 "-" "Mozilla/5.0 (compatible; DotBot/1.2; +https://opensiteexplorer.org/dotbot; help@moz.com)"
216.244.66.250 - - [29/Jul/2026:11:42:11 +0800] "GET /chat-08111-9296-333-terima-jual-beli-borongan-peralatan-restoran-bekas-di-meruya-utara/ HTTP/1.1" 200 62130 "-" "Mozilla/5.0 (compatible; DotBot/1.2; +https://opensiteexplorer.org/dotbot; help@moz.com)"
216.244.66.250 - - [29/Jul/2026:11:42:18 +0800] "GET /chat-08111-9296-333-terima-jual-beli-equipment-restoran-hotel-di-jatinegara/ HTTP/1.1" 200 61737 "-" "Mozilla/5.0 (compatible; DotBot/1.2; +https://opensiteexplorer.org/dotbot; help@moz.com)"
64.120.92.56 - - [29/Jul/2026:11:50:18 +0800] "POST /wp-cron.php?doing_wp_cron=1785297018.8997459411621093750000 HTTP/1.1" 200 0 "-" "WordPress/7.0.2; https://kitchensolusion.com"
216.73.216.175 - - [29/Jul/2026:11:50:18 +0800] "GET /sitemap_index.xml HTTP/2" 200 317 "-" "Mozilla/5.0 AppleWebKit/537.36 (KHTML, like Gecko; compatible; ClaudeBot/1.0; +claudebot@anthropic.com)"
64.120.92.56 - - [29/Jul/2026:11:52:25 +0800] "POST /wp-cron.php?doing_wp_cron=1785297145.5728490352630615234375 HTTP/1.1" 200 0 "-" "WordPress/7.0.2; https://kitchensolusion.com"
198.244.240.107 - - [29/Jul/2026:11:52:24 +0800] "GET /wa-08111-9296-333-jual-beli-peralatan-dapur-restoran-stainless-bekas-di-cempaka-baru/feed/ HTTP/2" 304 0 "-" "Mozilla/5.0 (compatible; AhrefsBot/7.0; +http://ahrefs.com/robot/)"
54.38.147.71 - - [29/Jul/2026:11:54:43 +0800] "GET /chat-08111-9296-333-terima-jual-beli-borongan-barang-bekas-restoran-di-petamburan/feed/ HTTP/2" 304 0 "-" "Mozilla/5.0 (compatible; AhrefsBot/7.0; +http://ahrefs.com/robot/)"
64.120.92.56 - - [29/Jul/2026:11:57:36 +0800] "POST /wp-cron.php?doing_wp_cron=1785297456.5041990280151367187500 HTTP/1.1" 200 0 "-" "WordPress/7.0.2; https://kitchensolusion.com"
51.195.183.22 - - [29/Jul/2026:11:57:35 +0800] "GET /jual-beli-alat-kitchen-ex-restoran-di-kemayoran/feed/ HTTP/2" 304 0 "-" "Mozilla/5.0 (compatible; AhrefsBot/7.0; +http://ahrefs.com/robot/)"
17.241.227.208 - - [29/Jul/2026:11:59:29 +0800] "GET /robots.txt HTTP/2" 200 130 "-" "Mozilla/5.0 (Macintosh; Intel Mac OS X 10_15_7) AppleWebKit/605.1.15 (KHTML, like Gecko) Version/17.4 Safari/605.1.15 (Applebot/0.1; +http://www.apple.com/go/applebot)"
17.241.227.208 - - [29/Jul/2026:11:59:30 +0800] "GET /blog/page/172/ HTTP/2" 200 18010 "-" "Mozilla/5.0 (Macintosh; Intel Mac OS X 10_15_7) AppleWebKit/605.1.15 (KHTML, like Gecko) Version/17.4 Safari/605.1.15 (Applebot/0.1; +http://www.apple.com/go/applebot)"
17.241.227.142 - - [29/Jul/2026:11:59:49 +0800] "GET /wp-content/themes/landingpress-wp/style.css?ver=3.4.7.2 HTTP/2" 200 12863 "https://kitchensolusion.com/blog/page/172/" "Mozilla/5.0 (Macintosh; Intel Mac OS X 10_15_7) AppleWebKit/605.1.15 (KHTML, like Gecko) Version/17.4 Safari/605.1.15 (Applebot/0.1; +http://www.apple.com/go/applebot)"
17.241.227.142 - - [29/Jul/2026:11:59:49 +0800] "GET /wp-content/plugins/click-to-chat-for-whatsapp/new/inc/assets/css/main.css?ver=4.28 HTTP/2" 200 693 "https://kitchensolusion.com/blog/page/172/" "Mozilla/5.0 (Macintosh; Intel Mac OS X 10_15_7) AppleWebKit/605.1.15 (KHTML, like Gecko) Version/17.4 Safari/605.1.15 (Applebot/0.1; +http://www.apple.com/go/applebot)"
54.38.147.243 - - [29/Jul/2026:11:59:50 +0800] "GET /chat-08111-9296-333-terima-jual-beli-barang-bekas-restoran-di-beji/feed/ HTTP/2" 304 0 "-" "Mozilla/5.0 (compatible; AhrefsBot/7.0; +http://ahrefs.com/robot/)"
17.241.227.142 - - [29/Jul/2026:11:59:51 +0800] "GET /wp-content/plugins/click-to-chat-for-whatsapp/new/inc/assets/js/app.js?ver=4.28 HTTP/2" 200 3558 "https://kitchensolusion.com/blog/page/172/" "Mozilla/5.0 (Macintosh; Intel Mac OS X 10_15_7) AppleWebKit/605.1.15 (KHTML, like Gecko) Version/17.4 Safari/605.1.15 (Applebot/0.1; +http://www.apple.com/go/applebot)"
17.241.227.142 - - [29/Jul/2026:11:59:52 +0800] "GET /wp-content/themes/landingpress-wp/assets/js/script.min.js?ver=3.4.7.2 HTTP/2" 200 8720 "https://kitchensolusion.com/blog/page/172/" "Mozilla/5.0 (Macintosh; Intel Mac OS X 10_15_7) AppleWebKit/605.1.15 (KHTML, like Gecko) Version/17.4 Safari/605.1.15 (Applebot/0.1; +http://www.apple.com/go/applebot)"
17.241.227.142 - - [29/Jul/2026:11:59:54 +0800] "GET /wp-includes/js/jquery/jquery.min.js?ver=3.7.1 HTTP/2" 200 31405 "https://kitchensolusion.com/blog/page/172/" "Mozilla/5.0 (Macintosh; Intel Mac OS X 10_15_7) AppleWebKit/605.1.15 (KHTML, like Gecko) Version/17.4 Safari/605.1.15 (Applebot/0.1; +http://www.apple.com/go/applebot)"
17.241.227.142 - - [29/Jul/2026:11:59:55 +0800] "GET /wp-includes/js/jquery/jquery-migrate.min.js?ver=3.4.1 HTTP/2" 200 4999 "https://kitchensolusion.com/blog/page/172/" "Mozilla/5.0 (Macintosh; Intel Mac OS X 10_15_7) AppleWebKit/605.1.15 (KHTML, like Gecko) Version/17.4 Safari/605.1.15 (Applebot/0.1; +http://www.apple.com/go/applebot)"
64.120.92.56 - - [29/Jul/2026:12:02:38 +0800] "POST /wp-cron.php?doing_wp_cron=1785297758.8600139617919921875000 HTTP/1.1" 200 0 "-" "WordPress/7.0.2; https://kitchensolusion.com"
198.244.226.213 - - [29/Jul/2026:12:02:36 +0800] "GET /chat-08111-9296-333-terima-jual-beli-alat-restoran-bekas-di-petamburan/feed/ HTTP/2" 304 0 "-" "Mozilla/5.0 (compatible; AhrefsBot/7.0; +http://ahrefs.com/robot/)"
64.120.92.56 - - [29/Jul/2026:12:10:23 +0800] "POST /wp-cron.php?doing_wp_cron=1785298223.0545699596405029296875 HTTP/1.1" 200 0 "-" "WordPress/7.0.2; https://kitchensolusion.com"
216.73.216.175 - - [29/Jul/2026:12:10:22 +0800] "GET /robots.txt HTTP/2" 200 114 "-" "Mozilla/5.0 AppleWebKit/537.36 (KHTML, like Gecko; compatible; ClaudeBot/1.0; +claudebot@anthropic.com)"
216.73.216.175 - - [29/Jul/2026:12:10:23 +0800] "GET /?p=12134 HTTP/2" 301 0 "-" "Mozilla/5.0 AppleWebKit/537.36 (KHTML, like Gecko; compatible; ClaudeBot/1.0; +claudebot@anthropic.com)"
216.73.216.175 - - [29/Jul/2026:12:10:24 +0800] "GET /jual-beli-borongan-alat-kitchen-bekas-restoran-di-kabupaten-tangerang/jual-beli-borongan-alat-kitchen-bekas-restoran-di-cikupa/ HTTP/2" 200 13521 "https://kitchensolusion.com/?p=12134" "Mozilla/5.0 AppleWebKit/537.36 (KHTML, like Gecko; compatible; ClaudeBot/1.0; +claudebot@anthropic.com)"
64.120.92.56 - - [29/Jul/2026:12:13:10 +0800] "POST /wp-cron.php?doing_wp_cron=1785298390.2552120685577392578125 HTTP/1.1" 200 0 "-" "WordPress/7.0.2; https://kitchensolusion.com"
196.123.230.32 - - [29/Jul/2026:12:13:09 +0800] "GET /jual-beli-peralatan-restoran-bekas-di-sawah-besar/ HTTP/1.1" 200 17888 "-" "Mozilla/5.0 (Windows NT 10.0; Win64; x64) AppleWebKit/537.36 (KHTML, like Gecko) Chrome/131.0.6778.139 Safari/537.36"
220.181.108.104 - - [29/Jul/2026:12:13:50 +0800] "GET /wa-08111-9296-333-terima-jual-beli-borongan-bekas-restoran-di-cikokol/ HTTP/2" 200 17979 "-" "Mozilla/5.0 (compatible; Baiduspider/2.0; +http://www.baidu.com/search/spider.html)"
216.73.216.175 - - [29/Jul/2026:12:14:07 +0800] "GET /?p=4078 HTTP/2" 301 0 "-" "Mozilla/5.0 AppleWebKit/537.36 (KHTML, like Gecko; compatible; ClaudeBot/1.0; +claudebot@anthropic.com)"
216.73.216.175 - - [29/Jul/2026:12:14:08 +0800] "GET /chat-08111-9296-333-terima-jual-beli-borongan-kitchen-equipment-bekas-restoran-di-pancoran/ HTTP/2" 200 16017 "https://kitchensolusion.com/?p=4078" "Mozilla/5.0 AppleWebKit/537.36 (KHTML, like Gecko; compatible; ClaudeBot/1.0; +claudebot@anthropic.com)"
216.244.66.250 - - [29/Jul/2026:12:14:27 +0800] "GET /robots.txt HTTP/1.1" 200 177 "-" "Mozilla/5.0 (compatible; DotBot/1.2; +https://opensiteexplorer.org/dotbot; help@moz.com)"
116.179.37.47 - - [29/Jul/2026:12:15:04 +0800] "GET /wp-content/themes/landingpress-wp/assets/js/script.min.js?ver=3.4.7.2 HTTP/1.1" 200 8744 "https://kitchensolusion.com/wa-08111-9296-333-terima-jual-beli-borongan-bekas-restoran-di-cikokol/" "Mozilla/5.0 (compatible; Baiduspider-render/2.0; +http://www.baidu.com/search/spider.html)"
116.179.37.170 - - [29/Jul/2026:12:15:04 +0800] "GET /wp-includes/js/jquery/jquery.min.js?ver=3.7.1 HTTP/1.1" 200 30412 "https://kitchensolusion.com/wa-08111-9296-333-terima-jual-beli-borongan-bekas-restoran-di-cikokol/" "Mozilla/5.0 (compatible; Baiduspider-render/2.0; +http://www.baidu.com/search/spider.html)"
64.120.92.56 - - [29/Jul/2026:12:17:17 +0800] "POST /wp-cron.php?doing_wp_cron=1785298637.3484129905700683593750 HTTP/1.1" 200 0 "-" "WordPress/7.0.2; https://kitchensolusion.com"
216.73.216.175 - - [29/Jul/2026:12:17:16 +0800] "GET /?p=1764 HTTP/2" 301 0 "-" "Mozilla/5.0 AppleWebKit/537.36 (KHTML, like Gecko; compatible; ClaudeBot/1.0; +claudebot@anthropic.com)"
216.73.216.175 - - [29/Jul/2026:12:17:17 +0800] "GET /jual-beli-ex-resto-terdekat-di-duren-tiga/ HTTP/2" 200 15949 "https://kitchensolusion.com/?p=1764" "Mozilla/5.0 AppleWebKit/537.36 (KHTML, like Gecko; compatible; ClaudeBot/1.0; +claudebot@anthropic.com)"
66.249.66.168 - - [29/Jul/2026:12:17:27 +0800] "GET / HTTP/1.1" 200 13705 "-" "Mozilla/5.0 (compatible; Googlebot/2.1; +http://www.google.com/bot.html)"
66.249.66.77 - - [29/Jul/2026:12:17:32 +0800] "GET /wp-content/plugins/elementor/assets/js/webpack.runtime.min.js?ver=3.31.3 HTTP/1.1" 200 2528 "https://kitchensolusion.com/" "Mozilla/5.0 (compatible; Googlebot/2.1; +http://www.google.com/bot.html)"
66.249.71.205 - - [29/Jul/2026:12:17:32 +0800] "GET /wp-includes/js/jquery/jquery.min.js?ver=3.7.1 HTTP/1.1" 200 31405 "https://kitchensolusion.com/" "Mozilla/5.0 (compatible; Googlebot/2.1; +http://www.google.com/bot.html)"
66.249.66.35 - - [29/Jul/2026:12:17:33 +0800] "GET /wp-content/plugins/elementor/assets/css/widget-image-carousel.min.css?ver=3.31.3 HTTP/1.1" 200 178 "https://kitchensolusion.com/" "Mozilla/5.0 (compatible; Googlebot/2.1; +http://www.google.com/bot.html)"
66.249.66.169 - - [29/Jul/2026:12:17:33 +0800] "GET /wp-content/uploads/elementor/google-fonts/css/robotoslab.css?ver=1756880824 HTTP/1.1" 200 772 "https://kitchensolusion.com/" "Mozilla/5.0 (compatible; Googlebot/2.1; +http://www.google.com/bot.html)"
66.249.71.206 - - [29/Jul/2026:12:17:33 +0800] "GET /wp-content/plugins/elementor/assets/lib/eicons/css/elementor-icons.min.css?ver=5.43.0 HTTP/1.1" 200 4195 "https://kitchensolusion.com/" "Mozilla/5.0 (compatible; Googlebot/2.1; +http://www.google.com/bot.html)"
66.249.66.168 - - [29/Jul/2026:12:17:33 +0800] "GET /wp-content/plugins/elementor/assets/css/widget-heading.min.css?ver=3.31.3 HTTP/1.1" 200 162 "https://kitchensolusion.com/" "Mozilla/5.0 (compatible; Googlebot/2.1; +http://www.google.com/bot.html)"
66.249.71.206 - - [29/Jul/2026:12:17:33 +0800] "GET /wp-content/uploads/elementor/google-fonts/css/roboto.css?ver=1756880823 HTTP/1.1" 200 2007 "https://kitchensolusion.com/" "Mozilla/5.0 (compatible; Googlebot/2.1; +http://www.google.com/bot.html)"
66.249.66.35 - - [29/Jul/2026:12:17:34 +0800] "GET /wp-content/plugins/elementor/assets/css/conditionals/e-swiper.min.css?ver=3.31.3 HTTP/1.1" 200 753 "https://kitchensolusion.com/" "Mozilla/5.0 (compatible; Googlebot/2.1; +http://www.google.com/bot.html)"
66.249.71.206 - - [29/Jul/2026:12:17:34 +0800] "GET /wp-content/plugins/elementor/assets/js/frontend-modules.min.js?ver=3.31.3 HTTP/1.1" 200 16108 "https://kitchensolusion.com/" "Mozilla/5.0 (compatible; Googlebot/2.1; +http://www.google.com/bot.html)"
66.249.66.168 - - [29/Jul/2026:12:17:36 +0800] "GET /wp-includes/js/jquery/jquery-migrate.min.js?ver=3.4.1 HTTP/1.1" 200 4999 "https://kitchensolusion.com/" "Mozilla/5.0 (compatible; Googlebot/2.1; +http://www.google.com/bot.html)"
66.249.71.205 - - [29/Jul/2026:12:17:37 +0800] "GET /wp-content/plugins/elementor/assets/css/frontend.min.css?ver=3.31.3 HTTP/1.1" 200 7350 "https://kitchensolusion.com/" "Mozilla/5.0 (compatible; Googlebot/2.1; +http://www.google.com/bot.html)"
66.249.71.205 - - [29/Jul/2026:12:17:37 +0800] "GET /wp-content/themes/landingpress-wp/style.css?ver=3.4.7.2 HTTP/1.1" 200 12863 "https://kitchensolusion.com/" "Mozilla/5.0 (compatible; Googlebot/2.1; +http://www.google.com/bot.html)"
66.249.66.168 - - [29/Jul/2026:12:17:38 +0800] "GET /wp-content/plugins/elementor/assets/css/widget-image.min.css?ver=3.31.3 HTTP/1.1" 200 131 "https://kitchensolusion.com/" "Mozilla/5.0 (compatible; Googlebot/2.1; +http://www.google.com/bot.html)"
66.249.66.205 - - [29/Jul/2026:12:17:38 +0800] "GET /wp-content/plugins/elementor/assets/lib/swiper/v8/css/swiper.min.css?ver=8.4.5 HTTP/1.1" 200 4544 "https://kitchensolusion.com/" "Mozilla/5.0 (compatible; Googlebot/2.1; +http://www.google.com/bot.html)"
66.249.66.168 - - [29/Jul/2026:12:17:38 +0800] "GET /wp-content/plugins/elementor/assets/css/widget-divider.min.css?ver=3.31.3 HTTP/1.1" 200 766 "https://kitchensolusion.com/" "Mozilla/5.0 (compatible; Googlebot/2.1; +http://www.google.com/bot.html)"
66.249.71.205 - - [29/Jul/2026:12:17:39 +0800] "GET /wp-content/plugins/click-to-chat-for-whatsapp/new/inc/assets/css/main.css?ver=4.28 HTTP/1.1" 200 693 "https://kitchensolusion.com/" "Mozilla/5.0 (compatible; Googlebot/2.1; +http://www.google.com/bot.html)"
66.249.66.168 - - [29/Jul/2026:12:17:40 +0800] "GET /wp-includes/js/jquery/ui/core.min.js?ver=1.13.3 HTTP/1.1" 200 7257 "https://kitchensolusion.com/" "Mozilla/5.0 (compatible; Googlebot/2.1; +http://www.google.com/bot.html)"
66.249.66.14 - - [29/Jul/2026:12:17:44 +0800] "GET /wp-content/plugins/elementor/assets/js/frontend.min.js?ver=3.31.3 HTTP/1.1" 200 11088 "https://kitchensolusion.com/" "Mozilla/5.0 (compatible; Googlebot/2.1; +http://www.google.com/bot.html)"
66.249.66.168 - - [29/Jul/2026:12:17:45 +0800] "GET /wp-content/themes/landingpress-wp/assets/js/script.min.js?ver=3.4.7.2 HTTP/1.1" 200 8720 "https://kitchensolusion.com/" "Mozilla/5.0 (compatible; Googlebot/2.1; +http://www.google.com/bot.html)"
66.249.66.168 - - [29/Jul/2026:12:17:45 +0800] "GET /wp-content/plugins/elementor/assets/lib/swiper/v8/swiper.min.js?ver=8.4.5 HTTP/1.1" 200 40868 "https://kitchensolusion.com/" "Mozilla/5.0 (compatible; Googlebot/2.1; +http://www.google.com/bot.html)"
66.249.66.168 - - [29/Jul/2026:12:17:45 +0800] "GET /wp-content/plugins/click-to-chat-for-whatsapp/new/inc/assets/js/app.js?ver=4.28 HTTP/1.1" 200 3558 "https://kitchensolusion.com/" "Mozilla/5.0 (compatible; Googlebot/2.1; +http://www.google.com/bot.html)"
66.249.66.168 - - [29/Jul/2026:12:17:47 +0800] "GET /wp-content/plugins/elementor/assets/js/section-frontend-handlers.d85ab872da118940910d.bundle.min.js HTTP/1.1" 200 281 "https://kitchensolusion.com/" "Mozilla/5.0 (compatible; Googlebot/2.1; +http://www.google.com/bot.html)"
66.249.71.205 - - [29/Jul/2026:12:17:51 +0800] "GET /wp-content/plugins/elementor/assets/js/text-editor.abc8f59c62f2820dc25a.bundle.min.js HTTP/1.1" 200 672 "https://kitchensolusion.com/" "Mozilla/5.0 (compatible; Googlebot/2.1; +http://www.google.com/bot.html)"
66.249.66.77 - - [29/Jul/2026:12:17:52 +0800] "GET /wp-content/plugins/elementor/assets/js/shared-frontend-handlers.4c8abccc3e268b0767b2.bundle.min.js HTTP/1.1" 200 2747 "https://kitchensolusion.com/" "Mozilla/5.0 (compatible; Googlebot/2.1; +http://www.google.com/bot.html)"
216.73.216.175 - - [29/Jul/2026:12:18:39 +0800] "GET /?p=2064 HTTP/2" 301 0 "-" "Mozilla/5.0 AppleWebKit/537.36 (KHTML, like Gecko; compatible; ClaudeBot/1.0; +claudebot@anthropic.com)"
216.73.216.175 - - [29/Jul/2026:12:18:40 +0800] "GET /wa-08111-9296-333-jual-beli-barang-bekas-restoran-di-cirendeu/ HTTP/2" 200 15911 "https://kitchensolusion.com/?p=2064" "Mozilla/5.0 AppleWebKit/537.36 (KHTML, like Gecko; compatible; ClaudeBot/1.0; +claudebot@anthropic.com)"
54.87.72.71 - - [29/Jul/2026:12:19:13 +0800] "GET /robots.txt HTTP/1.1" 200 130 "-" "Mozilla/5.0 (Macintosh; Intel Mac OS X 10_10_1) AppleWebKit/600.2.5 (KHTML, like Gecko) Version/8.0.2 Safari/600.2.5 (Gort)"
40.77.167.20 - - [29/Jul/2026:12:20:10 +0800] "GET /chat-08111-9296-333-terima-jual-beli-equipment-restoran-hotel-di-bekasi-utara/ HTTP/2" 200 15941 "-" "Mozilla/5.0 AppleWebKit/537.36 (KHTML, like Gecko; compatible; bingbot/2.0; +http://www.bing.com/bingbot.htm) Chrome/116.0.1938.76 Safari/537.36"
64.120.92.56 - - [29/Jul/2026:12:21:50 +0800] "POST /wp-cron.php?doing_wp_cron=1785298910.4299380779266357421875 HTTP/1.1" 200 0 "-" "WordPress/7.0.2; https://kitchensolusion.com"
216.73.216.175 - - [29/Jul/2026:12:21:49 +0800] "GET /?p=4075 HTTP/2" 301 0 "-" "Mozilla/5.0 AppleWebKit/537.36 (KHTML, like Gecko; compatible; ClaudeBot/1.0; +claudebot@anthropic.com)"
216.73.216.175 - - [29/Jul/2026:12:21:51 +0800] "GET /chat-08111-9296-333-terima-jual-beli-borongan-peralatan-restoran-bekas-di-pancoran/ HTTP/2" 200 16002 "https://kitchensolusion.com/?p=4075" "Mozilla/5.0 AppleWebKit/537.36 (KHTML, like Gecko; compatible; ClaudeBot/1.0; +claudebot@anthropic.com)"
51.195.244.134 - - [29/Jul/2026:12:23:04 +0800] "GET /chat-08111-9296-333-terima-jual-beli-borongan-kitchen-equipment-bekas-restoran-di-petamburan/feed/ HTTP/2" 304 0 "-" "Mozilla/5.0 (compatible; AhrefsBot/7.0; +http://ahrefs.com/robot/)"
216.244.66.250 - - [29/Jul/2026:12:24:15 +0800] "GET /jual-barang-bekas-restoran-di-kebon-jeruk/feed/ HTTP/1.1" 200 958 "-" "Mozilla/5.0 (compatible; DotBot/1.2; +https://opensiteexplorer.org/dotbot; help@moz.com)"
216.244.66.250 - - [29/Jul/2026:12:24:21 +0800] "GET /jual-beli-barang-bekas-restoran-di-cipayung/feed/ HTTP/1.1" 200 964 "-" "Mozilla/5.0 (compatible; DotBot/1.2; +https://opensiteexplorer.org/dotbot; help@moz.com)"
